000
CDUS45 KREV 230043
CLIRNO


CLIMATE REPORT
NATIONAL WEATHER SERVICE RENO NV
443 PM PST THU FEB 22 2018


...................................

...THE RENO-TAHOE INTL AIRPORT NV CLIMATE SUMMARY FOR FEBRUARY 22 2018...
VALID TODAY AS OF 0400 PM LOCAL TIME.

CLIMATE NORMAL PERIOD 1981 TO 2010
CLIMATE RECORD PERIOD 1888 TO 2018


WEATHER ITEM   OBSERVED TIME   RECORD YEAR NORMAL DEPARTURE LAST
                VALUE   (LST)  VALUE       VALUE  FROM      YEAR
                                                  NORMAL
..................................................................
TEMPERATURE (F)
 TODAY
  MAXIMUM         38   1150 AM  73    2002  53    -15       43
  MINIMUM         27    149 PM -12    1897  30     -3       26
  AVERAGE         33                        42     -9       35

PRECIPITATION (IN)
  TODAY            0.03          0.67 1904   0.04  -0.01     0.05
  MONTH TO DATE    0.16                      0.78  -0.62     3.38
  SINCE OCT 1      2.40                      4.17  -1.77    12.74
  SINCE JAN 1      0.83                      1.81  -0.98     8.95

SNOWFALL (IN)
  TODAY            0.4           3.3  1944   0.2    0.2      0.6
  MONTH TO DATE    1.9                       3.9   -2.0      3.7
  SINCE DEC 1      2.9                      14.4  -11.5     23.4
  SINCE JUL 1      2.9                      17.9  -15.0     24.0
  SNOW DEPTH       T

DEGREE DAYS
 HEATING
  TODAY           32                        23      9       30
  MONTH TO DATE  546                       565    -19      464
  SINCE DEC 1   2118                      2399   -281     2304
  SINCE JUL 1   3058                      3502   -444     3182

 COOLING
  TODAY            0                         0      0        0
  MONTH TO DATE    0                         0      0        0
  SINCE DEC 1      0                         0      0        0
  SINCE JAN 1      0                         0      0        0
..................................................................


WIND (MPH)
  RESULTANT WIND SPEED   5   RESULTANT WIND DIRECTION  NW (300)
  HIGHEST WIND SPEED    25   HIGHEST WIND DIRECTION    NW (320)
  HIGHEST GUST SPEED    33   HIGHEST GUST DIRECTION    NW (320)
  AVERAGE WIND SPEED     7.7



WEATHER CONDITIONS
 THE FOLLOWING WEATHER WAS RECORDED TODAY.
  SNOW
  LIGHT SNOW
  FOG
  HAZE


RELATIVE HUMIDITY (PERCENT)
 HIGHEST    78           200 PM
 LOWEST     35           300 AM
 AVERAGE    57

..........................................................


THE RENO-TAHOE INTL AIRPORT NV CLIMATE NORMALS FOR TOMORROW
                         NORMAL    RECORD    YEAR
 MAXIMUM TEMPERATURE (F)   53        71      1995
 MINIMUM TEMPERATURE (F)   30       -11      1897


SUNRISE AND SUNSET
FEBRUARY 22 2018......SUNRISE   642 AM PST   SUNSET   544 PM PST
FEBRUARY 23 2018......SUNRISE   640 AM PST   SUNSET   545 PM PST


-  INDICATES NEGATIVE NUMBERS.
R  INDICATES RECORD WAS SET OR TIED.
MM INDICATES DATA IS MISSING.
T  INDICATES TRACE AMOUNT.




$$
