000
CDUS45 KREV 110109 CCA
CLIRNO

CLIMATE REPORT
NATIONAL WEATHER SERVICE RENO NV
455 PM PST SAT DEC 10 2016


...................................

...THE RENO TAHOE AIRPORT NV CLIMATE SUMMARY FOR DECEMBER 10 2016...
VALID TODAY AS OF 0400 PM LOCAL TIME.

CLIMATE NORMAL PERIOD 1981 TO 2010
CLIMATE RECORD PERIOD 1888 TO 2016


WEATHER ITEM   OBSERVED TIME   RECORD YEAR NORMAL DEPARTURE LAST
                VALUE   (LST)  VALUE       VALUE  FROM      YEAR
                                                  NORMAL
..................................................................
TEMPERATURE (F)
 TODAY
  MAXIMUM         54   1201 AM  67    1993  46     +8       57
  MINIMUM         46    324 PM -11    1972  25    +21       33
  AVERAGE         50                        36    +14       45

PRECIPITATION (IN)
  TODAY            0.22          1.13 1929   0.03   0.19     0.26
  MONTH TO DATE    0.26                      0.31  -0.05     0.26
  SINCE OCT 1      2.84                      1.64   1.20     3.46
  SINCE JAN 1      8.09                      6.68   1.41     8.03

SNOWFALL (IN)
  TODAY            0.0           3.7  1914   0.1   -0.1      0.7
  MONTH TO DATE    0.8                       1.1   -0.3      0.7
  SINCE DEC 1      0.8                       1.1   -0.3      0.7
  SINCE JUL 1      1.4                       4.6   -3.2      5.8
  SNOW DEPTH       0

DEGREE DAYS
 HEATING
  TODAY           15                        29    -14       20
  MONTH TO DATE  242                       284    -42      220
  SINCE DEC 1    242                       284    -42      220
  SINCE JUL 1   1120                      1387   -267     1213

 COOLING
  TODAY            0                         0      0        0
  MONTH TO DATE    0                         0      0        0
  SINCE DEC 1      0                         0      0        0
  SINCE JAN 1   1088                       839    249     1194
..................................................................


WIND (MPH)
  RESULTANT WIND SPEED   7   RESULTANT WIND DIRECTION   S (170)
  HIGHEST WIND SPEED    24   HIGHEST WIND DIRECTION     S (180)
  HIGHEST GUST SPEED    36   HIGHEST GUST DIRECTION     S (180)
  AVERAGE WIND SPEED    11.5



WEATHER CONDITIONS
 THE FOLLOWING WEATHER WAS RECORDED TODAY.
  RAIN
  LIGHT RAIN


RELATIVE HUMIDITY (PERCENT)
 HIGHEST    82           800 AM
 LOWEST     50          1200 AM
 AVERAGE    66

..........................................................


THE RENO TAHOE AIRPORT NV CLIMATE NORMALS FOR TOMORROW
                         NORMAL    RECORD    YEAR
 MAXIMUM TEMPERATURE (F)   46        64      2012
 MINIMUM TEMPERATURE (F)   25       -15      1972


SUNRISE AND SUNSET
DECEMBER 10 2016......SUNRISE   709 AM PST   SUNSET   435 PM PST
DECEMBER 11 2016......SUNRISE   710 AM PST   SUNSET   436 PM PST


-  INDICATES NEGATIVE NUMBERS.
R  INDICATES RECORD WAS SET OR TIED.
MM INDICATES DATA IS MISSING.
T  INDICATES TRACE AMOUNT.




$$
