000
CDUS45 KREV 010848
CLIRNO


CLIMATE REPORT
NATIONAL WEATHER SERVICE RENO NV
1247 AM PST WED MAR 1 2017


...................................

...THE RENO TAHOE AIRPORT NV CLIMATE SUMMARY FOR FEBRUARY 28 2017...

CLIMATE NORMAL PERIOD 1981 TO 2010
CLIMATE RECORD PERIOD 1888 TO 2017


WEATHER ITEM   OBSERVED TIME   RECORD YEAR NORMAL DEPARTURE LAST
                VALUE   (LST)  VALUE       VALUE  FROM      YEAR
                                                  NORMAL
..................................................................
TEMPERATURE (F)
 YESTERDAY
  MAXIMUM         45    253 PM  75    1986  55    -10       66
  MINIMUM         25    655 AM  -7    1955  31     -6       34
  AVERAGE         35                        43     -8       50

PRECIPITATION (IN)
  YESTERDAY        0.00          0.43 1940   0.04  -0.04     0.00
  MONTH TO DATE    3.42                      1.02   2.40     0.42
  SINCE OCT 1     12.78                      4.41   8.37     6.07
  SINCE JAN 1      8.99                      2.05   6.94     2.12

SNOWFALL (IN)
  YESTERDAY        0.0           2.4  1958   0.2   -0.2      0.0
  MONTH TO DATE    3.8                       5.0   -1.2      1.2
  SINCE DEC 1     23.5                      15.5    8.0     19.0
  SINCE JUL 1     24.1                      19.0    5.1     24.1
  SNOW DEPTH       0

DEGREE DAYS
 HEATING
  YESTERDAY       30                        22      8       15
  MONTH TO DATE  655                       701    -46      593
  SINCE DEC 1   2495                      2535    -40     2328
  SINCE JUL 1   3373                      3638   -265     3321

 COOLING
  YESTERDAY        0                         0      0        0
  MONTH TO DATE    0                         0      0        0
  SINCE DEC 1      0                         0      0        0
  SINCE JAN 1      0                         0      0        0
..................................................................


WIND (MPH)
  RESULTANT WIND SPEED   3   RESULTANT WIND DIRECTION   N (350)
  HIGHEST WIND SPEED    17   HIGHEST WIND DIRECTION     N (10)
  HIGHEST GUST SPEED    22   HIGHEST GUST DIRECTION     N (360)
  AVERAGE WIND SPEED     5.7



WEATHER CONDITIONS
 THE FOLLOWING WEATHER WAS RECORDED YESTERDAY.
  NO SIGNIFICANT WEATHER WAS OBSERVED.


RELATIVE HUMIDITY (PERCENT)
 HIGHEST    68           625 AM
 LOWEST     22           220 PM
 AVERAGE    45

..........................................................


THE RENO TAHOE AIRPORT NV CLIMATE NORMALS FOR TODAY
                         NORMAL    RECORD    YEAR
 MAXIMUM TEMPERATURE (F)   55        72      1934
 MINIMUM TEMPERATURE (F)   31         3      1971


SUNRISE AND SUNSET
MARCH  1 2017.........SUNRISE   632 AM PST   SUNSET   552 PM PST
MARCH  2 2017.........SUNRISE   630 AM PST   SUNSET   553 PM PST


-  INDICATES NEGATIVE NUMBERS.
R  INDICATES RECORD WAS SET OR TIED.
MM INDICATES DATA IS MISSING.
T  INDICATES TRACE AMOUNT.




$$
