000
CDUS45 KREV 300859
CLIRNO


CLIMATE REPORT
NATIONAL WEATHER SERVICE RENO NV
158 AM PDT SUN APR 30 2017


...................................

...THE RENO-TAHOE INTL AIRPORT NV CLIMATE SUMMARY FOR APRIL 29 2017...

CLIMATE NORMAL PERIOD 1981 TO 2010
CLIMATE RECORD PERIOD 1888 TO 2017


WEATHER ITEM   OBSERVED TIME   RECORD YEAR NORMAL DEPARTURE LAST
                VALUE   (LST)  VALUE       VALUE  FROM      YEAR
                                                  NORMAL
..................................................................
TEMPERATURE (F)
 YESTERDAY
  MAXIMUM         67    435 PM  86    1981  68     -1       69
  MINIMUM         34    530 AM  21    1975  41     -7       40
  AVERAGE         51                        54     -3       55

PRECIPITATION (IN)
  YESTERDAY        0.00          0.52 2002   0.01  -0.01     0.16
  MONTH TO DATE    0.68                      0.45   0.23     0.96
  SINCE OCT 1     14.33                      5.62   8.71     8.00
  SINCE JAN 1     10.54                      3.26   7.28     4.05

SNOWFALL (IN)
  YESTERDAY        0.0           T    2011   0.0    0.0      0.0
                                      2010
                                      1983
  MONTH TO DATE    T                         0.5   -0.5       T
  SINCE MAR 1      2.9                       2.5    0.4      6.8
  SINCE JUL 1     27.0                      21.5    5.5     30.9
  SNOW DEPTH       0

DEGREE DAYS
 HEATING
  YESTERDAY       14                        11      3       10
  MONTH TO DATE  387                       416    -29      284
  SINCE MAR 1    888                      1014   -126      795
  SINCE JUL 1   4261                      4652   -391     4132

 COOLING
  YESTERDAY        0                         0      0        0
  MONTH TO DATE    0                         0      0        0
  SINCE MAR 1      0                         0      0        0
  SINCE JAN 1      0                         0      0        0
..................................................................


WIND (MPH)
  RESULTANT WIND SPEED   2   RESULTANT WIND DIRECTION   E (90)
  HIGHEST WIND SPEED    14   HIGHEST WIND DIRECTION     S (160)
  HIGHEST GUST SPEED    17   HIGHEST GUST DIRECTION     E (70)
  AVERAGE WIND SPEED     4.0



WEATHER CONDITIONS
 THE FOLLOWING WEATHER WAS RECORDED YESTERDAY.
  NO SIGNIFICANT WEATHER WAS OBSERVED.


RELATIVE HUMIDITY (PERCENT)
 HIGHEST    52           500 AM
 LOWEST     12           500 PM
 AVERAGE    32

..........................................................


THE RENO-TAHOE INTL AIRPORT NV CLIMATE NORMALS FOR TODAY
                         NORMAL    RECORD    YEAR
 MAXIMUM TEMPERATURE (F)   68        89      1981
 MINIMUM TEMPERATURE (F)   41        20      1962


SUNRISE AND SUNSET
APRIL 30 2017.........SUNRISE   601 AM PDT   SUNSET   752 PM PDT
MAY  1 2017...........SUNRISE   600 AM PDT   SUNSET   753 PM PDT


-  INDICATES NEGATIVE NUMBERS.
R  INDICATES RECORD WAS SET OR TIED.
MM INDICATES DATA IS MISSING.
T  INDICATES TRACE AMOUNT.




$$
