000
CDUS45 KREV 230836
CLIRNO


CLIMATE REPORT
NATIONAL WEATHER SERVICE RENO NV
136 AM PDT WED APR 23 2014


...................................

...THE RENO TAHOE AIRPORT NV CLIMATE SUMMARY FOR APRIL 22 2014...

CLIMATE NORMAL PERIOD 1981 TO 2010
CLIMATE RECORD PERIOD 1888 TO 2014


WEATHER ITEM   OBSERVED TIME   RECORD YEAR NORMAL DEPARTURE LAST
                VALUE   (LST)  VALUE       VALUE  FROM      YEAR
                                                  NORMAL
..................................................................
TEMPERATURE (F)
 YESTERDAY
  MAXIMUM         56    153 PM  90    2012  66    -10       71
  MINIMUM         43   1159 PM  16    1968  39      4       46
                                      1896
  AVERAGE         50                        52     -2       59

PRECIPITATION (IN)
  YESTERDAY        T             1.00 1931   0.01  -0.01     0.00
  MONTH TO DATE    T                         0.34  -0.34     0.23
  SINCE OCT 1      2.11                      5.51  -3.40     3.68
  SINCE JAN 1      1.15                      3.15  -2.00     0.64

SNOWFALL (IN)
  YESTERDAY        0.0           4.0  1964   0.0    0.0      0.0
  MONTH TO DATE    T                         0.4   -0.4       T
  SINCE MAR 1      T                         2.4   -2.4      0.1
  SINCE JUL 1      6.2                      21.4  -15.2      9.4
  SNOW DEPTH       0

DEGREE DAYS
 HEATING
  YESTERDAY       15                        13      2        6
  MONTH TO DATE  209                       334   -125      290
  SINCE MAR 1    719                       932   -213      767
  SINCE JUL 1   4303                      4570   -267     4251

 COOLING
  YESTERDAY        0                         0      0        0
  MONTH TO DATE    0                         0      0        0
  SINCE MAR 1      0                         0      0        0
  SINCE JAN 1      0                         0      0        0
..................................................................


WIND (MPH)
  RESULTANT WIND SPEED  15   RESULTANT WIND DIRECTION   W (270)
  HIGHEST WIND SPEED    48   HIGHEST WIND DIRECTION    SW (230)
  HIGHEST GUST SPEED    62   HIGHEST GUST DIRECTION    SW (220)
  AVERAGE WIND SPEED    19.6



WEATHER CONDITIONS
 THE FOLLOWING WEATHER WAS RECORDED YESTERDAY.
  NO SIGNIFICANT WEATHER WAS OBSERVED.


RELATIVE HUMIDITY (PERCENT)
 HIGHEST    58           400 AM
 LOWEST     22           100 PM
 AVERAGE    40

..........................................................


THE RENO TAHOE AIRPORT NV CLIMATE NORMALS FOR TODAY
                         NORMAL    RECORD    YEAR
 MAXIMUM TEMPERATURE (F)   66        84      1910
 MINIMUM TEMPERATURE (F)   39        19      1963
                                             1958


SUNRISE AND SUNSET
APRIL 23 2014.........SUNRISE   610 AM PDT   SUNSET   745 PM PDT
APRIL 24 2014.........SUNRISE   609 AM PDT   SUNSET   746 PM PDT


-  INDICATES NEGATIVE NUMBERS.
R  INDICATES RECORD WAS SET OR TIED.
MM INDICATES DATA IS MISSING.
T  INDICATES TRACE AMOUNT.




$$
