000
CDUS45 KREV 010038
CLIRNO


CLIMATE REPORT
NATIONAL WEATHER SERVICE RENO NV
537 PM PDT WED AUG 31 2016


...................................

...THE RENO TAHOE AIRPORT NV CLIMATE SUMMARY FOR AUGUST 31 2016...
VALID TODAY AS OF 0500 PM LOCAL TIME.

CLIMATE NORMAL PERIOD 1981 TO 2010
CLIMATE RECORD PERIOD 1888 TO 2016


WEATHER ITEM   OBSERVED TIME   RECORD YEAR NORMAL DEPARTURE LAST
                VALUE   (LST)  VALUE       VALUE  FROM      YEAR
                                                  NORMAL
..................................................................
TEMPERATURE (F)
 TODAY
  MAXIMUM         91    159 PM 100    1976  87      4       91
  MINIMUM         64    611 AM  31    1966  53     11       52
  AVERAGE         78                        70      8       72

PRECIPITATION (IN)
  TODAY            0.00          0.23 1907   0.01  -0.01     0.00
  MONTH TO DATE    0.04                      0.23  -0.19     0.11
  SINCE OCT 1      9.20                      7.05   2.15     5.83
  SINCE JAN 1      5.25                      4.69   0.56     4.41

SNOWFALL (IN)
  TODAY            0.0           0.0    MM   0.0    0.0      0.0
  MONTH TO DATE    0.0                       0.0    0.0      0.0
  SINCE JUN 1      0.0                       T      0.0      0.0
  SINCE JUL 1      0.0                       0.0    0.0      0.0
  SNOW DEPTH       0

DEGREE DAYS
 HEATING
  TODAY            0                         1     -1        0
  MONTH TO DATE    0                         2     -2        0
  SINCE JUN 1     15                        66    -51        8
  SINCE JUL 1      0                        10    -10        1

 COOLING
  TODAY           13                         5      8        7
  MONTH TO DATE  342                       259     83      351
  SINCE JUN 1    965                       709    256      960
  SINCE JAN 1    993                       746    247      994
..................................................................


WIND (MPH)
  RESULTANT WIND SPEED   6   RESULTANT WIND DIRECTION  SW (230)
  HIGHEST WIND SPEED    29   HIGHEST WIND DIRECTION    SW (220)
  HIGHEST GUST SPEED    36   HIGHEST GUST DIRECTION    SW (210)
  AVERAGE WIND SPEED     9.3



WEATHER CONDITIONS
 THE FOLLOWING WEATHER WAS RECORDED TODAY.
  NO SIGNIFICANT WEATHER WAS OBSERVED.


RELATIVE HUMIDITY (PERCENT)
 HIGHEST    31           600 AM
 LOWEST     11           200 PM
 AVERAGE    21

..........................................................


THE RENO TAHOE AIRPORT NV CLIMATE NORMALS FOR TOMORROW
                         NORMAL    RECORD    YEAR
 MAXIMUM TEMPERATURE (F)   87        99      1950
 MINIMUM TEMPERATURE (F)   53        32      1966
                                             1964
                                             1960


SUNRISE AND SUNSET
AUGUST 31 2016........SUNRISE   627 AM PDT   SUNSET   731 PM PDT
SEPTEMBER  1 2016.....SUNRISE   628 AM PDT   SUNSET   729 PM PDT


-  INDICATES NEGATIVE NUMBERS.
R  INDICATES RECORD WAS SET OR TIED.
MM INDICATES DATA IS MISSING.
T  INDICATES TRACE AMOUNT.




$$
