000
CDUS45 KREV 270040
CLIRNO


CLIMATE REPORT
NATIONAL WEATHER SERVICE RENO NV
440 PM PST MON JAN 26 2015


...................................

...THE RENO TAHOE AIRPORT NV CLIMATE SUMMARY FOR JANUARY 26 2015...
VALID TODAY AS OF 0400 PM LOCAL TIME.

CLIMATE NORMAL PERIOD 1981 TO 2010
CLIMATE RECORD PERIOD 1888 TO 2015


WEATHER ITEM   OBSERVED TIME   RECORD YEAR NORMAL DEPARTURE LAST
                VALUE   (LST)  VALUE       VALUE  FROM      YEAR
                                                  NORMAL
..................................................................
TEMPERATURE (F)
 TODAY
  MAXIMUM         62    352 PM  67    1987  47     15       59
  MINIMUM         28    748 AM -15    1949  26      2       21
  AVERAGE         45                        36      9       40

PRECIPITATION (IN)
  TODAY            0.00          0.67 1956   0.03  -0.03     0.00
  MONTH TO DATE    0.00                      0.89  -0.89      T
  SINCE OCT 1      1.42                      3.25  -1.83     0.96
  SINCE JAN 1      0.00                      0.89  -0.89      T

SNOWFALL (IN)
  TODAY            0.0           5.5  1956   0.2   -0.2      0.0
  MONTH TO DATE    0.0                       5.1   -5.1      0.0
  SINCE DEC 1      2.2                      10.0   -7.8      4.3
  SINCE JUL 1      2.2                      13.5  -11.3      4.7
  SNOW DEPTH       0

DEGREE DAYS
 HEATING
  TODAY           20                        29     -9       25
  MONTH TO DATE  646                       772   -126      679
  SINCE DEC 1   1412                      1693   -281     1795
  SINCE JUL 1   2237                      2796   -559     2913

 COOLING
  TODAY            0                         0      0        0
  MONTH TO DATE    0                         0      0        0
  SINCE DEC 1      0                         0      0        0
  SINCE JAN 1      0                         0      0        0
..................................................................


WIND (MPH)
  RESULTANT WIND SPEED   1   RESULTANT WIND DIRECTION   W (280)
  HIGHEST WIND SPEED     5   HIGHEST WIND DIRECTION    NW (310)
  HIGHEST GUST SPEED     9   HIGHEST GUST DIRECTION     W (270)
  AVERAGE WIND SPEED     1.4



WEATHER CONDITIONS
 THE FOLLOWING WEATHER WAS RECORDED TODAY.
  NO SIGNIFICANT WEATHER WAS OBSERVED.


RELATIVE HUMIDITY (PERCENT)
 HIGHEST    85           700 AM
 LOWEST     29           300 PM
 AVERAGE    57

..........................................................


THE RENO TAHOE AIRPORT NV CLIMATE NORMALS FOR TOMORROW
                         NORMAL    RECORD    YEAR
 MAXIMUM TEMPERATURE (F)   47        64      1987
 MINIMUM TEMPERATURE (F)   26        -7      1890


SUNRISE AND SUNSET
JANUARY 26 2015.......SUNRISE   712 AM PST   SUNSET   512 PM PST
JANUARY 27 2015.......SUNRISE   711 AM PST   SUNSET   513 PM PST


-  INDICATES NEGATIVE NUMBERS.
R  INDICATES RECORD WAS SET OR TIED.
MM INDICATES DATA IS MISSING.
T  INDICATES TRACE AMOUNT.




$$
