000
CDUS45 KREV 300836
CLIRNO


CLIMATE REPORT
NATIONAL WEATHER SERVICE RENO NV
135 AM PDT SAT MAY 30 2015


...................................

...THE RENO TAHOE AIRPORT NV CLIMATE SUMMARY FOR MAY 29 2015...

CLIMATE NORMAL PERIOD 1981 TO 2010
CLIMATE RECORD PERIOD 1888 TO 2015


WEATHER ITEM   OBSERVED TIME   RECORD YEAR NORMAL DEPARTURE LAST
                VALUE   (LST)  VALUE       VALUE  FROM      YEAR
                                                  NORMAL
..................................................................
TEMPERATURE (F)
 YESTERDAY
  MAXIMUM         90    300 PM  96    1986  78     12       76
  MINIMUM         56    421 AM  28    1895  49      7       45
  AVERAGE         73                        63     10       61

PRECIPITATION (IN)
  YESTERDAY        0.00          1.02 1896   0.02  -0.02     0.00
  MONTH TO DATE    1.01                      0.46   0.55     0.54
  SINCE OCT 1      4.28                      6.10  -1.82     2.96
  SINCE JAN 1      2.86                      3.74  -0.88     2.00

SNOWFALL (IN)
  YESTERDAY        0.0           0.0    MM   0.0    0.0      0.0
  MONTH TO DATE    T                         0.3   -0.3       T
  SINCE MAR 1      T                         2.8   -2.8       T
  SINCE JUL 1      2.7                      21.8  -19.1      6.2
  SNOW DEPTH       0

DEGREE DAYS
 HEATING
  YESTERDAY        0                         4     -4        4
  MONTH TO DATE  185                       198    -13      135
  SINCE MAR 1    953                      1222   -269      959
  SINCE JUL 1   3818                      4860  -1042     4543

 COOLING
  YESTERDAY        8                         2      6        0
  MONTH TO DATE   15                        30    -15       47
  SINCE MAR 1     15                        31    -16       47
  SINCE JAN 1     15                        31    -16       47
..................................................................


WIND (MPH)
  RESULTANT WIND SPEED   3   RESULTANT WIND DIRECTION  NW (300)
  HIGHEST WIND SPEED    22   HIGHEST WIND DIRECTION    NW (300)
  HIGHEST GUST SPEED    27   HIGHEST GUST DIRECTION    NW (310)
  AVERAGE WIND SPEED     5.3



WEATHER CONDITIONS
 THE FOLLOWING WEATHER WAS RECORDED YESTERDAY.
  NO SIGNIFICANT WEATHER WAS OBSERVED.


RELATIVE HUMIDITY (PERCENT)
 HIGHEST    57           500 AM
 LOWEST     10           300 PM
 AVERAGE    34

..........................................................


THE RENO TAHOE AIRPORT NV CLIMATE NORMALS FOR TODAY
                         NORMAL    RECORD    YEAR
 MAXIMUM TEMPERATURE (F)   78        96      1986
 MINIMUM TEMPERATURE (F)   49        29      1979


SUNRISE AND SUNSET
MAY 30 2015...........SUNRISE   535 AM PDT   SUNSET   819 PM PDT
MAY 31 2015...........SUNRISE   534 AM PDT   SUNSET   820 PM PDT


-  INDICATES NEGATIVE NUMBERS.
R  INDICATES RECORD WAS SET OR TIED.
MM INDICATES DATA IS MISSING.
T  INDICATES TRACE AMOUNT.




$$
