000
CDUS45 KREV 070837
CLIRNO


CLIMATE REPORT
NATIONAL WEATHER SERVICE RENO NV
136 AM PDT TUE JUL 7 2015


...................................

...THE RENO TAHOE AIRPORT NV CLIMATE SUMMARY FOR JULY 6 2015...

CLIMATE NORMAL PERIOD 1981 TO 2010
CLIMATE RECORD PERIOD 1888 TO 2015


WEATHER ITEM   OBSERVED TIME   RECORD YEAR NORMAL DEPARTURE LAST
                VALUE   (LST)  VALUE       VALUE  FROM      YEAR
                                                  NORMAL
..................................................................
TEMPERATURE (F)
 YESTERDAY
  MAXIMUM         94    208 PM 101    2014  91      3      101
  MINIMUM         63    450 AM  34    1961  57      6       62
  AVERAGE         79                        74      5       82

PRECIPITATION (IN)
  YESTERDAY        T             0.04 1978   0.00   0.00     0.00
  MONTH TO DATE    0.08                      0.03   0.05     0.00
  SINCE OCT 1      5.29                      6.67  -1.38     2.96
  SINCE JAN 1      3.87                      4.31  -0.44     2.00

SNOWFALL (IN)
  YESTERDAY        0.0           0.0    MM   0.0    0.0      0.0
  MONTH TO DATE    0.0                       0.0    0.0      0.0
  SINCE JUN 1      0.0                       T      0.0      0.0
  SINCE JUL 1      0.0                       0.0    0.0      0.0
  SNOW DEPTH       0

DEGREE DAYS
 HEATING
  YESTERDAY        0                         0      0        0
  MONTH TO DATE    0                         0      0        0
  SINCE JUN 1      7                        56    -49       10
  SINCE JUL 1      0                         0      0        0

 COOLING
  YESTERDAY       14                         9      5       17
  MONTH TO DATE   90                        50     40       92
  SINCE JUN 1    375                       186    189      304
  SINCE JAN 1    409                       223    186      351
..................................................................


WIND (MPH)
  RESULTANT WIND SPEED   1   RESULTANT WIND DIRECTION  NW (320)
  HIGHEST WIND SPEED    20   HIGHEST WIND DIRECTION     W (290)
  HIGHEST GUST SPEED    24   HIGHEST GUST DIRECTION     W (260)
  AVERAGE WIND SPEED     5.3



WEATHER CONDITIONS
 THE FOLLOWING WEATHER WAS RECORDED YESTERDAY.
  THUNDERSTORM
  LIGHT RAIN


RELATIVE HUMIDITY (PERCENT)
 HIGHEST    61           900 PM
 LOWEST     18           200 PM
 AVERAGE    40

..........................................................


THE RENO TAHOE AIRPORT NV CLIMATE NORMALS FOR TODAY
                         NORMAL    RECORD    YEAR
 MAXIMUM TEMPERATURE (F)   91       102      2014
 MINIMUM TEMPERATURE (F)   57        36      1903


SUNRISE AND SUNSET
JULY  7 2015..........SUNRISE   539 AM PDT   SUNSET   829 PM PDT
JULY  8 2015..........SUNRISE   539 AM PDT   SUNSET   829 PM PDT


-  INDICATES NEGATIVE NUMBERS.
R  INDICATES RECORD WAS SET OR TIED.
MM INDICATES DATA IS MISSING.
T  INDICATES TRACE AMOUNT.




$$
