151
CDUS41 KRNK 260853
CLIROA


CLIMATE REPORT
NATIONAL WEATHER SERVICE BLACKSBURG VA
451 AM EDT MON JUN 26 2017


...................................

...THE ROANOKE VA CLIMATE SUMMARY FOR JUNE 25 2017...

CLIMATE NORMAL PERIOD 1981 TO 2010
CLIMATE RECORD PERIOD 1912 TO 2017


WEATHER ITEM   OBSERVED TIME   RECORD YEAR NORMAL DEPARTURE LAST
                VALUE   (LST)  VALUE       VALUE  FROM      YEAR
                                                  NORMAL
..................................................................
TEMPERATURE (F)
 YESTERDAY
  MAXIMUM         82    240 PM  99    1952  86     -4       82
  MINIMUM         60   1159 PM  49    1979  65     -5       65
                                      1936
  AVERAGE         71                        75     -4       74

PRECIPITATION (IN)
  YESTERDAY        0.00          1.83 2004   0.12  -0.12     0.00
  MONTH TO DATE    4.50                      3.24   1.26     5.92
  SINCE JUN 1      4.50                      3.24   1.26     5.92
  SINCE JAN 1     25.52                     19.94   5.58    23.65

SNOWFALL (IN)
  YESTERDAY        0.0                                       0.0
  MONTH TO DATE    0.0                                       0.0
  SINCE JUN 1      0.0                                       0.0
  SINCE JUL 1      4.6                                      23.0
  SNOW DEPTH       0

DEGREE DAYS
 HEATING
  YESTERDAY        0                         0      0        0
  MONTH TO DATE    4                         9     -5        0
  SINCE JUN 1      4                         9     -5        0
  SINCE JUL 1   3213                      4142   -929     3505

 COOLING
  YESTERDAY        6                        10     -4        9
  MONTH TO DATE  213                       193     20      229
  SINCE JUN 1    213                       193     20      229
  SINCE JAN 1    397                       309     88      354
..................................................................


WIND (MPH)
  HIGHEST WIND SPEED    20   HIGHEST WIND DIRECTION    NW (300)
  HIGHEST GUST SPEED    27   HIGHEST GUST DIRECTION    NW (300)
  AVERAGE WIND SPEED     7.1


SKY COVER
  AVERAGE SKY COVER 0.4


WEATHER CONDITIONS
 THE FOLLOWING WEATHER WAS RECORDED YESTERDAY.
  NO SIGNIFICANT WEATHER WAS OBSERVED.


RELATIVE HUMIDITY (PERCENT)
 HIGHEST    84           300 AM
 LOWEST     32           500 PM
 AVERAGE    58

..........................................................


THE ROANOKE VA CLIMATE NORMALS FOR TODAY
                         NORMAL    RECORD    YEAR
 MAXIMUM TEMPERATURE (F)   86       101      1930
 MINIMUM TEMPERATURE (F)   65        46      1979


SUNRISE AND SUNSET
JUNE 26 2017..........SUNRISE   601 AM EDT   SUNSET   844 PM EDT
JUNE 27 2017..........SUNRISE   601 AM EDT   SUNSET   844 PM EDT


-  INDICATES NEGATIVE NUMBERS.
R  INDICATES RECORD WAS SET OR TIED.
MM INDICATES DATA IS MISSING.
T  INDICATES TRACE AMOUNT.

$$

RAB
