000
CDUS41 KRNK 292107
CLIROA


CLIMATE REPORT
NATIONAL WEATHER SERVICE BLACKSBURG VA
506 PM EDT SAT APR 29 2017


...................................

...THE ROANOKE VA CLIMATE SUMMARY FOR APRIL 29 2017...
VALID TODAY AS OF 0500 PM LOCAL TIME.

CLIMATE NORMAL PERIOD 1981 TO 2010
CLIMATE RECORD PERIOD 1912 TO 2017


WEATHER ITEM   OBSERVED TIME   RECORD YEAR NORMAL DEPARTURE LAST
                VALUE   (LST)  VALUE       VALUE  FROM      YEAR
                                                  NORMAL
..................................................................
TEMPERATURE (F)
 TODAY
  MAXIMUM         87    209 PM  89    1915  72     15       83
  MINIMUM         67    602 AM  32    1944  49     18       57
  AVERAGE         77                        60     17       70

PRECIPITATION (IN)
  TODAY            0.00          3.82 1994   0.11  -0.11     0.00
  MONTH TO DATE    5.92                      3.26   2.66     0.96
  SINCE MAR 1      8.24                      6.72   1.52     3.21
  SINCE JAN 1     12.88                     12.53   0.35    11.44

SNOWFALL (IN)
  TODAY            0.0                                       0.0
  MONTH TO DATE    0.0                                        T
  SINCE MAR 1      0.1                                       1.0
  SINCE JUL 1      4.6                                      23.0
  SNOW DEPTH       0

DEGREE DAYS
 HEATING
  TODAY            0                         6     -6        0
  MONTH TO DATE  153                       269   -116      232
  SINCE MAR 1    657                       821   -164      571
  SINCE JUL 1   3121                      4026   -905     3405

 COOLING
  TODAY           12                         1     11        5
  MONTH TO DATE   58                        21     37       39
  SINCE MAR 1     60                        26     34       49
  SINCE JAN 1     60                        26     34       49
..................................................................


WIND (MPH)
  HIGHEST WIND SPEED    15   HIGHEST WIND DIRECTION    SE (150)
  HIGHEST GUST SPEED    20   HIGHEST GUST DIRECTION    SE (120)
  AVERAGE WIND SPEED     5.5


SKY COVER
  AVERAGE SKY COVER 0.4


WEATHER CONDITIONS
 THE FOLLOWING WEATHER WAS RECORDED TODAY.
  NO SIGNIFICANT WEATHER WAS OBSERVED.


RELATIVE HUMIDITY (PERCENT)
 HIGHEST    87           600 AM
 LOWEST     57           200 PM
 AVERAGE    72

..........................................................


THE ROANOKE VA CLIMATE NORMALS FOR TOMORROW
                         NORMAL    RECORD    YEAR
 MAXIMUM TEMPERATURE (F)   72        89      1942
 MINIMUM TEMPERATURE (F)   49        33      1961


SUNRISE AND SUNSET
APRIL 29 2017.........SUNRISE   627 AM EDT   SUNSET   808 PM EDT
APRIL 30 2017.........SUNRISE   626 AM EDT   SUNSET   809 PM EDT


-  INDICATES NEGATIVE NUMBERS.
R  INDICATES RECORD WAS SET OR TIED.
MM INDICATES DATA IS MISSING.
T  INDICATES TRACE AMOUNT.




$$
