000
CDUS41 KRNK 030638
CLIROA


CLIMATE REPORT
NATIONAL WEATHER SERVICE BLACKSBURG VA
235 AM EDT FRI JUL 3 2015


...................................

...THE ROANOKE VA CLIMATE SUMMARY FOR JULY 2 2015...

CLIMATE NORMAL PERIOD 1981 TO 2010
CLIMATE RECORD PERIOD 1912 TO 2015


WEATHER ITEM   OBSERVED TIME   RECORD YEAR NORMAL DEPARTURE LAST
                VALUE   (LST)  VALUE       VALUE  FROM      YEAR
                                                  NORMAL
..................................................................
TEMPERATURE (F)
 YESTERDAY
  MAXIMUM         77   1149 AM 100    1954  87    -10       96
  MINIMUM         68   1050 PM  47    1988  66      2       73
  AVERAGE         73                        76     -3       85

PRECIPITATION (IN)
  YESTERDAY        T             2.79 2013   0.12  -0.12     0.00
  MONTH TO DATE    T                         0.25  -0.25     0.00
  SINCE JUN 1      9.07                      4.08   4.99     3.05
  SINCE JAN 1     24.05                     20.78   3.27    18.65

SNOWFALL (IN)
  YESTERDAY        0.0                                       0.0
  MONTH TO DATE    0.0                                       0.0
  SINCE JUN 1      T                                         0.0
  SINCE JUL 1      0.0                                       0.0
  SNOW DEPTH       0

DEGREE DAYS
 HEATING
  YESTERDAY        0                         0      0        0
  MONTH TO DATE    0                         0      0        0
  SINCE JUN 1      7                        11     -4        0
  SINCE JUL 1      0                         0      0        0

 COOLING
  YESTERDAY        8                        11     -3       20
  MONTH TO DATE   16                        22     -6       37
  SINCE JUN 1    342                       268     74      334
  SINCE JAN 1    510                       384    126      483
..................................................................


WIND (MPH)
  HIGHEST WIND SPEED    14   HIGHEST WIND DIRECTION     W (250)
  HIGHEST GUST SPEED    20   HIGHEST GUST DIRECTION     W (260)
  AVERAGE WIND SPEED     5.9


SKY COVER
  AVERAGE SKY COVER 0.8


WEATHER CONDITIONS
 THE FOLLOWING WEATHER WAS RECORDED YESTERDAY.
  LIGHT RAIN
  FOG
  HAZE


RELATIVE HUMIDITY (PERCENT)
 HIGHEST    84          1000 PM
 LOWEST     64          1200 PM
 AVERAGE    74

..........................................................


THE ROANOKE VA CLIMATE NORMALS FOR TODAY
                         NORMAL    RECORD    YEAR
 MAXIMUM TEMPERATURE (F)   87        97      2012
 MINIMUM TEMPERATURE (F)   66        50      1918


SUNRISE AND SUNSET
JULY  3 2015..........SUNRISE   604 AM EDT   SUNSET   844 PM EDT
JULY  4 2015..........SUNRISE   604 AM EDT   SUNSET   844 PM EDT


-  INDICATES NEGATIVE NUMBERS.
R  INDICATES RECORD WAS SET OR TIED.
MM INDICATES DATA IS MISSING.
T  INDICATES TRACE AMOUNT.

$$

RAB
