243
CDUS41 KRNK 032219
CLIROA


CLIMATE REPORT
NATIONAL WEATHER SERVICE BLACKSBURG VA
515 PM EST SAT DEC 3 2016


...................................

...THE ROANOKE VA CLIMATE SUMMARY FOR DECEMBER 3 2016...
VALID TODAY AS OF 0500 PM LOCAL TIME.

CLIMATE NORMAL PERIOD 1981 TO 2010
CLIMATE RECORD PERIOD 1912 TO 2016


WEATHER ITEM   OBSERVED TIME   RECORD YEAR NORMAL DEPARTURE LAST
                VALUE   (LST)  VALUE       VALUE  FROM      YEAR
                                                  NORMAL
..................................................................
TEMPERATURE (F)
 TODAY
  MAXIMUM         45    303 PM  73    2012  51     -6       48
  MINIMUM         35    725 AM  12    1946  33      2       29
  AVERAGE         40                        42     -2       39

PRECIPITATION (IN)
  TODAY            0.00          3.40 1948   0.10  -0.10      T
  MONTH TO DATE    0.00                      0.31  -0.31     1.55
  SINCE DEC 1      0.00                      0.31  -0.31     1.55
  SINCE JAN 1     44.02                     38.62   5.40    51.56

SNOWFALL (IN)
  TODAY            0.0                                       0.0
  MONTH TO DATE    0.0                                       0.0
  SINCE DEC 1      0.0                                       0.0
  SINCE JUL 1      0.0                                       0.0
  SNOW DEPTH       0

DEGREE DAYS
 HEATING
  TODAY           25                        23      2       26
  MONTH TO DATE   59                        68     -9       60
  SINCE DEC 1     59                        68     -9       60
  SINCE JUL 1    587                       872   -285      702

 COOLING
  TODAY            0                         0      0        0
  MONTH TO DATE    0                         0      0        0
  SINCE DEC 1      0                         0      0        0
  SINCE JAN 1   1563                      1208    355     1413
..................................................................


WIND (MPH)
  HIGHEST WIND SPEED    21   HIGHEST WIND DIRECTION    NW (320)
  HIGHEST GUST SPEED    25   HIGHEST GUST DIRECTION    NW (320)
  AVERAGE WIND SPEED     8.7


SKY COVER
  AVERAGE SKY COVER 0.7


WEATHER CONDITIONS
 THE FOLLOWING WEATHER WAS RECORDED TODAY.
  NO SIGNIFICANT WEATHER WAS OBSERVED.


RELATIVE HUMIDITY (PERCENT)
 HIGHEST    64           700 AM
 LOWEST     49           200 PM
 AVERAGE    57

..........................................................


THE ROANOKE VA CLIMATE NORMALS FOR TOMORROW
                         NORMAL    RECORD    YEAR
 MAXIMUM TEMPERATURE (F)   51        76      1982
 MINIMUM TEMPERATURE (F)   33        10      1940


SUNRISE AND SUNSET
DECEMBER  3 2016......SUNRISE   718 AM EST   SUNSET   502 PM EST
DECEMBER  4 2016......SUNRISE   718 AM EST   SUNSET   502 PM EST


-  INDICATES NEGATIVE NUMBERS.
R  INDICATES RECORD WAS SET OR TIED.
MM INDICATES DATA IS MISSING.
T  INDICATES TRACE AMOUNT.


$$

PW
