000
CDUS41 KRNK 232108
CLIROA


CLIMATE REPORT
NATIONAL WEATHER SERVICE BLACKSBURG VA
507 PM EDT MON MAY 23 2016


...................................

...THE ROANOKE VA CLIMATE SUMMARY FOR MAY 23 2016...
VALID TODAY AS OF 0500 PM LOCAL TIME.

CLIMATE NORMAL PERIOD 1981 TO 2010
CLIMATE RECORD PERIOD 1912 TO 2016


WEATHER ITEM   OBSERVED TIME   RECORD YEAR NORMAL DEPARTURE LAST
                VALUE   (LST)  VALUE       VALUE  FROM      YEAR
                                                  NORMAL
..................................................................
TEMPERATURE (F)
 TODAY
  MAXIMUM         71    358 PM  97    1941  77     -6       76
  MINIMUM         52    445 AM  39    2002  55     -3       50
  AVERAGE         62                        66     -4       63

PRECIPITATION (IN)
  TODAY            0.00          2.62 1985   0.14  -0.14     0.00
  MONTH TO DATE    5.64                      2.89   2.75     1.09
  SINCE MAR 1      9.02                      9.72  -0.70    10.40
  SINCE JAN 1     17.25                     15.53   1.72    14.32

SNOWFALL (IN)
  TODAY            0.0                                       0.0
  MONTH TO DATE    0.0                                       0.0
  SINCE MAR 1      1.0                                       1.9
  SINCE JUL 1     23.0                                      21.7
  SNOW DEPTH       0

DEGREE DAYS
 HEATING
  TODAY            3                         2      1        2
  MONTH TO DATE   92                        87      5       35
  SINCE MAR 1    671                       914   -243      815
  SINCE JUL 1   3505                      4119   -614     4244

 COOLING
  TODAY            0                         4     -4        0
  MONTH TO DATE   21                        53    -32       99
  SINCE MAR 1     70                        82    -12      105
  SINCE JAN 1     70                        82    -12      105
..................................................................


WIND (MPH)
  HIGHEST WIND SPEED    15   HIGHEST WIND DIRECTION    NW (330)
  HIGHEST GUST SPEED    19   HIGHEST GUST DIRECTION     N (360)
  AVERAGE WIND SPEED     5.9


SKY COVER
  AVERAGE SKY COVER 0.9


WEATHER CONDITIONS
 THE FOLLOWING WEATHER WAS RECORDED TODAY.
  NO SIGNIFICANT WEATHER WAS OBSERVED.


RELATIVE HUMIDITY (PERCENT)
 HIGHEST    83           200 AM
 LOWEST     47           200 PM
 AVERAGE    65

..........................................................


THE ROANOKE VA CLIMATE NORMALS FOR TOMORROW
                         NORMAL    RECORD    YEAR
 MAXIMUM TEMPERATURE (F)   78        92      1933
 MINIMUM TEMPERATURE (F)   56        41      1967


SUNRISE AND SUNSET
MAY 23 2016...........SUNRISE   605 AM EDT   SUNSET   829 PM EDT
MAY 24 2016...........SUNRISE   604 AM EDT   SUNSET   829 PM EDT


-  INDICATES NEGATIVE NUMBERS.
R  INDICATES RECORD WAS SET OR TIED.
MM INDICATES DATA IS MISSING.
T  INDICATES TRACE AMOUNT.




$$
