000
CDUS41 KRNK 180917
CLIROA


CLIMATE REPORT
NATIONAL WEATHER SERVICE BLACKSBURG VA
515 AM EDT FRI APR 18 2014


...................................

...THE ROANOKE VA CLIMATE SUMMARY FOR APRIL 17 2014...

CLIMATE NORMAL PERIOD 1981 TO 2010
CLIMATE RECORD PERIOD 1912 TO 2014


WEATHER ITEM   OBSERVED TIME   RECORD YEAR NORMAL DEPARTURE LAST
                VALUE   (LST)  VALUE       VALUE  FROM      YEAR
                                                  NORMAL
..................................................................
TEMPERATURE (F)
 YESTERDAY
  MAXIMUM         57    527 PM  91    1976  69    -12       80
  MINIMUM         30    528 AM  27    1980  46    -16       62
  AVERAGE         44                        57    -13       71

PRECIPITATION (IN)
  YESTERDAY        0.00          3.38 2000   0.11  -0.11      T
  MONTH TO DATE    2.18                      1.90   0.28     2.17
  SINCE MAR 1      4.94                      5.36  -0.42     5.57
  SINCE JAN 1     11.22                     11.17   0.05    14.86

SNOWFALL (IN)
  YESTERDAY        0.0
  MONTH TO DATE    0.0
  SINCE MAR 1      5.6
  SINCE JUL 1     28.0
  SNOW DEPTH       0

DEGREE DAYS
 HEATING
  YESTERDAY       21                         9     12        0
  MONTH TO DATE  157                       183    -26      132
  SINCE MAR 1    807                       735     72      831
  SINCE JUL 1   4209                      3940    269     3773

 COOLING
  YESTERDAY        0                         1     -1        6
  MONTH TO DATE    8                         9     -1       39
  SINCE MAR 1      8                        14     -6       39
  SINCE JAN 1      8                        14     -6       39
..................................................................


WIND (MPH)
  HIGHEST WIND SPEED    13   HIGHEST WIND DIRECTION     E (100)
  HIGHEST GUST SPEED    22   HIGHEST GUST DIRECTION    NE (60)
  AVERAGE WIND SPEED     4.2


SKY COVER
  POSSIBLE SUNSHINE  MM
  AVERAGE SKY COVER 0.2


WEATHER CONDITIONS
 THE FOLLOWING WEATHER WAS RECORDED YESTERDAY.
  NO SIGNIFICANT WEATHER WAS OBSERVED.


RELATIVE HUMIDITY (PERCENT)
 HIGHEST    69           500 AM
 LOWEST     27           600 PM
 AVERAGE    48

..........................................................


THE ROANOKE VA CLIMATE NORMALS FOR TODAY
                         NORMAL    RECORD    YEAR
 MAXIMUM TEMPERATURE (F)   69        91      1976
                                             1937
 MINIMUM TEMPERATURE (F)   46        27      1951


SUNRISE AND SUNSET
APRIL 18 2014.........SUNRISE   641 AM EDT   SUNSET   758 PM EDT
APRIL 19 2014.........SUNRISE   640 AM EDT   SUNSET   759 PM EDT


-  INDICATES NEGATIVE NUMBERS.
R  INDICATES RECORD WAS SET OR TIED.
MM INDICATES DATA IS MISSING.
T  INDICATES TRACE AMOUNT.

REMARKS:
DUE TO A PROBLEM WITH THE ASOS TEMPERATURE SENSOR ON AUGUST
26-28 AND SEPTEMBER 23...THE SEASONAL TOTAL AND DEPARTURE FROM
NORMAL FOR HDD WILL BE CALCULATED WITHOUT DATA FROM THOSE DATES.


$$
