000
CDUS41 KRNK 262113
CLIROA


CLIMATE REPORT
NATIONAL WEATHER SERVICE BLACKSBURG VA
509 PM EDT THU MAR 26 2015


...................................

...THE ROANOKE VA CLIMATE SUMMARY FOR MARCH 26 2015...
VALID TODAY AS OF 0500 PM LOCAL TIME.

CLIMATE NORMAL PERIOD 1981 TO 2010
CLIMATE RECORD PERIOD 1912 TO 2015


WEATHER ITEM   OBSERVED TIME   RECORD YEAR NORMAL DEPARTURE LAST
                VALUE   (LST)  VALUE       VALUE  FROM      YEAR
                                                  NORMAL
..................................................................
TEMPERATURE (F)
 TODAY
  MAXIMUM         75    328 PM  86    1929  61     14       40
  MINIMUM         49    703 AM  17    1955  40      9       26
  AVERAGE         62                        50     12       33

PRECIPITATION (IN)
  TODAY            0.00          1.46 1978   0.12  -0.12      T
  MONTH TO DATE    3.09                      2.85   0.24     2.17
  SINCE MAR 1      3.09                      2.85   0.24     2.17
  SINCE JAN 1      7.01                      8.66  -1.65     8.45

SNOWFALL (IN)
  TODAY            0.0
  MONTH TO DATE    1.9
  SINCE MAR 1      1.9
  SINCE JUL 1     21.7
  SNOW DEPTH       0

DEGREE DAYS
 HEATING
  TODAY            3                        15    -12       32
  MONTH TO DATE  442                       483    -41      571
  SINCE MAR 1    442                       483    -41      571
  SINCE JUL 1   3871                      3688    183     3973

 COOLING
  TODAY            0                         0      0        0
  MONTH TO DATE    0                         0      0        0
  SINCE MAR 1      0                         0      0        0
  SINCE JAN 1      0                         0      0        0
..................................................................


WIND (MPH)
  HIGHEST WIND SPEED    21   HIGHEST WIND DIRECTION    SW (240)
  HIGHEST GUST SPEED    27   HIGHEST GUST DIRECTION    SW (230)
  AVERAGE WIND SPEED     4.4


SKY COVER
  POSSIBLE SUNSHINE  MM
  AVERAGE SKY COVER 0.8


WEATHER CONDITIONS
 THE FOLLOWING WEATHER WAS RECORDED TODAY.
  NO SIGNIFICANT WEATHER WAS OBSERVED.


RELATIVE HUMIDITY (PERCENT)
 HIGHEST    80           200 AM
 LOWEST     49           100 PM
 AVERAGE    65

..........................................................


THE ROANOKE VA CLIMATE NORMALS FOR TOMORROW
                         NORMAL    RECORD    YEAR
 MAXIMUM TEMPERATURE (F)   62        85      1921
 MINIMUM TEMPERATURE (F)   40        18      1955


SUNRISE AND SUNSET
MARCH 26 2015.........SUNRISE   715 AM EDT   SUNSET   737 PM EDT
MARCH 27 2015.........SUNRISE   713 AM EDT   SUNSET   738 PM EDT


-  INDICATES NEGATIVE NUMBERS.
R  INDICATES RECORD WAS SET OR TIED.
MM INDICATES DATA IS MISSING.
T  INDICATES TRACE AMOUNT.




$$
