000
CDUS41 KRNK 300816
CLIROA


CLIMATE REPORT
NATIONAL WEATHER SERVICE BLACKSBURG VA
415 AM EDT THU JUL 30 2015


...................................

...THE ROANOKE VA CLIMATE SUMMARY FOR JULY 29 2015...

CLIMATE NORMAL PERIOD 1981 TO 2010
CLIMATE RECORD PERIOD 1912 TO 2015


WEATHER ITEM   OBSERVED TIME   RECORD YEAR NORMAL DEPARTURE LAST
                VALUE   (LST)  VALUE       VALUE  FROM      YEAR
                                                  NORMAL
..................................................................
TEMPERATURE (F)
 YESTERDAY
  MAXIMUM         88    135 PM 102    1952  87      1       80
                                      1930
  MINIMUM         73    532 AM  52    1925  66      7       59
  AVERAGE         81                        77      4       70

PRECIPITATION (IN)
  YESTERDAY        0.02          3.38 1940   0.14  -0.12     0.00
  MONTH TO DATE    4.29                      3.78   0.51     3.40
  SINCE JUN 1     13.36                      7.61   5.75     6.45
  SINCE JAN 1     28.34                     24.31   4.03    22.05

SNOWFALL (IN)
  YESTERDAY        0.0                                       0.0
  MONTH TO DATE    0.0                                       0.0
  SINCE JUN 1      T                                         0.0
  SINCE JUL 1      0.0                                       0.0
  SNOW DEPTH       0

DEGREE DAYS
 HEATING
  YESTERDAY        0                         0      0        0
  MONTH TO DATE    0                         0      0        0
  SINCE JUN 1      7                        11     -4        0
  SINCE JUL 1      0                         0      0        0

 COOLING
  YESTERDAY       16                        12      4        5
  MONTH TO DATE  362                       343     19      298
  SINCE JUN 1    688                       589     99      595
  SINCE JAN 1    856                       705    151      744
..................................................................


WIND (MPH)
  HIGHEST WIND SPEED    13   HIGHEST WIND DIRECTION     W (260)
  HIGHEST GUST SPEED    16   HIGHEST GUST DIRECTION     W (250)
  AVERAGE WIND SPEED     4.7


SKY COVER
  AVERAGE SKY COVER 0.7


WEATHER CONDITIONS
 THE FOLLOWING WEATHER WAS RECORDED YESTERDAY.
  LIGHT RAIN
  FOG


RELATIVE HUMIDITY (PERCENT)
 HIGHEST   100           100 AM
 LOWEST     57           100 PM
 AVERAGE    79

..........................................................


THE ROANOKE VA CLIMATE NORMALS FOR TODAY
                         NORMAL    RECORD    YEAR
 MAXIMUM TEMPERATURE (F)   87       101      1931
 MINIMUM TEMPERATURE (F)   66        54      1997


SUNRISE AND SUNSET
JULY 30 2015..........SUNRISE   623 AM EDT   SUNSET   830 PM EDT
JULY 31 2015..........SUNRISE   623 AM EDT   SUNSET   829 PM EDT


-  INDICATES NEGATIVE NUMBERS.
R  INDICATES RECORD WAS SET OR TIED.
MM INDICATES DATA IS MISSING.
T  INDICATES TRACE AMOUNT.




$$
