000
CDUS41 KBUF 242129
CLIROC


CLIMATE REPORT
NATIONAL WEATHER SERVICE BUFFALO NY
428 PM EST TUE JAN 24 2017


...................................

...THE ROCHESTER NY CLIMATE SUMMARY FOR JANUARY 24 2017...
VALID TODAY AS OF 0400 PM LOCAL TIME.

CLIMATE NORMAL PERIOD 1981 TO 2010
CLIMATE RECORD PERIOD 1871 TO 2017


WEATHER ITEM   OBSERVED TIME   RECORD YEAR NORMAL DEPARTURE LAST
                VALUE   (LST)  VALUE       VALUE  FROM      YEAR
                                                  NORMAL
..................................................................
TEMPERATURE (F)
 TODAY
  MAXIMUM         35   1222 AM  64    1909  31      4       29
  MINIMUM         31    359 PM -10    1963  17     14        5
  AVERAGE         33                        24      9       17

PRECIPITATION (IN)
  TODAY            0.55          0.68 1884   0.08   0.47     0.00
  MONTH TO DATE    2.44                      1.91   0.53     1.37
  SINCE DEC 1      5.35                      4.54   0.81     4.10
  SINCE JAN 1      2.44                      1.91   0.53     1.37

SNOWFALL (IN)
  TODAY            1.8           6.8  1884   0.9    0.9      0.0
  MONTH TO DATE    6.2                      22.0  -15.8     18.1
  SINCE DEC 1     35.5                      43.8   -8.3     20.4
  SINCE JUL 1     51.4                      51.2    0.2     21.6
  SNOW DEPTH       T
SNOWFALL THROUGH 0100 PM
DEGREE DAYS
 HEATING
  TODAY           32                        41     -9       48
  MONTH TO DATE  794                       967   -173      958
  SINCE DEC 1   1829                      2052   -223     1657
  SINCE JUL 1   2807                      3420   -613     2697

 COOLING
  TODAY            0                         0      0        0
  MONTH TO DATE    0                         0      0        0
  SINCE DEC 1      0                         0      0        0
  SINCE JAN 1      0                         0      0        0
..................................................................


WIND (MPH)
  HIGHEST WIND SPEED    17   HIGHEST WIND DIRECTION    NE (60)
  HIGHEST GUST SPEED    22   HIGHEST GUST DIRECTION     E (70)
  AVERAGE WIND SPEED     9.6


SKY COVER
  AVERAGE SKY COVER 0.6


WEATHER CONDITIONS
 THE FOLLOWING WEATHER WAS RECORDED TODAY.
  LIGHT RAIN
  LT FREEZING RAIN
  SNOW
  LIGHT SNOW
  SLEET
  FOG


RELATIVE HUMIDITY (PERCENT)
 HIGHEST    92           900 AM
 LOWEST     89           700 AM
 AVERAGE    91

..........................................................


THE ROCHESTER NY CLIMATE NORMALS FOR TOMORROW
                         NORMAL    RECORD    YEAR
 MAXIMUM TEMPERATURE (F)   31        74      1950
 MINIMUM TEMPERATURE (F)   17        -7      1945


SUNRISE AND SUNSET
JANUARY 24 2017.......SUNRISE   733 AM EST   SUNSET   513 PM EST
JANUARY 25 2017.......SUNRISE   732 AM EST   SUNSET   514 PM EST


-  INDICATES NEGATIVE NUMBERS.
R  INDICATES RECORD WAS SET OR TIED.
MM INDICATES DATA IS MISSING.
T  INDICATES TRACE AMOUNT.

$$
