000
CDUS45 KABQ 050837
CLIROW


CLIMATE REPORT
NATIONAL WEATHER SERVICE ALBUQUERQUE NM
235 AM MDT WED AUG 5 2015


...................................

...THE ROSWELL NM CLIMATE SUMMARY FOR AUGUST 4 2015...

CLIMATE NORMAL PERIOD 1981 TO 2010
CLIMATE RECORD PERIOD 1893 TO 2015


WEATHER ITEM   OBSERVED TIME   RECORD YEAR NORMAL DEPARTURE
                VALUE   (LST)  VALUE       VALUE  FROM
                                                  NORMAL
...............................................................
TEMPERATURE (F)
 YESTERDAY
  MAXIMUM        103    429 PM 104    2012  93     10
                                      1977
                                      1959
  MINIMUM         64    527 AM  58    1971  67     -3
                                      1961
  AVERAGE         84                        80      4

PRECIPITATION (IN)
  YESTERDAY        0.00          1.26 1993   0.07  -0.07
  MONTH TO DATE    0.03                      0.27  -0.24
  SINCE JUN 1      3.71                      4.06  -0.35
  SINCE JAN 1     11.40                      7.23   4.17

SNOWFALL (IN)
  YESTERDAY        0.0
  MONTH TO DATE    0.0
  SINCE JUN 1      0.0
  SINCE JUL 1      0.0

DEGREE DAYS
 HEATING
  YESTERDAY        0                         0      0
  MONTH TO DATE    0                         0      0
  SINCE JUN 1      0                         1     -1
  SINCE JUL 1      0                         0      0

 COOLING
  YESTERDAY       19                        15      4
  MONTH TO DATE   75                        60     15
  SINCE JUN 1   1030                       933     97
  SINCE JAN 1   1137                      1158    -21
...............................................................


WIND (MPH)
  HIGHEST WIND SPEED    16   HIGHEST WIND DIRECTION     N (20)
  HIGHEST GUST SPEED    20   HIGHEST GUST DIRECTION     N (10)
  AVERAGE WIND SPEED     5.0


SKY COVER
  AVERAGE SKY COVER 0.0


WEATHER CONDITIONS
 THE FOLLOWING WEATHER WAS RECORDED YESTERDAY.
  NO SIGNIFICANT WEATHER WAS OBSERVED.


RELATIVE HUMIDITY (PERCENT)
 HIGHEST    93           300 AM
 LOWEST     13           300 PM
 AVERAGE    53

..........................................................


THE ROSWELL NM CLIMATE NORMALS FOR TODAY
                         NORMAL    RECORD    YEAR
 MAXIMUM TEMPERATURE (F)   93       103      1989
 MINIMUM TEMPERATURE (F)   67        53      1894


SUNRISE AND SUNSET
AUGUST  5 2015........SUNRISE   614 AM MDT   SUNSET   754 PM MDT
AUGUST  6 2015........SUNRISE   614 AM MDT   SUNSET   753 PM MDT


-  INDICATES NEGATIVE NUMBERS.
R  INDICATES RECORD WAS SET OR TIED.
MM INDICATES DATA IS MISSING.
T  INDICATES TRACE AMOUNT.


$$
