000
CDUS45 KABQ 040826
CLIROW


CLIMATE REPORT
NATIONAL WEATHER SERVICE ALBUQUERQUE NM
226 AM MDT SAT JUL 4 2015


...................................

...THE ROSWELL NM CLIMATE SUMMARY FOR JULY 3 2015...

CLIMATE NORMAL PERIOD 1981 TO 2010
CLIMATE RECORD PERIOD 1893 TO 2015


WEATHER ITEM   OBSERVED TIME   RECORD YEAR NORMAL DEPARTURE
                VALUE   (LST)  VALUE       VALUE  FROM
                                                  NORMAL
...............................................................
TEMPERATURE (F)
 YESTERDAY
  MAXIMUM         86    436 PM 108    2005  95     -9
  MINIMUM         69   1059 PM  55    1924  67      2
  AVERAGE         78                        80     -2

PRECIPITATION (IN)
  YESTERDAY        0.00          0.60 1900   0.07  -0.07
  MONTH TO DATE    T                         0.23  -0.23
  SINCE JUN 1      2.90                      1.96   0.94
  SINCE JAN 1     10.59                      5.13   5.46

SNOWFALL (IN)
  YESTERDAY        0.0
  MONTH TO DATE    0.0
  SINCE JUN 1      0.0
  SINCE JUL 1      0.0

DEGREE DAYS
 HEATING
  YESTERDAY        0                         0      0
  MONTH TO DATE    0                         0      0
  SINCE JUN 1      0                         1     -1
  SINCE JUL 1      0                         0      0

 COOLING
  YESTERDAY       13                        16     -3
  MONTH TO DATE   44                        46     -2
  SINCE JUN 1    452                       443      9
  SINCE JAN 1    559                       668   -109
...............................................................


WIND (MPH)
  HIGHEST WIND SPEED    23   HIGHEST WIND DIRECTION    NW (330)
  HIGHEST GUST SPEED    29   HIGHEST GUST DIRECTION     N (340)
  AVERAGE WIND SPEED     7.0


SKY COVER
  AVERAGE SKY COVER 0.2


WEATHER CONDITIONS
 THE FOLLOWING WEATHER WAS RECORDED YESTERDAY.
  NO SIGNIFICANT WEATHER WAS OBSERVED.


RELATIVE HUMIDITY (PERCENT)
 HIGHEST    78           300 AM
 LOWEST     42           400 PM
 AVERAGE    60

..........................................................


THE ROSWELL NM CLIMATE NORMALS FOR TODAY
                         NORMAL    RECORD    YEAR
 MAXIMUM TEMPERATURE (F)   95       105      1957
 MINIMUM TEMPERATURE (F)   67        57      1924
                                             1908
                                             1906


SUNRISE AND SUNSET
JULY  4 2015..........SUNRISE   554 AM MDT   SUNSET   811 PM MDT
JULY  5 2015..........SUNRISE   554 AM MDT   SUNSET   811 PM MDT


-  INDICATES NEGATIVE NUMBERS.
R  INDICATES RECORD WAS SET OR TIED.
MM INDICATES DATA IS MISSING.
T  INDICATES TRACE AMOUNT.




$$
