000
CDUS45 KABQ 150829
CLIROW


CLIMATE REPORT
NATIONAL WEATHER SERVICE ALBUQUERQUE NM
126 AM MST FRI DEC 15 2017


...................................

...THE ROSWELL NM CLIMATE SUMMARY FOR DECEMBER 14 2017...

CLIMATE NORMAL PERIOD 1981 TO 2010
CLIMATE RECORD PERIOD 1893 TO 2017


WEATHER ITEM   OBSERVED TIME   RECORD YEAR NORMAL DEPARTURE
                VALUE   (LST)  VALUE       VALUE  FROM
                                                  NORMAL
...............................................................
TEMPERATURE (F)
 YESTERDAY
  MAXIMUM         55    213 PM  73    2010  54      1
                                      1996
  MINIMUM         25    604 AM  -4    1923  26     -1
  AVERAGE         40                        40      0

PRECIPITATION (IN)
  YESTERDAY        0.00          0.53 1945   0.02  -0.02
  MONTH TO DATE    T                         0.30  -0.30
  SINCE DEC 1      T                         0.30  -0.30
  SINCE JAN 1     11.16                     12.57  -1.41

SNOWFALL (IN)
  YESTERDAY        0.0
  MONTH TO DATE    0.0
  SINCE DEC 1      0.0
  SINCE JUL 1      0.0

DEGREE DAYS
 HEATING
  YESTERDAY       25                        25      0
  MONTH TO DATE  269                       329    -60
  SINCE DEC 1    269                       329    -60
  SINCE JUL 1    719                       975   -256

 COOLING
  YESTERDAY        0                         0      0
  MONTH TO DATE    0                         0      0
  SINCE DEC 1      0                         0      0
  SINCE JAN 1   2172                      1789    383
...............................................................


WIND (MPH)
  HIGHEST WIND SPEED    18   HIGHEST WIND DIRECTION     N (20)
  HIGHEST GUST SPEED    22   HIGHEST GUST DIRECTION     N (20)
  AVERAGE WIND SPEED     7.8


SKY COVER
  AVERAGE SKY COVER 0.1


WEATHER CONDITIONS
 THE FOLLOWING WEATHER WAS RECORDED YESTERDAY.
  NO SIGNIFICANT WEATHER WAS OBSERVED.


RELATIVE HUMIDITY (PERCENT)
 HIGHEST    50           600 AM
 LOWEST     24           200 PM
 AVERAGE    37

..........................................................


THE ROSWELL NM CLIMATE NORMALS FOR TODAY
                         NORMAL    RECORD    YEAR
 MAXIMUM TEMPERATURE (F)   54        78      2010
 MINIMUM TEMPERATURE (F)   26         0      1987


SUNRISE AND SUNSET
DECEMBER 15 2017......SUNRISE   655 AM MST   SUNSET   452 PM MST
DECEMBER 16 2017......SUNRISE   655 AM MST   SUNSET   453 PM MST


-  INDICATES NEGATIVE NUMBERS.
R  INDICATES RECORD WAS SET OR TIED.
MM INDICATES DATA IS MISSING.
T  INDICATES TRACE AMOUNT.




$$
