000
CDUS45 KABQ 180839
CLIROW


CLIMATE REPORT
NATIONAL WEATHER SERVICE ALBUQUERQUE NM
238 AM MDT FRI APR 18 2014


...................................

...THE ROSWELL NM CLIMATE SUMMARY FOR APRIL 17 2014...

CLIMATE NORMAL PERIOD 1981 TO 2010
CLIMATE RECORD PERIOD 1893 TO 2014


WEATHER ITEM   OBSERVED TIME   RECORD YEAR NORMAL DEPARTURE
                VALUE   (LST)  VALUE       VALUE  FROM
                                                  NORMAL
...............................................................
TEMPERATURE (F)
 YESTERDAY
  MAXIMUM         73    419 PM  94    1948  77     -4
  MINIMUM         48    604 AM  30    2009  45      3
                                      1924
                                      1901
  AVERAGE         61                        61      0

PRECIPITATION (IN)
  YESTERDAY        0.00          0.88 1931   0.02  -0.02
  MONTH TO DATE    T                         0.28  -0.28
  SINCE MAR 1      0.28                      0.79  -0.51
  SINCE JAN 1      0.30                      1.59  -1.29

SNOWFALL (IN)
  YESTERDAY        0.0
  MONTH TO DATE    T
  SINCE MAR 1      T
  SINCE JUL 1      5.0

DEGREE DAYS
 HEATING
  YESTERDAY        4                         5     -1
  MONTH TO DATE  113                       116     -3
  SINCE MAR 1    494                       503     -9
  SINCE JUL 1   3197                      3210    -13

 COOLING
  YESTERDAY        0                         1     -1
  MONTH TO DATE   13                        12      1
  SINCE MAR 1     14                        15     -1
  SINCE JAN 1     14                        15     -1
...............................................................


WIND (MPH)
  HIGHEST WIND SPEED    30   HIGHEST WIND DIRECTION     N (360)
  HIGHEST GUST SPEED    38   HIGHEST GUST DIRECTION     N (350)
  AVERAGE WIND SPEED    14.3


SKY COVER
  AVERAGE SKY COVER 0.0


WEATHER CONDITIONS
 THE FOLLOWING WEATHER WAS RECORDED YESTERDAY.
  NO SIGNIFICANT WEATHER WAS OBSERVED.


RELATIVE HUMIDITY (PERCENT)
 HIGHEST    54          1100 PM
 LOWEST     20           400 PM
 AVERAGE    37

..........................................................


THE ROSWELL NM CLIMATE NORMALS FOR TODAY
                         NORMAL    RECORD    YEAR
 MAXIMUM TEMPERATURE (F)   78        95      2000
 MINIMUM TEMPERATURE (F)   45        25      1896


SUNRISE AND SUNSET
APRIL 18 2014.........SUNRISE   624 AM MDT   SUNSET   731 PM MDT
APRIL 19 2014.........SUNRISE   623 AM MDT   SUNSET   732 PM MDT


-  INDICATES NEGATIVE NUMBERS.
R  INDICATES RECORD WAS SET OR TIED.
MM INDICATES DATA IS MISSING.
T  INDICATES TRACE AMOUNT.

$$
