000
CDUS45 KABQ 011210
CLIROW


CLIMATE REPORT
NATIONAL WEATHER SERVICE ALBUQUERQUE NM
610 AM MDT SAT NOV 1 2014


...................................

...THE ROSWELL NM CLIMATE SUMMARY FOR OCTOBER 31 2014...

CLIMATE NORMAL PERIOD 1981 TO 2010
CLIMATE RECORD PERIOD 1893 TO 2014


WEATHER ITEM   OBSERVED TIME   RECORD YEAR NORMAL DEPARTURE
                VALUE   (LST)  VALUE       VALUE  FROM
                                                  NORMAL
...............................................................
TEMPERATURE (F)
 YESTERDAY
  MAXIMUM         69    319 PM  89    2001  71     -2
                                      1945
  MINIMUM         41    635 AM  14    1991  41      0
  AVERAGE         55                        56     -1

PRECIPITATION (IN)
  YESTERDAY        0.00          0.32 1928   0.03  -0.03
  MONTH TO DATE    0.50                      1.23  -0.73
  SINCE SEP 1      5.24                      2.76   2.48
  SINCE JAN 1     17.48                     11.69   5.79

SNOWFALL (IN)
  YESTERDAY        0.0
  MONTH TO DATE    0.0
  SINCE SEP 1      0.0
  SINCE JUL 1      0.0

DEGREE DAYS
 HEATING
  YESTERDAY       10                        10      0
  MONTH TO DATE   76                       159    -83
  SINCE SEP 1     94                       174    -80
  SINCE JUL 1     94                       174    -80

 COOLING
  YESTERDAY        0                         0      0
  MONTH TO DATE   38                        37      1
  SINCE SEP 1    243                       264    -21
  SINCE JAN 1   1928                      1788    140
...............................................................


WIND (MPH)
  HIGHEST WIND SPEED    20   HIGHEST WIND DIRECTION     S (160)
  HIGHEST GUST SPEED    27   HIGHEST GUST DIRECTION    SE (150)
  AVERAGE WIND SPEED     7.0


SKY COVER
  AVERAGE SKY COVER 0.0


WEATHER CONDITIONS
 THE FOLLOWING WEATHER WAS RECORDED YESTERDAY.
  NO SIGNIFICANT WEATHER WAS OBSERVED.


RELATIVE HUMIDITY (PERCENT)
 HIGHEST    70           500 AM
 LOWEST     26          1200 PM
 AVERAGE    48

..........................................................


THE ROSWELL NM CLIMATE NORMALS FOR TODAY
                         NORMAL    RECORD    YEAR
 MAXIMUM TEMPERATURE (F)   70        85      1994
 MINIMUM TEMPERATURE (F)   40        22      1972


SUNRISE AND SUNSET
NOVEMBER  1 2014......SUNRISE   717 AM MDT   SUNSET   606 PM MDT
NOVEMBER  2 2014......SUNRISE   617 AM MST   SUNSET   505 PM MST


-  INDICATES NEGATIVE NUMBERS.
R  INDICATES RECORD WAS SET OR TIED.
MM INDICATES DATA IS MISSING.
T  INDICATES TRACE AMOUNT.




$$
