000
CDUS45 KABQ 230833
CLIROW


CLIMATE REPORT
NATIONAL WEATHER SERVICE ALBUQUERQUE NM
230 AM MDT SAT MAY 23 2015


...................................

...THE ROSWELL NM CLIMATE SUMMARY FOR MAY 22 2015...

CLIMATE NORMAL PERIOD 1981 TO 2010
CLIMATE RECORD PERIOD 1893 TO 2015


WEATHER ITEM   OBSERVED TIME   RECORD YEAR NORMAL DEPARTURE
                VALUE   (LST)  VALUE       VALUE  FROM
                                                  NORMAL
...............................................................
TEMPERATURE (F)
 YESTERDAY
  MAXIMUM         77    438 PM 102    1996  87    -10
                                      1953
  MINIMUM         52    248 AM  37    1899  57     -5
  AVERAGE         65                        72     -7

PRECIPITATION (IN)
  YESTERDAY        0.00          1.61 1992   0.04  -0.04
  MONTH TO DATE    2.47                      0.87   1.60
  SINCE MAR 1      4.50                      1.99   2.51
  SINCE JAN 1      6.41                      2.79   3.62

SNOWFALL (IN)
  YESTERDAY        0.0
  MONTH TO DATE    0.0
  SINCE MAR 1      T
  SINCE JUL 1     16.2

DEGREE DAYS
 HEATING
  YESTERDAY        0                         0      0
  MONTH TO DATE   26                        27     -1
  SINCE MAR 1    516                       578    -62
  SINCE JUL 1   3233                      3285    -52

 COOLING
  YESTERDAY        0                         7     -7
  MONTH TO DATE   42                       107    -65
  SINCE MAR 1     58                       147    -89
  SINCE JAN 1     58                       147    -89
...............................................................


WIND (MPH)
  HIGHEST WIND SPEED    24   HIGHEST WIND DIRECTION    SE (150)
  HIGHEST GUST SPEED    31   HIGHEST GUST DIRECTION    SE (150)
  AVERAGE WIND SPEED    10.0


SKY COVER
  AVERAGE SKY COVER 0.7


WEATHER CONDITIONS
 THE FOLLOWING WEATHER WAS RECORDED YESTERDAY.
  NO SIGNIFICANT WEATHER WAS OBSERVED.


RELATIVE HUMIDITY (PERCENT)
 HIGHEST    96          1200 AM
 LOWEST     46           400 PM
 AVERAGE    71

..........................................................


THE ROSWELL NM CLIMATE NORMALS FOR TODAY
                         NORMAL    RECORD    YEAR
 MAXIMUM TEMPERATURE (F)   88       106      2000
 MINIMUM TEMPERATURE (F)   57        37      1913


SUNRISE AND SUNSET
MAY 23 2015...........SUNRISE   553 AM MDT   SUNSET   757 PM MDT
MAY 24 2015...........SUNRISE   553 AM MDT   SUNSET   757 PM MDT


-  INDICATES NEGATIVE NUMBERS.
R  INDICATES RECORD WAS SET OR TIED.
MM INDICATES DATA IS MISSING.
T  INDICATES TRACE AMOUNT.


$$
