000
CDUS45 KABQ 020831
CLIROW


CLIMATE REPORT
NATIONAL WEATHER SERVICE ALBUQUERQUE NM
230 AM MDT MON MAY 2 2016


...................................

...THE ROSWELL NM CLIMATE SUMMARY FOR MAY 1 2016...

CLIMATE NORMAL PERIOD 1981 TO 2010
CLIMATE RECORD PERIOD 1893 TO 2016


WEATHER ITEM   OBSERVED TIME   RECORD YEAR NORMAL DEPARTURE
                VALUE   (LST)  VALUE       VALUE  FROM
                                                  NORMAL
...............................................................
TEMPERATURE (F)
 YESTERDAY
  MAXIMUM         54   1201 AM  97    2012  81    -27
  MINIMUM         40    933 AM  29    1909  50    -10
  AVERAGE         47                        65    -18

PRECIPITATION (IN)
  YESTERDAY        0.01          1.45 1999   0.03  -0.02
  MONTH TO DATE    0.01                      0.03  -0.02
  SINCE MAR 1      0.78                      1.15  -0.37
  SINCE JAN 1      1.34                      1.95  -0.61

SNOWFALL (IN)
  YESTERDAY       MM
  MONTH TO DATE   MM
  SINCE MAR 1      T
  SINCE JUL 1     17.8

DEGREE DAYS
 HEATING
  YESTERDAY       18                         2     16
  MONTH TO DATE   18                         2     16
  SINCE MAR 1    433                       553   -120
  SINCE JUL 1   2993                      3260   -267

 COOLING
  YESTERDAY        0                         3     -3
  MONTH TO DATE    0                         3     -3
  SINCE MAR 1     20                        43    -23
  SINCE JAN 1     20                        43    -23
...............................................................


WIND (MPH)
  HIGHEST WIND SPEED    32   HIGHEST WIND DIRECTION    NE (30)
  HIGHEST GUST SPEED    38   HIGHEST GUST DIRECTION    NE (30)
  AVERAGE WIND SPEED    13.8


SKY COVER
  AVERAGE SKY COVER 1.0


WEATHER CONDITIONS
 THE FOLLOWING WEATHER WAS RECORDED YESTERDAY.
  LIGHT RAIN
  FOG


RELATIVE HUMIDITY (PERCENT)
 HIGHEST    86          1000 AM
 LOWEST     50           100 AM
 AVERAGE    68

..........................................................


THE ROSWELL NM CLIMATE NORMALS FOR TODAY
                         NORMAL    RECORD    YEAR
 MAXIMUM TEMPERATURE (F)   81        95      2012
                                             2006
                                             1996
 MINIMUM TEMPERATURE (F)   50        27      1967


SUNRISE AND SUNSET
MAY  2 2016...........SUNRISE   609 AM MDT   SUNSET   742 PM MDT
MAY  3 2016...........SUNRISE   608 AM MDT   SUNSET   743 PM MDT


-  INDICATES NEGATIVE NUMBERS.
R  INDICATES RECORD WAS SET OR TIED.
MM INDICATES DATA IS MISSING.
T  INDICATES TRACE AMOUNT.




$$
