000
CDUS45 KABQ 200833
CLIROW


CLIMATE REPORT
NATIONAL WEATHER SERVICE ALBUQUERQUE NM
133 AM MST FRI JAN 20 2017


...................................

...THE ROSWELL NM CLIMATE SUMMARY FOR JANUARY 19 2017...

CLIMATE NORMAL PERIOD 1981 TO 2010
CLIMATE RECORD PERIOD 1893 TO 2017


WEATHER ITEM   OBSERVED TIME   RECORD YEAR NORMAL DEPARTURE
                VALUE   (LST)  VALUE       VALUE  FROM
                                                  NORMAL
...............................................................
TEMPERATURE (F)
 YESTERDAY
  MAXIMUM         64    134 PM  80    2012  55      9
                                      2000
  MINIMUM         29    648 AM   6    1963  26      3
                                      1940
                                      1922
  AVERAGE         47                        41      6

PRECIPITATION (IN)
  YESTERDAY        0.00          0.46 1993   0.01  -0.01
  MONTH TO DATE    1.09                      0.22   0.87
  SINCE DEC 1      1.39                      0.86   0.53
  SINCE JAN 1      1.09                      0.22   0.87

SNOWFALL (IN)
  YESTERDAY        0.0
  MONTH TO DATE    2.5
  SINCE DEC 1      2.5
  SINCE JUL 1      2.5

DEGREE DAYS
 HEATING
  YESTERDAY       18                        24     -6
  MONTH TO DATE  402                       478    -76
  SINCE DEC 1   1134                      1242   -108
  SINCE JUL 1   1520                      1888   -368

 COOLING
  YESTERDAY        0                         0      0
  MONTH TO DATE    0                         0      0
  SINCE DEC 1      0                         0      0
  SINCE JAN 1      0                         0      0
...............................................................


WIND (MPH)
  HIGHEST WIND SPEED    26   HIGHEST WIND DIRECTION     W (290)
  HIGHEST GUST SPEED    33   HIGHEST GUST DIRECTION     W (280)
  AVERAGE WIND SPEED    10.7


SKY COVER
  AVERAGE SKY COVER 0.0


WEATHER CONDITIONS
 THE FOLLOWING WEATHER WAS RECORDED YESTERDAY.
  NO SIGNIFICANT WEATHER WAS OBSERVED.


RELATIVE HUMIDITY (PERCENT)
 HIGHEST    89           400 AM
 LOWEST     20          1200 PM
 AVERAGE    55

..........................................................


THE ROSWELL NM CLIMATE NORMALS FOR TODAY
                         NORMAL    RECORD    YEAR
 MAXIMUM TEMPERATURE (F)   56        80      1911
 MINIMUM TEMPERATURE (F)   26        -2      1963


SUNRISE AND SUNSET
JANUARY 20 2017.......SUNRISE   700 AM MST   SUNSET   519 PM MST
JANUARY 21 2017.......SUNRISE   700 AM MST   SUNSET   520 PM MST


-  INDICATES NEGATIVE NUMBERS.
R  INDICATES RECORD WAS SET OR TIED.
MM INDICATES DATA IS MISSING.
T  INDICATES TRACE AMOUNT.




$$
