000
CDUS45 KABQ 270826
CLIROW


CLIMATE REPORT
NATIONAL WEATHER SERVICE ALBUQUERQUE NM
226 AM MDT FRI MAY 27 2016


...................................

...THE ROSWELL NM CLIMATE SUMMARY FOR MAY 26 2016...

CLIMATE NORMAL PERIOD 1981 TO 2010
CLIMATE RECORD PERIOD 1893 TO 2016


WEATHER ITEM   OBSERVED TIME   RECORD YEAR NORMAL DEPARTURE
                VALUE   (LST)  VALUE       VALUE  FROM
                                                  NORMAL
...............................................................
TEMPERATURE (F)
 YESTERDAY
  MAXIMUM         90    128 PM 106    1896  89      1
  MINIMUM         55   1154 PM  36    1913  58     -3
  AVERAGE         73                        73      0

PRECIPITATION (IN)
  YESTERDAY        0.00          1.31 1914   0.04  -0.04
  MONTH TO DATE    0.60                      1.03  -0.43
  SINCE MAR 1      1.37                      2.15  -0.78
  SINCE JAN 1      1.93                      2.95  -1.02

SNOWFALL (IN)
  YESTERDAY        0.0
  MONTH TO DATE    0.0
  SINCE MAR 1      T
  SINCE JUL 1     17.8

DEGREE DAYS
 HEATING
  YESTERDAY        0                         0      0
  MONTH TO DATE   62                        27     35
  SINCE MAR 1    477                       578   -101
  SINCE JUL 1   3037                      3285   -248

 COOLING
  YESTERDAY        8                         8      0
  MONTH TO DATE  121                       139    -18
  SINCE MAR 1    141                       179    -38
  SINCE JAN 1    141                       179    -38
...............................................................


WIND (MPH)
  HIGHEST WIND SPEED    31   HIGHEST WIND DIRECTION    SW (210)
  HIGHEST GUST SPEED    41   HIGHEST GUST DIRECTION    SW (240)
  AVERAGE WIND SPEED    13.5


SKY COVER
  AVERAGE SKY COVER 0.0


WEATHER CONDITIONS
 THE FOLLOWING WEATHER WAS RECORDED YESTERDAY.
  NO SIGNIFICANT WEATHER WAS OBSERVED.


RELATIVE HUMIDITY (PERCENT)
 HIGHEST    22           300 AM
 LOWEST      6           500 PM
 AVERAGE    14

..........................................................


THE ROSWELL NM CLIMATE NORMALS FOR TODAY
                         NORMAL    RECORD    YEAR
 MAXIMUM TEMPERATURE (F)   89       106      1896
 MINIMUM TEMPERATURE (F)   58        41      1959
                                             1903


SUNRISE AND SUNSET
MAY 27 2016...........SUNRISE   551 AM MDT   SUNSET   800 PM MDT
MAY 28 2016...........SUNRISE   551 AM MDT   SUNSET   800 PM MDT


-  INDICATES NEGATIVE NUMBERS.
R  INDICATES RECORD WAS SET OR TIED.
MM INDICATES DATA IS MISSING.
T  INDICATES TRACE AMOUNT.




$$
