045
CDUS45 KABQ 270831
CLIROW


CLIMATE REPORT
NATIONAL WEATHER SERVICE ALBUQUERQUE NM
230 AM MDT THU APR 27 2017


...................................

...THE ROSWELL NM CLIMATE SUMMARY FOR APRIL 26 2017...

CLIMATE NORMAL PERIOD 1981 TO 2010
CLIMATE RECORD PERIOD 1893 TO 2017


WEATHER ITEM   OBSERVED TIME   RECORD YEAR NORMAL DEPARTURE
                VALUE   (LST)  VALUE       VALUE  FROM
                                                  NORMAL
...............................................................
TEMPERATURE (F)
 YESTERDAY
  MAXIMUM         74    416 PM  98    2012  80     -6
  MINIMUM         52   1035 PM  33    1961  48      4
                                      1960
                                      1921
  AVERAGE         63                        64     -1

PRECIPITATION (IN)
  YESTERDAY        0.00          1.76 1941   0.03  -0.03
  MONTH TO DATE    1.21                      0.50   0.71
  SINCE MAR 1      1.53                      1.01   0.52
  SINCE JAN 1      2.78                      1.81   0.97

SNOWFALL (IN)
  YESTERDAY        0.0
  MONTH TO DATE    0.0
  SINCE MAR 1      0.0
  SINCE JUL 1      2.5

DEGREE DAYS
 HEATING
  YESTERDAY        2                         3     -1
  MONTH TO DATE   80                       152    -72
  SINCE MAR 1    255                       539   -284
  SINCE JUL 1   2400                      3246   -846

 COOLING
  YESTERDAY        0                         2     -2
  MONTH TO DATE   69                        27     42
  SINCE MAR 1    103                        30     73
  SINCE JAN 1    103                        30     73
...............................................................


WIND (MPH)
  HIGHEST WIND SPEED    24   HIGHEST WIND DIRECTION     N (10)
  HIGHEST GUST SPEED    37   HIGHEST GUST DIRECTION     N (10)
  AVERAGE WIND SPEED    12.3


SKY COVER
  AVERAGE SKY COVER 0.0


WEATHER CONDITIONS
 THE FOLLOWING WEATHER WAS RECORDED YESTERDAY.
  HAZE


RELATIVE HUMIDITY (PERCENT)
 HIGHEST    46           700 AM
 LOWEST     19           500 PM
 AVERAGE    33

..........................................................


THE ROSWELL NM CLIMATE NORMALS FOR TODAY
                         NORMAL    RECORD    YEAR
 MAXIMUM TEMPERATURE (F)   80        98      1996
 MINIMUM TEMPERATURE (F)   49        31      1920


SUNRISE AND SUNSET
APRIL 27 2017.........SUNRISE   614 AM MDT   SUNSET   738 PM MDT
APRIL 28 2017.........SUNRISE   613 AM MDT   SUNSET   739 PM MDT


-  INDICATES NEGATIVE NUMBERS.
R  INDICATES RECORD WAS SET OR TIED.
MM INDICATES DATA IS MISSING.
T  INDICATES TRACE AMOUNT.




$$
