000
CDUS43 KARX 012241
CLIRST


CLIMATE REPORT
NATIONAL WEATHER SERVICE LA CROSSE WI
440 PM CST SUN FEB 1 2015


...................................

...THE ROCHESTER MN CLIMATE SUMMARY FOR FEBRUARY 1 2015...
VALID TODAY AS OF 0400 PM LOCAL TIME.

CLIMATE NORMAL PERIOD 1981 TO 2010
CLIMATE RECORD PERIOD 1886 TO 2015


WEATHER ITEM   OBSERVED TIME   RECORD YEAR NORMAL DEPARTURE LAST
                VALUE   (LST)  VALUE       VALUE  FROM      YEAR
                                                  NORMAL
..................................................................
TEMPERATURE (F)
 TODAY
  MAXIMUM         24   1216 AM  53    1931  25     -1       20
  MINIMUM         12    359 PM -31    1918   8      4       -1
  AVERAGE         18                        16      2       10

PRECIPITATION (IN)
  TODAY            0.20          0.56 1933   0.03   0.17      T
  MONTH TO DATE    0.20                      0.03   0.17      T
  SINCE DEC 1      1.84                      2.12  -0.28     2.10
  SINCE JAN 1      0.82                      0.89  -0.07     1.00

SNOWFALL (IN)
  TODAY            3.9           5.0  1915   0.4    3.5       T
  MONTH TO DATE    3.9                       0.4    3.5       T
  SINCE JUL 1     31.3                      31.8   -0.5     29.2
  SNOW DEPTH       6

DEGREE DAYS
 HEATING
  TODAY           47                        48     -1       55
  MONTH TO DATE   47                        48     -1       55
  SINCE JUL 1   4748                      4656     92     5152

 COOLING
  TODAY            0                         0      0        0
  MONTH TO DATE    0                         0      0        0
  SINCE JAN 1      0                         0      0        0
..................................................................


WIND (MPH)
  HIGHEST WIND SPEED    28   HIGHEST WIND DIRECTION    NE (40)
  HIGHEST GUST SPEED    34   HIGHEST GUST DIRECTION    NE (50)
  AVERAGE WIND SPEED    21.4


SKY COVER
  POSSIBLE SUNSHINE  MM
  AVERAGE SKY COVER 1.0


WEATHER CONDITIONS
 THE FOLLOWING WEATHER WAS RECORDED TODAY.
  SNOW
  LIGHT SNOW
  FOG
  BLOWING SNOW


RELATIVE HUMIDITY (PERCENT)
 HIGHEST    92           400 AM
 LOWEST     61           400 PM
 AVERAGE    77

..........................................................


THE ROCHESTER MN CLIMATE NORMALS FOR TOMORROW
                         NORMAL    RECORD    YEAR
 MAXIMUM TEMPERATURE (F)   25        48      2012
 MINIMUM TEMPERATURE (F)    9       -35      1996


SUNRISE AND SUNSET
FEBRUARY  1 2015......SUNRISE   727 AM CST   SUNSET   520 PM CST
FEBRUARY  2 2015......SUNRISE   726 AM CST   SUNSET   522 PM CST


-  INDICATES NEGATIVE NUMBERS.
R  INDICATES RECORD WAS SET OR TIED.
MM INDICATES DATA IS MISSING.
T  INDICATES TRACE AMOUNT.




$$
