000
CDUS45 KCYS 302126
CLIRWL


CLIMATE REPORT
NATIONAL WEATHER SERVICE CHEYENNE WY
326 PM MDT THU JUL 30 2015


...................................

...THE RAWLINS WY AIRPORT CLIMATE SUMMARY FOR JULY 30 2015...
VALID AS OF 0300 PM LOCAL TIME.

CLIMATE NORMAL PERIOD 1981 TO 2010
CLIMATE RECORD PERIOD 1951 TO 2015


WEATHER ITEM   OBSERVED TIME   RECORD YEAR NORMAL DEPARTURE LAST
                VALUE   (LST)  VALUE       VALUE  FROM      YEAR
                                                  NORMAL
..................................................................
TEMPERATURE (F)
 TODAY
  MAXIMUM         85    159 PM  94    2006  84      1       66
  MINIMUM         38R   430 AM  38    1971  51    -13       52
  AVERAGE         62                        68     -6       59

PRECIPITATION (IN)
  TODAY            0.00          0.45 1956   0.03  -0.03     0.04
  MONTH TO DATE    0.91                      0.81   0.10     0.50
  SINCE JAN 1      7.78                      5.76   2.02     3.31

DEGREE DAYS
 HEATING
  TODAY            3                         1      2        6
  MONTH TO DATE   37                        37      0       23
  SINCE JUN 1    103                       227   -124      195
  SINCE JUL 1     37                        37      0       23

 COOLING
  TODAY            0                         3     -3        0
  MONTH TO DATE   60                        97    -37      164
  SINCE JUN 1    121                       116      5      175
  SINCE JAN 1    121                       116      5      177
..................................................................


WIND (MPH)
  HIGHEST WIND SPEED    16   HIGHEST WIND DIRECTION     W (280)
  HIGHEST GUST SPEED    23   HIGHEST GUST DIRECTION     W (280)
  AVERAGE WIND SPEED     2.8


SKY COVER
  AVERAGE SKY COVER 0.0


WEATHER CONDITIONS
 THE FOLLOWING WEATHER WAS RECORDED TODAY.
  NO SIGNIFICANT WEATHER WAS OBSERVED.


RELATIVE HUMIDITY (PERCENT)
 HIGHEST    37           500 AM
 LOWEST      8           100 PM
 AVERAGE    23

..........................................................


THE RAWLINS WY AIRPORT CLIMATE NORMALS FOR TOMORROW
                         NORMAL    RECORD    YEAR
 MAXIMUM TEMPERATURE (F)   84        95      2000
 MINIMUM TEMPERATURE (F)   51        44      1990


SUNRISE AND SUNSET
JULY 30 2015..........SUNRISE   601 AM MDT   SUNSET   829 PM MDT
JULY 31 2015..........SUNRISE   602 AM MDT   SUNSET   828 PM MDT


-  INDICATES NEGATIVE NUMBERS.
R  INDICATES RECORD WAS SET OR TIED.
MM INDICATES DATA IS MISSING.
T  INDICATES TRACE AMOUNT.




$$
