000
CDUS45 KCYS 190735
CLIRWL


CLIMATE REPORT
NATIONAL WEATHER SERVICE CHEYENNE WY
134 AM MDT FRI SEP 19 2014


...................................

...THE RAWLINS WY AIRPORT CLIMATE SUMMARY FOR SEPTEMBER 18 2014...

CLIMATE NORMAL PERIOD 1981 TO 2010
CLIMATE RECORD PERIOD 1951 TO 2014


WEATHER ITEM   OBSERVED TIME   RECORD YEAR NORMAL DEPARTURE LAST
                VALUE   (LST)  VALUE       VALUE  FROM      YEAR
                                                  NORMAL
..................................................................
TEMPERATURE (F)
 YESTERDAY
  MAXIMUM         84R   229 PM  82    2010  70     14       76
                                      1956
  MINIMUM         40    602 AM  17    1965  39      1       43
  AVERAGE         62                        54      8       60

PRECIPITATION (IN)
  YESTERDAY        0.00          0.36 1989   0.04  -0.04     0.00
  MONTH TO DATE    0.57                      0.56   0.01     2.07
  SINCE JAN 1      5.09                      7.11  -2.02     5.84

DEGREE DAYS
 HEATING
  YESTERDAY        3                        11     -8        5
  MONTH TO DATE  138                       132      6       51
  SINCE SEP 1    138                       132      6       51
  SINCE JUL 1    238                       225     13       59

 COOLING
  YESTERDAY        0                         0      0        0
  MONTH TO DATE    2                         2      0       49
  SINCE SEP 1      2                         2      0       49
  SINCE JAN 1    211                       183     28      371
..................................................................


WIND (MPH)
  HIGHEST WIND SPEED    21   HIGHEST WIND DIRECTION    SW (220)
  HIGHEST GUST SPEED    28   HIGHEST GUST DIRECTION    SW (230)
  AVERAGE WIND SPEED     6.6


SKY COVER
  AVERAGE SKY COVER 0.0


WEATHER CONDITIONS
 THE FOLLOWING WEATHER WAS RECORDED YESTERDAY.
  NO SIGNIFICANT WEATHER WAS OBSERVED.


RELATIVE HUMIDITY (PERCENT)
 HIGHEST    79           600 AM
 LOWEST     12           200 PM
 AVERAGE    46

..........................................................


THE RAWLINS WY AIRPORT CLIMATE NORMALS FOR TODAY
                         NORMAL    RECORD    YEAR
 MAXIMUM TEMPERATURE (F)   69        86      2010
 MINIMUM TEMPERATURE (F)   39        24      1978
                                             1965


SUNRISE AND SUNSET
SEPTEMBER 19 2014.....SUNRISE   653 AM MDT   SUNSET   711 PM MDT
SEPTEMBER 20 2014.....SUNRISE   654 AM MDT   SUNSET   709 PM MDT


-  INDICATES NEGATIVE NUMBERS.
R  INDICATES RECORD WAS SET OR TIED.
MM INDICATES DATA IS MISSING.
T  INDICATES TRACE AMOUNT.




$$
