000
CDUS45 KCYS 190735
CLIRWL


CLIMATE REPORT
NATIONAL WEATHER SERVICE CHEYENNE WY
1235 AM MST FRI DEC 19 2014


...................................

...THE RAWLINS WY AIRPORT CLIMATE SUMMARY FOR DECEMBER 18 2014...

CLIMATE NORMAL PERIOD 1981 TO 2010
CLIMATE RECORD PERIOD 1951 TO 2014


WEATHER ITEM   OBSERVED TIME   RECORD YEAR NORMAL DEPARTURE LAST
                VALUE   (LST)  VALUE       VALUE  FROM      YEAR
                                                  NORMAL
..................................................................
TEMPERATURE (F)
 YESTERDAY
  MAXIMUM         28    316 PM  49    1980  30     -2       44
                                      1979
                                      1969
  MINIMUM         17    410 AM -20    1989  12      5       28
  AVERAGE         23                        21      2       36

PRECIPITATION (IN)
  YESTERDAY        0.00          0.23 2008   0.02  -0.02     0.00
  MONTH TO DATE    0.24                      0.25  -0.01     0.55
  SINCE JAN 1      6.90                      9.07  -2.17     8.37

DEGREE DAYS
 HEATING
  YESTERDAY       42                        44     -2       29
  MONTH TO DATE  578                       779   -201      848
  SINCE DEC 1    578                       779   -201      848
  SINCE JUL 1   2469                      2885   -416     2832

 COOLING
  YESTERDAY        0                         0      0        0
  MONTH TO DATE    0                         0      0        0
  SINCE DEC 1      0                         0      0        0
  SINCE JAN 1    211                       186     25      371
..................................................................


WIND (MPH)
  HIGHEST WIND SPEED    21   HIGHEST WIND DIRECTION     W (250)
  HIGHEST GUST SPEED    26   HIGHEST GUST DIRECTION     W (250)
  AVERAGE WIND SPEED    11.5


SKY COVER
  AVERAGE SKY COVER 0.1


WEATHER CONDITIONS
 THE FOLLOWING WEATHER WAS RECORDED YESTERDAY.
  NO SIGNIFICANT WEATHER WAS OBSERVED.


RELATIVE HUMIDITY (PERCENT)
 HIGHEST    91           900 AM
 LOWEST     69           100 PM
 AVERAGE    80

..........................................................


THE RAWLINS WY AIRPORT CLIMATE NORMALS FOR TODAY
                         NORMAL    RECORD    YEAR
 MAXIMUM TEMPERATURE (F)   30        47      1979
 MINIMUM TEMPERATURE (F)   12       -16      1990


SUNRISE AND SUNSET
DECEMBER 19 2014......SUNRISE   732 AM MST   SUNSET   440 PM MST
DECEMBER 20 2014......SUNRISE   732 AM MST   SUNSET   441 PM MST


-  INDICATES NEGATIVE NUMBERS.
R  INDICATES RECORD WAS SET OR TIED.
MM INDICATES DATA IS MISSING.
T  INDICATES TRACE AMOUNT.




$$
