000
CDUS45 KPIH 232321
CLIRXE


CLIMATE REPORT
NATIONAL WEATHER SERVICE POCATELLO ID
521 PM MDT WED AUG 23 2017


...................................

...THE REXBURG ID CLIMATE SUMMARY FOR AUGUST 23 2017...
VALID TODAY AS OF 0500 PM LOCAL TIME.

CLIMATE NORMAL PERIOD 1981 TO 2010
CLIMATE RECORD PERIOD 1998 TO 2017


WEATHER ITEM   OBSERVED TIME   RECORD YEAR NORMAL DEPARTURE LAST
                VALUE   (LST)  VALUE       VALUE  FROM      YEAR
                                                  NORMAL
..................................................................
TEMPERATURE (F)
 TODAY
  MAXIMUM         80    253 PM  91    2006  82     -2       80
                                      2000
  MINIMUM         49    613 AM  38    2015  48      1       41
                                      2008
  AVERAGE         65                        65      0       61

PRECIPITATION (IN)
  TODAY            0.00         MM      MM   0.03  -0.03     0.00
  MONTH TO DATE    0.02                      0.65  -0.63     0.04
  SINCE OCT 1     14.12                     11.82   2.30     9.11
  SINCE JAN 1      8.36                      8.61  -0.25     5.95

SNOWFALL (IN)
  TODAY           MM
  MONTH TO DATE   MM
  SINCE JUN 1     MM
  SINCE JUL 1     MM
  SNOW DEPTH      MM

DEGREE DAYS
 HEATING
  TODAY            0                         2     -2        4
  MONTH TO DATE   12                        19     -7       14
  SINCE JUN 1    132                       221    -89      118
  SINCE JUL 1     13                        49    -36       48

 COOLING
  TODAY            0                         2     -2        0
  MONTH TO DATE   51                        76    -25       63
  SINCE JUN 1    279                       186     93      235
  SINCE JAN 1    280                       190     90      235
..................................................................


WIND (MPH)
  HIGHEST WIND SPEED    23   HIGHEST WIND DIRECTION    SW (240)
  HIGHEST GUST SPEED    29   HIGHEST GUST DIRECTION    SW (230)
  AVERAGE WIND SPEED     6.0


SKY COVER
  POSSIBLE SUNSHINE  MM
  AVERAGE SKY COVER 0.0


WEATHER CONDITIONS
 THE FOLLOWING WEATHER WAS RECORDED TODAY.
  NO SIGNIFICANT WEATHER WAS OBSERVED.


RELATIVE HUMIDITY (PERCENT)
 HIGHEST    71           200 AM
 LOWEST     30           300 PM
 AVERAGE    51

..........................................................


THE REXBURG ID CLIMATE NORMALS FOR TOMORROW
                         NORMAL    RECORD    YEAR
 MAXIMUM TEMPERATURE (F)   82        93      2011
 MINIMUM TEMPERATURE (F)   47        38      2016
                                             2010


SUNRISE AND SUNSET
AUGUST 23 2017........SUNRISE   641 AM MDT   SUNSET   818 PM MDT
AUGUST 24 2017........SUNRISE   642 AM MDT   SUNSET   816 PM MDT


-  INDICATES NEGATIVE NUMBERS.
R  INDICATES RECORD WAS SET OR TIED.
MM INDICATES DATA IS MISSING.
T  INDICATES TRACE AMOUNT.




$$
