000
CDUS45 KPIH 220730
CLIRXE


CLIMATE REPORT
NATIONAL WEATHER SERVICE POCATELLO ID
129 AM MDT TUE JUL 22 2014


...................................

...THE REXBURG ID CLIMATE SUMMARY FOR JULY 21 2014...

CLIMATE NORMAL PERIOD 1981 TO 2010
CLIMATE RECORD PERIOD 1998 TO 2014


WEATHER ITEM   OBSERVED TIME   RECORD YEAR NORMAL DEPARTURE LAST
                VALUE   (LST)  VALUE       VALUE  FROM      YEAR
                                                  NORMAL
..................................................................
TEMPERATURE (F)
 YESTERDAY
  MAXIMUM         87    318 PM  95    2006  85      2       90
                                      2003
  MINIMUM         64   1146 PM  46    2011  51     13       50
                                      2000
  AVERAGE         76                        68      8       70

PRECIPITATION (IN)
  YESTERDAY        0.09         MM      MM   0.01   0.08     0.00
  MONTH TO DATE    1.30                      0.52   0.78     0.14
  SINCE OCT 1      8.95                     10.97  -2.02     8.01
  SINCE JAN 1      7.09                      7.76  -0.67     4.62

SNOWFALL (IN)
  YESTERDAY       MM
  MONTH TO DATE   MM
  SINCE JUN 1     MM
  SINCE JUL 1     MM
  SNOW DEPTH      MM

DEGREE DAYS
 HEATING
  YESTERDAY        0                         0      0        0
  MONTH TO DATE    3                        27    -24        0
  SINCE JUN 1    158                       199    -41      117
  SINCE JUL 1      3                        27    -24        0

 COOLING
  YESTERDAY       11                         4      7        5
  MONTH TO DATE  124                        49     75      149
  SINCE JUN 1    127                        67     60      208
  SINCE JAN 1    127                        71     56      210
..................................................................


WIND (MPH)
  HIGHEST WIND SPEED    23   HIGHEST WIND DIRECTION     W (250)
  HIGHEST GUST SPEED    30   HIGHEST GUST DIRECTION     S (200)
  AVERAGE WIND SPEED    12.3


SKY COVER
  POSSIBLE SUNSHINE  MM
  AVERAGE SKY COVER 0.2


WEATHER CONDITIONS
 THE FOLLOWING WEATHER WAS RECORDED YESTERDAY.
  THUNDERSTORM
  RAIN
  LIGHT RAIN


RELATIVE HUMIDITY (PERCENT)
 HIGHEST    66           600 PM
 LOWEST     29           300 PM
 AVERAGE    48

..........................................................


THE REXBURG ID CLIMATE NORMALS FOR TODAY
                         NORMAL    RECORD    YEAR
 MAXIMUM TEMPERATURE (F)   86        96      2007
                                             2006
                                             2003
 MINIMUM TEMPERATURE (F)   51        45      1999


SUNRISE AND SUNSET
JULY 22 2014..........SUNRISE   606 AM MDT   SUNSET   901 PM MDT
JULY 23 2014..........SUNRISE   607 AM MDT   SUNSET   900 PM MDT


-  INDICATES NEGATIVE NUMBERS.
R  INDICATES RECORD WAS SET OR TIED.
MM INDICATES DATA IS MISSING.
T  INDICATES TRACE AMOUNT.




$$
