000
CDUS45 KPIH 190729
CLIRXE


CLIMATE REPORT
NATIONAL WEATHER SERVICE POCATELLO ID
1228 AM MST SUN FEB 19 2017


...................................

...THE REXBURG ID CLIMATE SUMMARY FOR FEBRUARY 18 2017...

CLIMATE NORMAL PERIOD 1981 TO 2010
CLIMATE RECORD PERIOD 1998 TO 2017


WEATHER ITEM   OBSERVED TIME   RECORD YEAR NORMAL DEPARTURE LAST
                VALUE   (LST)  VALUE       VALUE  FROM      YEAR
                                                  NORMAL
..................................................................
TEMPERATURE (F)
 YESTERDAY
  MAXIMUM         46    312 PM  47    2015  33     13       44
  MINIMUM         34   1258 AM  -8    2006  13     21       32
  AVERAGE         40                        23     17       38

PRECIPITATION (IN)
  YESTERDAY        0.08         MM      MM   0.03   0.05     0.02
  MONTH TO DATE    0.59                      0.53   0.06     0.12
  SINCE OCT 1      7.49                      4.48   3.01     4.91
  SINCE JAN 1      1.73                      1.27   0.46     1.75

SNOWFALL (IN)
  YESTERDAY       MM
  MONTH TO DATE   MM
  SINCE DEC 1     MM
  SINCE JUL 1     MM
  SNOW DEPTH      MM

DEGREE DAYS
 HEATING
  YESTERDAY       25                        42    -17       27
  MONTH TO DATE  629                       794   -165      747
  SINCE DEC 1   3766                      3559    207     3449
  SINCE JUL 1   5413                      5571   -158     5183

 COOLING
  YESTERDAY        0                         0      0        0
  MONTH TO DATE    0                         0      0        0
  SINCE DEC 1      0                         0      0        0
  SINCE JAN 1      0                         0      0        0
..................................................................


WIND (MPH)
  HIGHEST WIND SPEED    20   HIGHEST WIND DIRECTION     S (190)
  HIGHEST GUST SPEED    30   HIGHEST GUST DIRECTION     S (180)
  AVERAGE WIND SPEED     8.2


SKY COVER
  POSSIBLE SUNSHINE  MM
  AVERAGE SKY COVER 1.0


WEATHER CONDITIONS
 THE FOLLOWING WEATHER WAS RECORDED YESTERDAY.
  LIGHT RAIN


RELATIVE HUMIDITY (PERCENT)
 HIGHEST   100          1200 AM
 LOWEST     65           100 PM
 AVERAGE    83

..........................................................


THE REXBURG ID CLIMATE NORMALS FOR TODAY
                         NORMAL    RECORD    YEAR
 MAXIMUM TEMPERATURE (F)   33        51      2015
 MINIMUM TEMPERATURE (F)   13        -2      2010
                                             2006


SUNRISE AND SUNSET
FEBRUARY 19 2017......SUNRISE   720 AM MST   SUNSET   603 PM MST
FEBRUARY 20 2017......SUNRISE   718 AM MST   SUNSET   604 PM MST


-  INDICATES NEGATIVE NUMBERS.
R  INDICATES RECORD WAS SET OR TIED.
MM INDICATES DATA IS MISSING.
T  INDICATES TRACE AMOUNT.




$$
