000
CDUS45 KPIH 302331
CLIRXE


CLIMATE REPORT
NATIONAL WEATHER SERVICE POCATELLO ID
528 PM MDT SAT AUG 30 2014


...................................

...THE REXBURG ID CLIMATE SUMMARY FOR AUGUST 30 2014...
VALID TODAY AS OF 0500 PM LOCAL TIME.

CLIMATE NORMAL PERIOD 1981 TO 2010
CLIMATE RECORD PERIOD 1998 TO 2014


WEATHER ITEM   OBSERVED TIME   RECORD YEAR NORMAL DEPARTURE LAST
                VALUE   (LST)  VALUE       VALUE  FROM      YEAR
                                                  NORMAL
..................................................................
TEMPERATURE (F)
 TODAY
  MAXIMUM         69    859 AM  91    2008  79    -10       90
                                      2007
  MINIMUM         55    606 AM  41    2005  45     10       53
  AVERAGE         62                        62      0       72

PRECIPITATION (IN)
  TODAY            0.06         MM      MM   0.04   0.02     0.01
  MONTH TO DATE    3.86                      0.92   2.94     0.16
  SINCE OCT 1     12.81                     12.09   0.72     8.67
  SINCE JAN 1     10.95                      8.88   2.07     5.28

SNOWFALL (IN)
  TODAY           MM
  MONTH TO DATE   MM
  SINCE JUN 1     MM
  SINCE JUL 1     MM
  SNOW DEPTH      MM

DEGREE DAYS
 HEATING
  TODAY            3                         4     -1        0
  MONTH TO DATE   58                        38     20        0
  SINCE JUN 1    221                       240    -19      117
  SINCE JUL 1     66                        68     -2        0

 COOLING
  TODAY            0                         1     -1        7
  MONTH TO DATE   56                        84    -28      158
  SINCE JUN 1    222                       194     28      410
  SINCE JAN 1    222                       198     24      412
..................................................................


WIND (MPH)
  HIGHEST WIND SPEED    20   HIGHEST WIND DIRECTION    SW (220)
  HIGHEST GUST SPEED    26   HIGHEST GUST DIRECTION     N (350)
  AVERAGE WIND SPEED     7.1


SKY COVER
  POSSIBLE SUNSHINE  MM
  AVERAGE SKY COVER 0.5


WEATHER CONDITIONS
 THE FOLLOWING WEATHER WAS RECORDED TODAY.
  THUNDERSTORM
  HEAVY RAIN
  LIGHT RAIN


RELATIVE HUMIDITY (PERCENT)
 HIGHEST    77           500 AM
 LOWEST     42           900 AM
 AVERAGE    60

..........................................................


THE REXBURG ID CLIMATE NORMALS FOR TOMORROW
                         NORMAL    RECORD    YEAR
 MAXIMUM TEMPERATURE (F)   79        89      1998
 MINIMUM TEMPERATURE (F)   45        33      2006


SUNRISE AND SUNSET
AUGUST 30 2014........SUNRISE   648 AM MDT   SUNSET   806 PM MDT
AUGUST 31 2014........SUNRISE   650 AM MDT   SUNSET   805 PM MDT


-  INDICATES NEGATIVE NUMBERS.
R  INDICATES RECORD WAS SET OR TIED.
MM INDICATES DATA IS MISSING.
T  INDICATES TRACE AMOUNT.




$$
