000
CDUS45 KPIH 202327
CLIRXE


CLIMATE REPORT
NATIONAL WEATHER SERVICE POCATELLO ID
424 PM MST TUE FEB 20 2018


...................................

...THE REXBURG ID CLIMATE SUMMARY FOR FEBRUARY 20 2018...
VALID TODAY AS OF 0400 PM LOCAL TIME.

CLIMATE NORMAL PERIOD 1981 TO 2010
CLIMATE RECORD PERIOD 1998 TO 2018


WEATHER ITEM   OBSERVED TIME   RECORD YEAR NORMAL DEPARTURE LAST
                VALUE   (LST)  VALUE       VALUE  FROM      YEAR
                                                  NORMAL
..................................................................
TEMPERATURE (F)
 TODAY
  MAXIMUM         14    359 PM  46    2015  34    -20       43
  MINIMUM          4    631 AM  -4    2010  13     -9       31
  AVERAGE          9                        24    -15       37

PRECIPITATION (IN)
  TODAY            T            MM      MM   0.03  -0.03     0.04
  MONTH TO DATE    0.05                      0.59  -0.54     0.85
  SINCE OCT 1      3.47                      4.54  -1.07     7.75
  SINCE JAN 1      1.37                      1.33   0.04     1.99

SNOWFALL (IN)
  TODAY           MM
  MONTH TO DATE   MM
  SINCE DEC 1     MM
  SINCE JUL 1     MM
  SNOW DEPTH      MM

DEGREE DAYS
 HEATING
  TODAY           56                        42     14       28
  MONTH TO DATE  689                       878   -189      685
  SINCE DEC 1   3220                      3643   -423     3822
  SINCE JUL 1   5099                      5655   -556     5469

 COOLING
  TODAY            0                         0      0        0
  MONTH TO DATE    0                         0      0        0
  SINCE DEC 1      0                         0      0        0
  SINCE JAN 1      0                         0      0        0
..................................................................


WIND (MPH)
  HIGHEST WIND SPEED    22   HIGHEST WIND DIRECTION    SW (230)
  HIGHEST GUST SPEED    29   HIGHEST GUST DIRECTION    SW (220)
  AVERAGE WIND SPEED     7.7


SKY COVER
  POSSIBLE SUNSHINE  MM
  AVERAGE SKY COVER 1.0


WEATHER CONDITIONS
 THE FOLLOWING WEATHER WAS RECORDED TODAY.
  LIGHT SNOW
  FOG
  HAZE


RELATIVE HUMIDITY (PERCENT)
 HIGHEST    73          1200 PM
 LOWEST     57           200 AM
 AVERAGE    65

..........................................................


THE REXBURG ID CLIMATE NORMALS FOR TOMORROW
                         NORMAL    RECORD    YEAR
 MAXIMUM TEMPERATURE (F)   34        48      2000
 MINIMUM TEMPERATURE (F)   14        -2      2008


SUNRISE AND SUNSET
FEBRUARY 20 2018......SUNRISE   718 AM MST   SUNSET   604 PM MST
FEBRUARY 21 2018......SUNRISE   717 AM MST   SUNSET   605 PM MST


-  INDICATES NEGATIVE NUMBERS.
R  INDICATES RECORD WAS SET OR TIED.
MM INDICATES DATA IS MISSING.
T  INDICATES TRACE AMOUNT.




$$
