000
CDUS45 KPIH 232323
CLIRXE


CLIMATE REPORT
NATIONAL WEATHER SERVICE POCATELLO ID
522 PM MDT TUE MAY 23 2017


...................................

...THE REXBURG ID CLIMATE SUMMARY FOR MAY 23 2017...
VALID TODAY AS OF 0500 PM LOCAL TIME.

CLIMATE NORMAL PERIOD 1981 TO 2010
CLIMATE RECORD PERIOD 1998 TO 2017


WEATHER ITEM   OBSERVED TIME   RECORD YEAR NORMAL DEPARTURE LAST
                VALUE   (LST)  VALUE       VALUE  FROM      YEAR
                                                  NORMAL
..................................................................
TEMPERATURE (F)
 TODAY
  MAXIMUM         75    356 PM  84    2003  68      7       62
  MINIMUM         40    539 AM  32    2010  41     -1       37
                                      2007
  AVERAGE         58                        54      4       50

PRECIPITATION (IN)
  TODAY            0.00         MM      MM   0.05  -0.05     0.00
  MONTH TO DATE    0.80                      1.25  -0.45     1.76
  SINCE OCT 1     11.81                      8.57   3.24     8.58
  SINCE JAN 1      6.05                      5.36   0.69     5.42

SNOWFALL (IN)
  TODAY           MM
  MONTH TO DATE   MM
  SINCE MAR 1     MM
  SINCE JUL 1     MM
  SNOW DEPTH      MM

DEGREE DAYS
 HEATING
  TODAY            7                        11     -4       15
  MONTH TO DATE  274                       316    -42      278
  SINCE MAR 1   1671                      1908   -237     1638
  SINCE JUL 1   7466                      7881   -415     7215

 COOLING
  TODAY            0                         0      0        0
  MONTH TO DATE    0                         0      0        0
  SINCE MAR 1      0                         0      0        0
  SINCE JAN 1      0                         0      0        0
..................................................................


WIND (MPH)
  HIGHEST WIND SPEED    15   HIGHEST WIND DIRECTION    SW (230)
  HIGHEST GUST SPEED    20   HIGHEST GUST DIRECTION    SW (230)
  AVERAGE WIND SPEED     5.1


SKY COVER
  POSSIBLE SUNSHINE  MM
  AVERAGE SKY COVER 0.0


WEATHER CONDITIONS
 THE FOLLOWING WEATHER WAS RECORDED TODAY.
  NO SIGNIFICANT WEATHER WAS OBSERVED.


RELATIVE HUMIDITY (PERCENT)
 HIGHEST    85           500 AM
 LOWEST     27           300 PM
 AVERAGE    56

..........................................................


THE REXBURG ID CLIMATE NORMALS FOR TOMORROW
                         NORMAL    RECORD    YEAR
 MAXIMUM TEMPERATURE (F)   68        87      2003
 MINIMUM TEMPERATURE (F)   41        31      2012


SUNRISE AND SUNSET
MAY 23 2017...........SUNRISE   554 AM MDT   SUNSET   855 PM MDT
MAY 24 2017...........SUNRISE   553 AM MDT   SUNSET   856 PM MDT


-  INDICATES NEGATIVE NUMBERS.
R  INDICATES RECORD WAS SET OR TIED.
MM INDICATES DATA IS MISSING.
T  INDICATES TRACE AMOUNT.




$$
