000
CDUS45 KPIH 180735
CLIRXE


CLIMATE REPORT
NATIONAL WEATHER SERVICE POCATELLO ID
135 AM MDT THU SEP 18 2014


...................................

...THE REXBURG ID CLIMATE SUMMARY FOR SEPTEMBER 17 2014...

CLIMATE NORMAL PERIOD 1981 TO 2010
CLIMATE RECORD PERIOD 1998 TO 2014


WEATHER ITEM   OBSERVED TIME   RECORD YEAR NORMAL DEPARTURE LAST
                VALUE   (LST)  VALUE       VALUE  FROM      YEAR
                                                  NORMAL
..................................................................
TEMPERATURE (F)
 YESTERDAY
  MAXIMUM         86R   439 PM  86    1998  71     15       83
  MINIMUM         48    547 AM  30    2006  39      9       57
  AVERAGE         67                        55     12       70

PRECIPITATION (IN)
  YESTERDAY        0.00         MM      MM   0.03  -0.03     0.25
  MONTH TO DATE    0.17                      0.49  -0.32     0.63
  SINCE OCT 1     13.30                     12.62   0.68     9.30
  SINCE JAN 1     11.44                      9.41   2.03     5.91

SNOWFALL (IN)
  YESTERDAY       MM
  MONTH TO DATE   MM
  SINCE SEP 1     MM
  SINCE JUL 1     MM
  SNOW DEPTH      MM

DEGREE DAYS
 HEATING
  YESTERDAY        0                        10    -10        0
  MONTH TO DATE  131                       121     10        6
  SINCE SEP 1    131                       121     10        6
  SINCE JUL 1    205                       194     11        6

 COOLING
  YESTERDAY        2                         0      2        5
  MONTH TO DATE    3                         5     -2       39
  SINCE SEP 1      3                         5     -2       39
  SINCE JAN 1    225                       207     18      452
..................................................................


WIND (MPH)
  HIGHEST WIND SPEED    12   HIGHEST WIND DIRECTION    SW (210)
  HIGHEST GUST SPEED    15   HIGHEST GUST DIRECTION    SW (210)
  AVERAGE WIND SPEED     4.7


SKY COVER
  POSSIBLE SUNSHINE  MM
  AVERAGE SKY COVER 0.1


WEATHER CONDITIONS
 THE FOLLOWING WEATHER WAS RECORDED YESTERDAY.
  NO SIGNIFICANT WEATHER WAS OBSERVED.


RELATIVE HUMIDITY (PERCENT)
 HIGHEST    80           400 AM
 LOWEST     20           400 PM
 AVERAGE    50

..........................................................


THE REXBURG ID CLIMATE NORMALS FOR TODAY
                         NORMAL    RECORD    YEAR
 MAXIMUM TEMPERATURE (F)   70        83      2009
 MINIMUM TEMPERATURE (F)   39        25      2003


SUNRISE AND SUNSET
SEPTEMBER 18 2014.....SUNRISE   710 AM MDT   SUNSET   732 PM MDT
SEPTEMBER 19 2014.....SUNRISE   711 AM MDT   SUNSET   730 PM MDT


-  INDICATES NEGATIVE NUMBERS.
R  INDICATES RECORD WAS SET OR TIED.
MM INDICATES DATA IS MISSING.
T  INDICATES TRACE AMOUNT.




$$
