000
CDUS45 KPIH 280731
CLIRXE


CLIMATE REPORT
NATIONAL WEATHER SERVICE POCATELLO ID
1230 AM MST SAT FEB 28 2015


...................................

...THE REXBURG ID CLIMATE SUMMARY FOR FEBRUARY 27 2015...

CLIMATE NORMAL PERIOD 1981 TO 2010
CLIMATE RECORD PERIOD 1998 TO 2015


WEATHER ITEM   OBSERVED TIME   RECORD YEAR NORMAL DEPARTURE LAST
                VALUE   (LST)  VALUE       VALUE  FROM      YEAR
                                                  NORMAL
..................................................................
TEMPERATURE (F)
 YESTERDAY
  MAXIMUM         34    528 PM  47    2014  37     -3       47
  MINIMUM         20   1159 PM  -2    2002  16      4       25
  AVERAGE         27                        26      1       36

PRECIPITATION (IN)
  YESTERDAY        T            MM      MM   0.03  -0.03     0.01
  MONTH TO DATE    0.29                      0.80  -0.51     0.51
  SINCE OCT 1      3.78                      4.75  -0.97     3.23
  SINCE JAN 1      1.01                      1.54  -0.53     1.37

SNOWFALL (IN)
  YESTERDAY       MM
  MONTH TO DATE   MM
  SINCE DEC 1     MM
  SINCE JUL 1     MM
  SNOW DEPTH      MM

DEGREE DAYS
 HEATING
  YESTERDAY       38                        39     -1       29
  MONTH TO DATE  826                      1158   -332     1061
  SINCE DEC 1   3237                      3923   -686     4028
  SINCE JUL 1   5047                      5935   -888     5791

 COOLING
  YESTERDAY        0                         0      0        0
  MONTH TO DATE    0                         0      0        0
  SINCE DEC 1      0                         0      0        0
  SINCE JAN 1      0                         0      0        0
..................................................................


WIND (MPH)
  HIGHEST WIND SPEED    13   HIGHEST WIND DIRECTION     E (70)
  HIGHEST GUST SPEED    15   HIGHEST GUST DIRECTION    NE (60)
  AVERAGE WIND SPEED     5.9


SKY COVER
  POSSIBLE SUNSHINE  MM
  AVERAGE SKY COVER 0.7


WEATHER CONDITIONS
 THE FOLLOWING WEATHER WAS RECORDED YESTERDAY.
  LIGHT SNOW
  FOG


RELATIVE HUMIDITY (PERCENT)
 HIGHEST    92           900 AM
 LOWEST     59          1200 AM
 AVERAGE    76

..........................................................


THE REXBURG ID CLIMATE NORMALS FOR TODAY
                         NORMAL    RECORD    YEAR
 MAXIMUM TEMPERATURE (F)   37        48      2014
 MINIMUM TEMPERATURE (F)   17        -3      2001


SUNRISE AND SUNSET
FEBRUARY 28 2015......SUNRISE   706 AM MST   SUNSET   614 PM MST
MARCH  1 2015.........SUNRISE   704 AM MST   SUNSET   616 PM MST


-  INDICATES NEGATIVE NUMBERS.
R  INDICATES RECORD WAS SET OR TIED.
MM INDICATES DATA IS MISSING.
T  INDICATES TRACE AMOUNT.




$$
