000
CDUS46 KSTO 190841
CLISAC

CLIMATE REPORT
NATIONAL WEATHER SERVICE SACRAMENTO, CA
1240 AM PST THU JAN 19 2017


...................................

...THE SACRAMENTO EXEC. AIRPORT CA CLIMATE SUMMARY FOR JANUARY 18 2017...

CLIMATE NORMAL PERIOD 1981 TO 2010
CLIMATE RECORD PERIOD 1930 TO 2017


WEATHER ITEM   OBSERVED TIME   RECORD YEAR NORMAL DEPARTURE LAST
                VALUE   (LST)  VALUE       VALUE  FROM      YEAR
                                                  NORMAL
..................................................................
TEMPERATURE (F)
 YESTERDAY
  MAXIMUM         49   1117 PM  69    2014  54     -5       63
  MINIMUM         42    126 AM  25    2007  39      3       53
  AVERAGE         46

PRECIPITATION (IN)
  YESTERDAY        0.91          0.94 1973   0.11   0.80     0.51
  MONTH TO DATE    8.12                      2.12   6.00     3.87
  SINCE OCT 1     17.57                      8.40   9.17     7.31
  SINCE JAN 1      8.12                      2.12   6.00     3.87

SNOWFALL (IN)
  YESTERDAY        0.0           0.0  2002   0.0             0.0
  MONTH TO DATE    0.0                       0.0             0.0
  SINCE DEC 1      0.0                       0.0             0.0
  SINCE JUL 1      0.0                       0.0             0.0

DEGREE DAYS
 HEATING
  YESTERDAY       19

 COOLING
  YESTERDAY        0
..................................................................


WIND (MPH)
  RESULTANT WIND SPEED  12   RESULTANT WIND DIRECTION  SE (150)
  HIGHEST WIND SPEED    36   HIGHEST WIND DIRECTION    SE (150)
  HIGHEST GUST SPEED    53   HIGHEST GUST DIRECTION    SE (140)


SKY COVER
  POSSIBLE SUNSHINE  MM
  AVERAGE SKY COVER 1.0


WEATHER CONDITIONS
 THE FOLLOWING WEATHER WAS RECORDED YESTERDAY.
  RAIN
  LIGHT RAIN
  FOG


RELATIVE HUMIDITY (PERCENT)
 HIGHEST   100
 LOWEST     86
 AVERAGE    93

..........................................................


THE SACRAMENTO EXEC. AIRPORT CA CLIMATE NORMALS FOR TODAY
                         NORMAL    RECORD    YEAR
 MAXIMUM TEMPERATURE (F)   54        70      2014
                                             1991
 MINIMUM TEMPERATURE (F)   39        24      1947


SUNRISE AND SUNSET
JANUARY 19 2017.......SUNRISE   720 AM PST   SUNSET   514 PM PST
JANUARY 20 2017.......SUNRISE   720 AM PST   SUNSET   515 PM PST


-  INDICATES NEGATIVE NUMBERS.
R  INDICATES RECORD WAS SET OR TIED.
MM INDICATES DATA IS MISSING.
T  INDICATES TRACE AMOUNT.

&&
....................................................................

SACRAMENTO CITY CLIMATE DATA FOR WEDNESDAY JANUARY 18 2017

HIGH...   49  RECORD HIGH    70 IN 2014    NORMAL    HIGH   54
LOW....   43  RECORD LOW     25 IN 1888    NORMAL    LOW    41

RAIN SINCE MIDNIGHT....  0.93   RECORD THIS DATE....... 1.22 IN 1973
TOTAL THIS MONTH.......  8.11   NORMAL SINCE OCT 1ST..........  9.32
TOTAL SINCE OCT 1ST.... 17.62   PERCENT OF NORMAL.............  189%

$$
