000
CDUS46 KSTO 070056
CLISAC

CLIMATE REPORT
NATIONAL WEATHER SERVICE SACRAMENTO, CA
548 PM PDT MON JUL 6 2015


...................................

...THE SACRAMENTO EXEC. AIRPORT CA CLIMATE SUMMARY FOR JULY 6 2015...
VALID TODAY AS OF 0500 PM LOCAL TIME.

CLIMATE NORMAL PERIOD 1981 TO 2010
CLIMATE RECORD PERIOD 1930 TO 2015


WEATHER ITEM   OBSERVED TIME   RECORD YEAR NORMAL DEPARTURE LAST
                VALUE   (LST)  VALUE       VALUE  FROM      YEAR
                                                  NORMAL
..................................................................
TEMPERATURE (F)
 TODAY
  MAXIMUM         92    340 PM 104    1989  91      1       98
  MINIMUM         60    546 AM  49    1955  58      2       57
  AVERAGE         76

PRECIPITATION (IN)
  TODAY            0.00          T    1957   0.00   0.00     0.00
  MONTH TO DATE    T                         0.01  -0.01     0.00
  SINCE OCT 1     15.41                     18.19  -2.78     9.20
  SINCE JAN 1      5.03                     11.91  -6.88     7.89

SNOWFALL (IN)
  TODAY            0.0          MM      MM   0.0             0.0
  MONTH TO DATE    0.0                       0.0             0.0
  SINCE JUN 1      0.0                       0.0             0.0
  SINCE JUL 1      0.0                       0.0             0.0

DEGREE DAYS
 HEATING
  TODAY            0

 COOLING
  TODAY           11
..................................................................


WIND (MPH)
  RESULTANT WIND SPEED   6   RESULTANT WIND DIRECTION   S (180)
  HIGHEST WIND SPEED    15   HIGHEST WIND DIRECTION     S (200)
  HIGHEST GUST SPEED    21   HIGHEST GUST DIRECTION    SW (220)


SKY COVER
  POSSIBLE SUNSHINE  MM
  AVERAGE SKY COVER 0.0


WEATHER CONDITIONS
 THE FOLLOWING WEATHER WAS RECORDED TODAY.
  NO SIGNIFICANT WEATHER WAS OBSERVED.


RELATIVE HUMIDITY (PERCENT)
 HIGHEST    84
 LOWEST     30
 AVERAGE    57

..........................................................


THE SACRAMENTO EXEC. AIRPORT CA CLIMATE NORMALS FOR TOMORROW
                         NORMAL    RECORD    YEAR
 MAXIMUM TEMPERATURE (F)   92       109      1989
 MINIMUM TEMPERATURE (F)   58        50      1948


SUNRISE AND SUNSET
JULY  6 2015..........SUNRISE   548 AM PDT   SUNSET   833 PM PDT
JULY  7 2015..........SUNRISE   549 AM PDT   SUNSET   833 PM PDT


-  INDICATES NEGATIVE NUMBERS.
R  INDICATES RECORD WAS SET OR TIED.
MM INDICATES DATA IS MISSING.
T  INDICATES TRACE AMOUNT.




&&
....................................................................

SACRAMENTO CITY CLIMATE DATA FOR MONDAY JULY 6 2015

HIGH...   92  RECORD HIGH   105 IN 1989    NORMAL    HIGH   93
LOW....   62  RECORD LOW     50 IN 1899    NORMAL    LOW    61

RAIN SINCE MIDNIGHT....  0.00   RECORD THIS DATE.......    T IN 1936
TOTAL THIS MONTH.......  0.00   NORMAL SINCE OCT 1ST.........  19.9
TOTAL SINCE OCT 1ST... 13.80   PERCENT OF NORMAL.............  69%


$$
NNNN
