000
CDUS46 KSTO 250043
CLISAC

CLIMATE REPORT
NATIONAL WEATHER SERVICE SACRAMENTO, CA
442 PM PST FRI NOV 24 2017


...................................

...THE SACRAMENTO EXEC. AIRPORT CA CLIMATE SUMMARY FOR NOVEMBER 24 2017...
VALID TODAY AS OF 0400 PM LOCAL TIME.

CLIMATE NORMAL PERIOD 1981 TO 2010
CLIMATE RECORD PERIOD 1930 TO 2017


WEATHER ITEM   OBSERVED TIME   RECORD YEAR NORMAL DEPARTURE LAST
                VALUE   (LST)  VALUE       VALUE  FROM      YEAR
                                                  NORMAL
..................................................................
TEMPERATURE (F)
 TODAY
  MAXIMUM         69    123 PM  71    1959  60      9       58
  MINIMUM         49    624 AM  29    1952  41      8       37
  AVERAGE         59

PRECIPITATION (IN)
  TODAY            0.00          1.85 1985   0.08  -0.08     0.00
  MONTH TO DATE    1.94                      1.57   0.37     0.68
  SINCE OCT 1      2.09                      2.52  -0.43     5.40
  SINCE JAN 1     25.72                     14.76  10.96    18.15

SNOWFALL (IN)
  TODAY            0.0           0.0  2002   0.0             0.0
                                      2001
  MONTH TO DATE    0.0                       0.0             0.0
  SINCE SEP 1      0.0                       0.0             0.0
  SINCE JUL 1      0.0                       0.0             0.0

DEGREE DAYS
 HEATING
  TODAY            6

 COOLING
  TODAY            0
..................................................................


WIND (MPH)
  RESULTANT WIND SPEED   2   RESULTANT WIND DIRECTION  NW (300)
  HIGHEST WIND SPEED     8   HIGHEST WIND DIRECTION     N (340)
  HIGHEST GUST SPEED    10   HIGHEST GUST DIRECTION     W (290)


SKY COVER
  POSSIBLE SUNSHINE  MM
  AVERAGE SKY COVER 0.1


WEATHER CONDITIONS
 THE FOLLOWING WEATHER WAS RECORDED TODAY.
  FOG
  FOG W/VISIBILITY <= 1/4 MILE


RELATIVE HUMIDITY (PERCENT)
 HIGHEST   100
 LOWEST     73
 AVERAGE    87

..........................................................


THE SACRAMENTO EXEC. AIRPORT CA CLIMATE NORMALS FOR TOMORROW
                         NORMAL    RECORD    YEAR
 MAXIMUM TEMPERATURE (F)   60        77      1995
                                             1975
 MINIMUM TEMPERATURE (F)   41        26      1993


SUNRISE AND SUNSET
NOVEMBER 24 2017......SUNRISE   658 AM PST   SUNSET   447 PM PST
NOVEMBER 25 2017......SUNRISE   659 AM PST   SUNSET   447 PM PST


-  INDICATES NEGATIVE NUMBERS.
R  INDICATES RECORD WAS SET OR TIED.
MM INDICATES DATA IS MISSING.
T  INDICATES TRACE AMOUNT.

&&
....................................................................

SACRAMENTO CITY CLIMATE DATA FOR FRIDAY NOVEMBER 24 2017

HIGH...   72  RECORD HIGH    73 IN 1959    NORMAL    HIGH   60
LOW....   53  RECORD LOW     30 IN 1931    NORMAL    LOW    43

RAIN SINCE MIDNIGHT....  0.00   RECORD THIS DATE....... 2.27 IN 1985
TOTAL THIS MONTH.......  2.12   NORMAL SINCE OCT 1ST.........  2.9
TOTAL SINCE OCT 1ST...   2.26   PERCENT OF NORMAL.............  78%


$$
NNNN
