000
CDUS46 KSTO 230843
CLISAC

CLIMATE REPORT
NATIONAL WEATHER SERVICE SACRAMENTO, CA
1242 AM PST FRI FEB 23 2018


...................................

...THE SACRAMENTO EXEC. AIRPORT CA CLIMATE SUMMARY FOR FEBRUARY 22 2018...

CLIMATE NORMAL PERIOD 1981 TO 2010
CLIMATE RECORD PERIOD 1930 TO 2018


WEATHER ITEM   OBSERVED TIME   RECORD YEAR NORMAL DEPARTURE LAST
                VALUE   (LST)  VALUE       VALUE  FROM      YEAR
                                                  NORMAL
..................................................................
TEMPERATURE (F)
 YESTERDAY
  MAXIMUM         56    227 PM  75    1985  62     -6       56
  MINIMUM         34   1159 PM  30    1975  42     -8       37
  AVERAGE         45

PRECIPITATION (IN)
  YESTERDAY        0.01          1.26 2009   0.12  -0.11     0.00
  MONTH TO DATE    0.01                      2.75  -2.74     8.25
  SINCE OCT 1      7.63                     12.67  -5.04    27.62
  SINCE JAN 1      5.21                      6.39  -1.18    18.17

SNOWFALL (IN)
  YESTERDAY        0.0          MM      MM   0.0             0.0
  MONTH TO DATE    0.0                       0.0             0.0
  SINCE DEC 1      0.0                       0.0             0.0
  SINCE JUL 1      0.0                       0.0             0.0

DEGREE DAYS
 HEATING
  YESTERDAY       20

 COOLING
  YESTERDAY        0
..................................................................


WIND (MPH)
  RESULTANT WIND SPEED   2   RESULTANT WIND DIRECTION  SW (210)
  HIGHEST WIND SPEED    23   HIGHEST WIND DIRECTION     W (250)
  HIGHEST GUST SPEED    29   HIGHEST GUST DIRECTION    SW (240)


SKY COVER
  POSSIBLE SUNSHINE  MM
  AVERAGE SKY COVER 0.2


WEATHER CONDITIONS
 THE FOLLOWING WEATHER WAS RECORDED YESTERDAY.
  NO SIGNIFICANT WEATHER WAS OBSERVED.


RELATIVE HUMIDITY (PERCENT)
 HIGHEST   100
 LOWEST     38
 AVERAGE    69

..........................................................


THE SACRAMENTO EXEC. AIRPORT CA CLIMATE NORMALS FOR TODAY
                         NORMAL    RECORD    YEAR
 MAXIMUM TEMPERATURE (F)   62        75      1991
 MINIMUM TEMPERATURE (F)   43        32      2017


SUNRISE AND SUNSET
FEBRUARY 23 2018......SUNRISE   646 AM PST   SUNSET   553 PM PST
FEBRUARY 24 2018......SUNRISE   645 AM PST   SUNSET   554 PM PST


-  INDICATES NEGATIVE NUMBERS.
R  INDICATES RECORD WAS SET OR TIED.
MM INDICATES DATA IS MISSING.
T  INDICATES TRACE AMOUNT.

&&
....................................................................

SACRAMENTO CITY CLIMATE DATA FOR THURSDAY FEBRUARY 22 2018

HIGH...   56  RECORD HIGH    78 IN 1985    NORMAL    HIGH   63
LOW....   36  RECORD LOW     32 IN 2013    NORMAL    LOW    45

RAIN SINCE MIDNIGHT....  0.00   RECORD THIS DATE....... 1.05 IN 2000
TOTAL THIS MONTH.......  0.00   NORMAL SINCE OCT 1ST.........  13.84
TOTAL SINCE OCT 1ST....  7.79   PERCENT OF NORMAL..............  56%

$$
