000
CDUS46 KSTO 050835
CLISAC

CLIMATE REPORT
NATIONAL WEATHER SERVICE SACRAMENTO, CA
1235 AM PST MON DEC 5 2016


...................................

...THE SACRAMENTO EXEC. AIRPORT CA CLIMATE SUMMARY FOR DECEMBER 4 2016...

CLIMATE NORMAL PERIOD 1981 TO 2010
CLIMATE RECORD PERIOD 1930 TO 2016


WEATHER ITEM   OBSERVED TIME   RECORD YEAR NORMAL DEPARTURE LAST
                VALUE   (LST)  VALUE       VALUE  FROM      YEAR
                                                  NORMAL
..................................................................
TEMPERATURE (F)
 YESTERDAY
  MAXIMUM         57    233 PM  69    2014  56      1       62
                                      1975
  MINIMUM         35    742 AM  28    2004  39     -4       39
  AVERAGE         46

PRECIPITATION (IN)
  YESTERDAY        0.00          0.75 1966   0.09  -0.09     0.00
  MONTH TO DATE    0.00                      0.36  -0.36     0.40
  SINCE OCT 1      5.84                      3.39   2.45     2.09
  SINCE JAN 1     18.59                     15.63   2.96     7.16

SNOWFALL (IN)
  YESTERDAY        0.0           0.0  2001   0.0             0.0
  MONTH TO DATE    0.0                       0.0             0.0
  SINCE DEC 1      0.0                       0.0             0.0
  SINCE JUL 1      0.0                       0.0             0.0

DEGREE DAYS
 HEATING
  YESTERDAY       19

 COOLING
  YESTERDAY        0
..................................................................


WIND (MPH)
  RESULTANT WIND SPEED   0   RESULTANT WIND DIRECTION  SW (220)
  HIGHEST WIND SPEED     6   HIGHEST WIND DIRECTION    NW (320)
  HIGHEST GUST SPEED     8   HIGHEST GUST DIRECTION    SW (230)


SKY COVER
  POSSIBLE SUNSHINE  MM
  AVERAGE SKY COVER 0.0


WEATHER CONDITIONS
 THE FOLLOWING WEATHER WAS RECORDED YESTERDAY.
  FOG
  HAZE


RELATIVE HUMIDITY (PERCENT)
 HIGHEST   100
 LOWEST     57
 AVERAGE    79

..........................................................


THE SACRAMENTO EXEC. AIRPORT CA CLIMATE NORMALS FOR TODAY
                         NORMAL    RECORD    YEAR
 MAXIMUM TEMPERATURE (F)   56        70      1995
 MINIMUM TEMPERATURE (F)   39        26      1972


SUNRISE AND SUNSET
DECEMBER  5 2016......SUNRISE   709 AM PST   SUNSET   445 PM PST
DECEMBER  6 2016......SUNRISE   710 AM PST   SUNSET   445 PM PST


-  INDICATES NEGATIVE NUMBERS.
R  INDICATES RECORD WAS SET OR TIED.
MM INDICATES DATA IS MISSING.
T  INDICATES TRACE AMOUNT.

&&
....................................................................

SACRAMENTO CITY CLIMATE DATA FOR SUNDAY DECEMBER 4 2016

HIGH...   59  RECORD HIGH    71 IN 1958    NORMAL    HIGH   57
LOW....   39  RECORD LOW     29 IN 1909    NORMAL    LOW    41

RAIN SINCE MIDNIGHT....  0.00   RECORD THIS DATE....... 1.41 IN 1881
TOTAL THIS MONTH.......  0.00   NORMAL SINCE OCT 1ST..........  3.88
TOTAL SINCE OCT 1ST....  5.74   PERCENT OF NORMAL.............  148%

$$
