000
CDUS46 KSTO 240841 RRA
CLISAC

CLIMATE REPORT
NATIONAL WEATHER SERVICE SACRAMENTO, CA
1241 AM PST FRI FEB 24 2017


...................................

...THE SACRAMENTO EXEC. AIRPORT CA CLIMATE SUMMARY FOR FEBRUARY 23 2017...

CLIMATE NORMAL PERIOD 1981 TO 2010
CLIMATE RECORD PERIOD 1930 TO 2017


WEATHER ITEM   OBSERVED TIME   RECORD YEAR NORMAL DEPARTURE LAST
                VALUE   (LST)  VALUE       VALUE  FROM      YEAR
                                                  NORMAL
..................................................................
TEMPERATURE (F)
 YESTERDAY
  MAXIMUM         54    142 PM  75    1991  62     -8       70
  MINIMUM         32R   636 AM  33    2011  43    -11       39
                                      1942
  AVERAGE         43

PRECIPITATION (IN)
  YESTERDAY        0.00          0.94 1993   0.12  -0.12     0.00
  MONTH TO DATE    8.25                      2.87   5.38     0.82
  SINCE OCT 1     27.62                     12.79  14.83     9.70
  SINCE JAN 1     18.17                      6.51  11.66     6.26

SNOWFALL (IN)
  YESTERDAY        0.0          MM      MM   0.0             0.0
  MONTH TO DATE    0.0                       0.0             0.0
  SINCE DEC 1      0.0                       0.0             0.0
  SINCE JUL 1      0.0                       0.0             0.0

DEGREE DAYS
 HEATING
  YESTERDAY       22

 COOLING
  YESTERDAY        0
..................................................................


WIND (MPH)
  RESULTANT WIND SPEED   2   RESULTANT WIND DIRECTION  NW (320)
  HIGHEST WIND SPEED    14   HIGHEST WIND DIRECTION    NW (310)
  HIGHEST GUST SPEED    18   HIGHEST GUST DIRECTION    NW (310)


SKY COVER
  POSSIBLE SUNSHINE  MM
  AVERAGE SKY COVER 0.1


WEATHER CONDITIONS
 THE FOLLOWING WEATHER WAS RECORDED YESTERDAY.
  NO SIGNIFICANT WEATHER WAS OBSERVED.


RELATIVE HUMIDITY (PERCENT)
 HIGHEST   100
 LOWEST     41
 AVERAGE    71

..........................................................


THE SACRAMENTO EXEC. AIRPORT CA CLIMATE NORMALS FOR TODAY
                         NORMAL    RECORD    YEAR
 MAXIMUM TEMPERATURE (F)   62        76      1991
 MINIMUM TEMPERATURE (F)   43        32      2015
                                             1987
                                             1982


SUNRISE AND SUNSET
FEBRUARY 24 2017......SUNRISE   645 AM PST   SUNSET   554 PM PST
FEBRUARY 25 2017......SUNRISE   643 AM PST   SUNSET   555 PM PST


-  INDICATES NEGATIVE NUMBERS.
R  INDICATES RECORD WAS SET OR TIED.
MM INDICATES DATA IS MISSING.
T  INDICATES TRACE AMOUNT.




&&
....................................................................

SACRAMENTO CITY CLIMATE DATA FOR THURSDAY FEBRUARY 23 2017

HIGH...   54  RECORD HIGH    79 IN 1991    NORMAL    HIGH   63
LOW....   36  RECORD LOW     32 IN 1890    NORMAL    LOW    45

RAIN SINCE MIDNIGHT....  0.00   RECORD THIS DATE....... 1.26 IN 1891
TOTAL THIS MONTH.......  8.04   NORMAL SINCE OCT 1ST.........  13.97
TOTAL SINCE OCT 1ST... 27.40   PERCENT OF NORMAL.............  196%


$$
NNNN
