000
CDUS46 KSTO 250842 RRA
CLISAC

CLIMATE REPORT
NATIONAL WEATHER SERVICE SACRAMENTO, CA
142 AM PDT TUE APR 25 2017


...................................

...THE SACRAMENTO EXEC. AIRPORT CA CLIMATE SUMMARY FOR APRIL 24 2017...

CLIMATE NORMAL PERIOD 1981 TO 2010
CLIMATE RECORD PERIOD 1930 TO 2017


WEATHER ITEM   OBSERVED TIME   RECORD YEAR NORMAL DEPARTURE LAST
                VALUE   (LST)  VALUE       VALUE  FROM      YEAR
                                                  NORMAL
..................................................................
TEMPERATURE (F)
 YESTERDAY
  MAXIMUM         67    219 PM  90    2013  74     -7       75
  MINIMUM         53   1159 PM  36    2008  47      6       50
                                      1964
  AVERAGE         60

PRECIPITATION (IN)
  YESTERDAY        T             0.46 2015   0.04  -0.04     0.00
                                      1972
  MONTH TO DATE    2.93                      0.98   1.95     0.58
  SINCE OCT 1     32.93                     17.12  15.81    15.35
  SINCE JAN 1     23.48                     10.84  12.64    11.91

SNOWFALL (IN)
  YESTERDAY        0.0          MM      MM   0.0             0.0
  MONTH TO DATE    0.0                       0.0             0.0
  SINCE MAR 1      0.0                       0.0             0.0
  SINCE JUL 1      0.0                       0.0             0.0

DEGREE DAYS
 HEATING
  YESTERDAY        5

 COOLING
  YESTERDAY        0
..................................................................


WIND (MPH)
  RESULTANT WIND SPEED   8   RESULTANT WIND DIRECTION  SW (210)
  HIGHEST WIND SPEED    18   HIGHEST WIND DIRECTION    SW (220)
  HIGHEST GUST SPEED    24   HIGHEST GUST DIRECTION    SW (210)


SKY COVER
  POSSIBLE SUNSHINE  MM
  AVERAGE SKY COVER 0.5


WEATHER CONDITIONS
 THE FOLLOWING WEATHER WAS RECORDED YESTERDAY.
  NO SIGNIFICANT WEATHER WAS OBSERVED.


RELATIVE HUMIDITY (PERCENT)
 HIGHEST    86
 LOWEST     67
 AVERAGE    77

..........................................................


THE SACRAMENTO EXEC. AIRPORT CA CLIMATE NORMALS FOR TODAY
                         NORMAL    RECORD    YEAR
 MAXIMUM TEMPERATURE (F)   74        89      2004
 MINIMUM TEMPERATURE (F)   47        36      1975


SUNRISE AND SUNSET
APRIL 25 2017.........SUNRISE   616 AM PDT   SUNSET   752 PM PDT
APRIL 26 2017.........SUNRISE   615 AM PDT   SUNSET   753 PM PDT


-  INDICATES NEGATIVE NUMBERS.
R  INDICATES RECORD WAS SET OR TIED.
MM INDICATES DATA IS MISSING.
T  INDICATES TRACE AMOUNT.




&&
....................................................................

SACRAMENTO CITY CLIMATE DATA FOR MONDAY APRIL 24 2017

HIGH...   68  RECORD HIGH    94 IN 1946    NORMAL    HIGH   75
LOW....   54  RECORD LOW     38 IN 1964    NORMAL    LOW    50

RAIN SINCE MIDNIGHT....  0.00   RECORD THIS DATE.......  1.9 IN 1896
TOTAL THIS MONTH.......  3.36   NORMAL SINCE OCT 1ST.........  18.74
TOTAL SINCE OCT 1ST... 33.66   PERCENT OF NORMAL.............  180%


$$
NNNN
