000
CDUS46 KSTO 020838
CLISAC

CLIMATE REPORT
NATIONAL WEATHER SERVICE SACRAMENTO, CA
1236 AM PST MON MAR 2 2015


...................................

...THE SACRAMENTO EXEC. AIRPORT CA CLIMATE SUMMARY FOR MARCH 1 2015...

CLIMATE NORMAL PERIOD 1981 TO 2010
CLIMATE RECORD PERIOD 1930 TO 2015


WEATHER ITEM   OBSERVED TIME   RECORD YEAR NORMAL DEPARTURE LAST
                VALUE   (LST)  VALUE       VALUE  FROM      YEAR
                                                  NORMAL
..................................................................
TEMPERATURE (F)
 YESTERDAY
  MAXIMUM         67    400 PM  74    1954  63      4       67
  MINIMUM         40    513 AM  31    2007  43     -3       52
  AVERAGE         54

PRECIPITATION (IN)
  YESTERDAY        0.00          1.04 1982   0.12  -0.12      T
  MONTH TO DATE    0.00                      0.12  -0.12      T
  SINCE OCT 1     13.20                     13.51  -0.31     5.60
  SINCE JAN 1      2.82                      7.23  -4.41     4.29

SNOWFALL (IN)
  YESTERDAY        0.0          MM      MM   0.0             0.0
  MONTH TO DATE    0.0                       0.0             0.0
  SINCE MAR 1      0.0                       0.0             0.0
  SINCE JUL 1      0.0                       0.0             0.0

DEGREE DAYS
 HEATING
  YESTERDAY       11

 COOLING
  YESTERDAY        0
..................................................................


WIND (MPH)
  RESULTANT WIND SPEED   3   RESULTANT WIND DIRECTION   N (340)
  HIGHEST WIND SPEED    13   HIGHEST WIND DIRECTION     N (360)
  HIGHEST GUST SPEED    17   HIGHEST GUST DIRECTION    NW (320)


SKY COVER
  POSSIBLE SUNSHINE  MM
  AVERAGE SKY COVER 0.0


WEATHER CONDITIONS
 THE FOLLOWING WEATHER WAS RECORDED YESTERDAY.
  FOG


RELATIVE HUMIDITY (PERCENT)
 HIGHEST    96
 LOWEST     34
 AVERAGE    65

..........................................................


THE SACRAMENTO EXEC. AIRPORT CA CLIMATE NORMALS FOR TODAY
                         NORMAL    RECORD    YEAR
 MAXIMUM TEMPERATURE (F)   63        76      1994
 MINIMUM TEMPERATURE (F)   43        27      1971


SUNRISE AND SUNSET
MARCH  2 2015.........SUNRISE   637 AM PST   SUNSET   600 PM PST
MARCH  3 2015.........SUNRISE   635 AM PST   SUNSET   601 PM PST


-  INDICATES NEGATIVE NUMBERS.
R  INDICATES RECORD WAS SET OR TIED.
MM INDICATES DATA IS MISSING.
T  INDICATES TRACE AMOUNT.






&&
....................................................................

SACRAMENTO CITY CLIMATE DATA FOR SUNDAY MARCH 1 2015

HIGH...   67  RECORD HIGH    76 IN 2013    NORMAL    HIGH   65
LOW....   42  RECORD LOW     32 IN 1971    NORMAL    LOW    46

RAIN SINCE MIDNIGHT....  0.00   RECORD THIS DATE....... 1.33 IN 1911
TOTAL THIS MONTH.......  0.00   NORMAL SINCE OCT 1ST.........  14.75
TOTAL SINCE OCT 1ST... 11.57   PERCENT OF NORMAL.............  78%


$$
