366
CDUS46 KSTO 240845
CLISAC

CLIMATE REPORT
NATIONAL WEATHER SERVICE SACRAMENTO, CA
145 AM PDT FRI MAR 24 2017


...................................

...THE SACRAMENTO EXEC. AIRPORT CA CLIMATE SUMMARY FOR MARCH 23 2017...

CLIMATE NORMAL PERIOD 1981 TO 2010
CLIMATE RECORD PERIOD 1930 TO 2017


WEATHER ITEM   OBSERVED TIME   RECORD YEAR NORMAL DEPARTURE LAST
                VALUE   (LST)  VALUE       VALUE  FROM      YEAR
                                                  NORMAL
..................................................................
TEMPERATURE (F)
 YESTERDAY
  MAXIMUM         62    410 PM  78    2007  66     -4       69
                                      1997
  MINIMUM         40    624 AM  33    1994  44     -4       45
  AVERAGE         51

PRECIPITATION (IN)
  YESTERDAY        0.00          0.74 1948   0.08  -0.08     0.00
  MONTH TO DATE    2.11                      2.22  -0.11     5.07
  SINCE OCT 1     29.73                     15.61  14.12    14.77
  SINCE JAN 1     20.28                      9.33  10.95    11.33

SNOWFALL (IN)
  YESTERDAY        0.0          MM      MM   0.0             0.0
  MONTH TO DATE    0.0                       0.0             0.0
  SINCE MAR 1      0.0                       0.0             0.0
  SINCE JUL 1      0.0                       0.0             0.0

DEGREE DAYS
 HEATING
  YESTERDAY       14

 COOLING
  YESTERDAY        0
..................................................................


WIND (MPH)
  RESULTANT WIND SPEED   3   RESULTANT WIND DIRECTION   S (200)
  HIGHEST WIND SPEED    15   HIGHEST WIND DIRECTION    SW (230)
  HIGHEST GUST SPEED    18   HIGHEST GUST DIRECTION    SW (230)


SKY COVER
  POSSIBLE SUNSHINE  MM
  AVERAGE SKY COVER 0.5


WEATHER CONDITIONS
 THE FOLLOWING WEATHER WAS RECORDED YESTERDAY.
  FOG
  FOG W/VISIBILITY <= 1/4 MILE


RELATIVE HUMIDITY (PERCENT)
 HIGHEST   100
 LOWEST     43
 AVERAGE    72

..........................................................


THE SACRAMENTO EXEC. AIRPORT CA CLIMATE NORMALS FOR TODAY
                         NORMAL    RECORD    YEAR
 MAXIMUM TEMPERATURE (F)   66        81      1997
 MINIMUM TEMPERATURE (F)   45        33      1995
                                             1945


SUNRISE AND SUNSET
MARCH 24 2017.........SUNRISE   703 AM PDT   SUNSET   722 PM PDT
MARCH 25 2017.........SUNRISE   701 AM PDT   SUNSET   723 PM PDT


-  INDICATES NEGATIVE NUMBERS.
R  INDICATES RECORD WAS SET OR TIED.
MM INDICATES DATA IS MISSING.
T  INDICATES TRACE AMOUNT.




&&
....................................................................

SACRAMENTO CITY CLIMATE DATA FOR THURSDAY MARCH 23 2017

HIGH...   65  RECORD HIGH    80 IN 1997    NORMAL    HIGH   68
LOW....   43  RECORD LOW     30 IN 1898    NORMAL    LOW    47

RAIN SINCE MIDNIGHT....  0.00   RECORD THIS DATE....... 1.55 IN 1906
TOTAL THIS MONTH.......  2.39   NORMAL SINCE OCT 1ST.........  17.06
TOTAL SINCE OCT 1ST... 29.93   PERCENT OF NORMAL.............  175%


$$
NNNN
