000
CDUS46 KSTO 010900
CLISAC

SFOCLISAC 000
TTAA00 KSTO 010900


CLIMATE REPORT
NATIONAL WEATHER SERVICE SACRAMENTO, CA
1259 AM PST SUN FEB 1 2015


...................................

...THE SACRAMENTO EXEC. AIRPORT CA CLIMATE SUMMARY FOR JANUARY 31 2015...

CLIMATE NORMAL PERIOD 1981 TO 2010
CLIMATE RECORD PERIOD 1930 TO 2015


WEATHER ITEM   OBSERVED TIME   RECORD YEAR NORMAL DEPARTURE LAST
                VALUE   (LST)  VALUE       VALUE  FROM      YEAR
                                                  NORMAL
..................................................................
TEMPERATURE (F)
 YESTERDAY
  MAXIMUM         74R   148 PM  70    1976  57     17       62
  MINIMUM         43    707 AM  27    1951  40      3       36
                                      1946
  AVERAGE         59

PRECIPITATION (IN)
  YESTERDAY        0.00          1.99 1963   0.12  -0.12     0.01
  MONTH TO DATE    T                         3.64  -3.64     0.15
  SINCE OCT 1     10.38                      9.92   0.46     1.46
  SINCE JAN 1      T                         3.64  -3.64     0.15

SNOWFALL (IN)
  YESTERDAY        0.0           0.0  2002   0.0            MM
  MONTH TO DATE    0.0                       0.0             0.0
  SINCE DEC 1      0.0                       0.0             0.0
  SINCE JUL 1      0.0                       0.0             0.0

DEGREE DAYS
 HEATING
  YESTERDAY        6

 COOLING
  YESTERDAY        0
..................................................................


WIND (MPH)
  RESULTANT WIND SPEED   6   RESULTANT WIND DIRECTION   N (340)
  HIGHEST WIND SPEED    21   HIGHEST WIND DIRECTION    NW (330)
  HIGHEST GUST SPEED    24   HIGHEST GUST DIRECTION    NW (330)


SKY COVER
  POSSIBLE SUNSHINE  MM
  AVERAGE SKY COVER 0.0


WEATHER CONDITIONS
 THE FOLLOWING WEATHER WAS RECORDED YESTERDAY.
  FOG
  HAZE


RELATIVE HUMIDITY (PERCENT)
 HIGHEST    83
 LOWEST     23
 AVERAGE    53

..........................................................


THE SACRAMENTO EXEC. AIRPORT CA CLIMATE NORMALS FOR TODAY
                         NORMAL    RECORD    YEAR
 MAXIMUM TEMPERATURE (F)   57        71      1976
 MINIMUM TEMPERATURE (F)   40        27      1950
                                             1946


SUNRISE AND SUNSET
FEBRUARY  1 2015......SUNRISE   712 AM PST   SUNSET   528 PM PST
FEBRUARY  2 2015......SUNRISE   711 AM PST   SUNSET   529 PM PST


-  INDICATES NEGATIVE NUMBERS.
R  INDICATES RECORD WAS SET OR TIED.
MM INDICATES DATA IS MISSING.
T  INDICATES TRACE AMOUNT.




$$
JCLAPP
