000
CDUS46 KSGX 260017
CLISAN


CLIMATE REPORT
NATIONAL WEATHER SERVICE SAN DIEGO, CA
517 PM PDT MON MAY 25 2015


...................................

...THE SAN DIEGO/LINDBERGH FIELD CA CLIMATE SUMMARY FOR MAY 25 2015...
VALID TODAY AS OF 0500 PM LOCAL TIME.

CLIMATE NORMAL PERIOD 1981 TO 2010
CLIMATE RECORD PERIOD 1874 TO 2015


WEATHER ITEM   OBSERVED TIME   RECORD YEAR NORMAL DEPARTURE LAST
                VALUE   (LST)  VALUE       VALUE  FROM      YEAR
                                                  NORMAL
..................................................................
TEMPERATURE (F)
 TODAY
  MAXIMUM         65    359 PM  98    1896  69     -4       72
  MINIMUM         61    804 AM  49    1879  60      1       63
  AVERAGE         63                        64     -1       68

PRECIPITATION (IN)
  TODAY            T             0.19 1931   0.00   0.00     0.00
  MONTH TO DATE    2.39                      0.10   2.29      T
  SINCE OCT 1      8.91                     10.05  -1.14     5.01
  SINCE JAN 1      4.04                      6.94  -2.90     2.82

SNOWFALL (IN)
  TODAY            0.0
  MONTH TO DATE    0.0
  SINCE MAR 1      0.0
  SINCE JUL 1      0.0
  SNOW DEPTH       0

DEGREE DAYS
 HEATING
  TODAY            2                         1      1        0
  MONTH TO DATE   37                        51    -14        8
  SINCE MAR 1     94                       342   -248       89
  SINCE JUL 1    440                      1200   -760      545

 COOLING
  TODAY            0                         1     -1        3
  MONTH TO DATE    9                        25    -16      132
  SINCE MAR 1    156                        44    112      207
  SINCE JAN 1    178                        49    129      216
..................................................................


WIND (MPH)
  RESULTANT WIND SPEED   3   RESULTANT WIND DIRECTION  NW (310)
  HIGHEST WIND SPEED    10   HIGHEST WIND DIRECTION     W (270)
  HIGHEST GUST SPEED    13   HIGHEST GUST DIRECTION     W (280)
  AVERAGE WIND SPEED     3.6


SKY COVER
  POSSIBLE SUNSHINE  MM
  AVERAGE SKY COVER 0.9


WEATHER CONDITIONS
 THE FOLLOWING WEATHER WAS RECORDED TODAY.
  LIGHT RAIN
  HAZE


RELATIVE HUMIDITY (PERCENT)
 HIGHEST    78          1100 AM
 LOWEST     67           500 AM
 AVERAGE    73

..........................................................


THE SAN DIEGO/LINDBERGH FIELD CA CLIMATE NORMALS FOR TOMORROW
                         NORMAL    RECORD    YEAR
 MAXIMUM TEMPERATURE (F)   69        87      1896
 MINIMUM TEMPERATURE (F)   60        50      1916
                                             1911


SUNRISE AND SUNSET
MAY 25 2015...........SUNRISE   544 AM PDT   SUNSET   747 PM PDT
MAY 26 2015...........SUNRISE   544 AM PDT   SUNSET   748 PM PDT


-  INDICATES NEGATIVE NUMBERS.
R  INDICATES RECORD WAS SET OR TIED.
MM INDICATES DATA IS MISSING.
T  INDICATES TRACE AMOUNT.




$$
