000
CDUS46 KSGX 310021
CLISAN


CLIMATE REPORT
NATIONAL WEATHER SERVICE SAN DIEGO, CA
521 PM PDT THU OCT 30 2014


...................................

...THE SAN DIEGO/LINDBERGH FIELD CA CLIMATE SUMMARY FOR OCTOBER 30 2014...
VALID TODAY AS OF 0500 PM LOCAL TIME.

CLIMATE NORMAL PERIOD 1981 TO 2010
CLIMATE RECORD PERIOD 1850 TO 2014


WEATHER ITEM   OBSERVED TIME   RECORD YEAR NORMAL DEPARTURE LAST
                VALUE   (LST)  VALUE       VALUE  FROM      YEAR
                                                  NORMAL
..................................................................
TEMPERATURE (F)
 TODAY
  MAXIMUM         75   1143 AM  89    1962  72      3       68
                                      1939
  MINIMUM         61    522 AM  43    1971  58      3       56
  AVERAGE         68                        65      3       62

PRECIPITATION (IN)
  TODAY            0.00          0.68 1957   0.02  -0.02     0.00
  MONTH TO DATE    T                         0.54  -0.54     0.25
  SINCE JUL 1      0.08                      0.74  -0.66     0.30
  SINCE JAN 1      2.90                      7.77  -4.87     3.63

SNOWFALL (IN)
  TODAY            0.0
  MONTH TO DATE    0.0
  SINCE JAN 1      0.0
  SINCE JUL 1      0.0
  SNOW DEPTH       0

DEGREE DAYS
 HEATING
  TODAY            0                         2     -2        3
  MONTH TO DATE    0                        14    -14       22
  SINCE SEP 1      0                        15    -15       22
  SINCE JUL 1      0                        16    -16       22

 COOLING
  TODAY            3                         1      2        0
  MONTH TO DATE  212                        70    142       59
  SINCE SEP 1    536                       238    298      259
  SINCE JAN 1   1438                       706    732      738
..................................................................


WIND (MPH)
  RESULTANT WIND SPEED   2   RESULTANT WIND DIRECTION   W (250)
  HIGHEST WIND SPEED    12   HIGHEST WIND DIRECTION     W (280)
  HIGHEST GUST SPEED    16   HIGHEST GUST DIRECTION     W (290)
  AVERAGE WIND SPEED     3.6


SKY COVER
  POSSIBLE SUNSHINE  MM
  AVERAGE SKY COVER 0.6


WEATHER CONDITIONS
 THE FOLLOWING WEATHER WAS RECORDED TODAY.
  FOG
  HAZE


RELATIVE HUMIDITY (PERCENT)
 HIGHEST    90           500 AM
 LOWEST     35          1000 AM
 AVERAGE    63

..........................................................


THE SAN DIEGO/LINDBERGH FIELD CA CLIMATE NORMALS FOR TOMORROW
                         NORMAL    RECORD    YEAR
 MAXIMUM TEMPERATURE (F)   72        90      1918
 MINIMUM TEMPERATURE (F)   58        45      1894


SUNRISE AND SUNSET
OCTOBER 30 2014.......SUNRISE   705 AM PDT   SUNSET   600 PM PDT
OCTOBER 31 2014.......SUNRISE   706 AM PDT   SUNSET   559 PM PDT


-  INDICATES NEGATIVE NUMBERS.
R  INDICATES RECORD WAS SET OR TIED.
MM INDICATES DATA IS MISSING.
T  INDICATES TRACE AMOUNT.




$$
