000
CDUS46 KSGX 201420
CLISAN


CLIMATE REPORT
NATIONAL WEATHER SERVICE SAN DIEGO, CA
720 AM PDT SUN APR 20 2014


...................................

...THE SAN DIEGO/LINDBERGH FIELD CA CLIMATE SUMMARY FOR APRIL 19 2014...

CLIMATE NORMAL PERIOD 1981 TO 2010
CLIMATE RECORD PERIOD 1850 TO 2014


WEATHER ITEM   OBSERVED TIME   RECORD YEAR NORMAL DEPARTURE LAST
                VALUE   (LST)  VALUE       VALUE  FROM      YEAR
                                                  NORMAL
..................................................................
TEMPERATURE (F)
 YESTERDAY
  MAXIMUM         70    142 PM  91    2009  68      2       77
  MINIMUM         62   1159 PM  42    1880  56      6       54
  AVERAGE         66                        62      4       66

PRECIPITATION (IN)
  YESTERDAY        0.00          0.70 1881   0.02  -0.02     0.00
  MONTH TO DATE    0.36                      0.58  -0.22     0.01
  SINCE JUL 1      4.89                      9.95  -5.06     6.24
  SINCE JAN 1      2.65                      6.64  -3.99     3.07

SNOWFALL (IN)
  YESTERDAY        0.0
  MONTH TO DATE    0.0
  SINCE JAN 1      0.0
  SINCE JUL 1      0.0
  SNOW DEPTH       0

DEGREE DAYS
 HEATING
  YESTERDAY        0                         3     -3        0
  MONTH TO DATE   31                        80    -49       72
  SINCE MAR 1     71                       258   -187      220
  SINCE JUL 1    527                      1116   -589     1053

 COOLING
  YESTERDAY        1                         1      0        1
  MONTH TO DATE   27                         1     26        2
  SINCE MAR 1     47                         6     41        5
  SINCE JAN 1     56                        11     45        6
..................................................................


WIND (MPH)
  RESULTANT WIND SPEED   5   RESULTANT WIND DIRECTION  NW (310)
  HIGHEST WIND SPEED    17   HIGHEST WIND DIRECTION     W (280)
  HIGHEST GUST SPEED    22   HIGHEST GUST DIRECTION     W (290)
  AVERAGE WIND SPEED     6.1


SKY COVER
  POSSIBLE SUNSHINE  MM
  AVERAGE SKY COVER 0.7


WEATHER CONDITIONS
 THE FOLLOWING WEATHER WAS RECORDED YESTERDAY.
  NO SIGNIFICANT WEATHER WAS OBSERVED.


RELATIVE HUMIDITY (PERCENT)
 HIGHEST    78           700 AM
 LOWEST     53          1100 AM
 AVERAGE    66

..........................................................


THE SAN DIEGO/LINDBERGH FIELD CA CLIMATE NORMALS FOR TODAY
                         NORMAL    RECORD    YEAR
 MAXIMUM TEMPERATURE (F)   68        98      2009
 MINIMUM TEMPERATURE (F)   56        42      1896


SUNRISE AND SUNSET
APRIL 20 2014.........SUNRISE   613 AM PDT   SUNSET   722 PM PDT
APRIL 21 2014.........SUNRISE   612 AM PDT   SUNSET   723 PM PDT


-  INDICATES NEGATIVE NUMBERS.
R  INDICATES RECORD WAS SET OR TIED.
MM INDICATES DATA IS MISSING.
T  INDICATES TRACE AMOUNT.




$$
