000
CDUS46 KSGX 201519
CLISAN


CLIMATE REPORT
NATIONAL WEATHER SERVICE SAN DIEGO, CA
719 AM PST FRI JAN 20 2017


...................................

...THE SAN DIEGO INTL AIRPORT CA CLIMATE SUMMARY FOR JANUARY 19 2017...

CLIMATE NORMAL PERIOD 1981 TO 2010
CLIMATE RECORD PERIOD 1874 TO 2017


WEATHER ITEM   OBSERVED TIME   RECORD YEAR NORMAL DEPARTURE LAST
                VALUE   (LST)  VALUE       VALUE  FROM      YEAR
                                                  NORMAL
..................................................................
TEMPERATURE (F)
 YESTERDAY
  MAXIMUM         65    142 PM  87    2005  65      0       64
  MINIMUM         56    540 AM  39    1948  49      7       53
                                      1894
                                      1889
  AVERAGE         61                        57      4       59

PRECIPITATION (IN)
  YESTERDAY        0.19          2.15 1895   0.06   0.13     0.00
  MONTH TO DATE    1.25                      1.23   0.02     3.03
  SINCE OCT 1      6.15                      4.34   1.81     5.88
  SINCE JAN 1      1.25                      1.23   0.02     3.03

DEGREE DAYS
 HEATING
  YESTERDAY        4                         8     -4        6
  MONTH TO DATE  118                       155    -37      140
  SINCE DEC 1    303                       417   -114      348
  SINCE JUL 1    353                       562   -209      417

 COOLING
  YESTERDAY        0                         0      0        0
  MONTH TO DATE    0                         0      0        0
  SINCE DEC 1      4                         0      4        0
  SINCE JAN 1      0                         0      0        0
..................................................................


WIND (MPH)
  RESULTANT WIND SPEED   6   RESULTANT WIND DIRECTION  SW (230)
  HIGHEST WIND SPEED    23   HIGHEST WIND DIRECTION    SW (230)
  HIGHEST GUST SPEED    30   HIGHEST GUST DIRECTION    SW (230)
  AVERAGE WIND SPEED     8.6


SKY COVER
  POSSIBLE SUNSHINE  MM
  AVERAGE SKY COVER 0.8


WEATHER CONDITIONS
 THE FOLLOWING WEATHER WAS RECORDED YESTERDAY.
  RAIN
  LIGHT RAIN
  FOG


RELATIVE HUMIDITY (PERCENT)
 HIGHEST    87           900 AM
 LOWEST     56           300 PM
 AVERAGE    72

..........................................................


THE SAN DIEGO INTL AIRPORT CA CLIMATE NORMALS FOR TODAY
                         NORMAL    RECORD    YEAR
 MAXIMUM TEMPERATURE (F)   65        80      1976
                                             1942
 MINIMUM TEMPERATURE (F)   49        33      1883


SUNRISE AND SUNSET
JANUARY 20 2017.......SUNRISE   650 AM PST   SUNSET   510 PM PST
JANUARY 21 2017.......SUNRISE   649 AM PST   SUNSET   511 PM PST


-  INDICATES NEGATIVE NUMBERS.
R  INDICATES RECORD WAS SET OR TIED.
MM INDICATES DATA IS MISSING.
T  INDICATES TRACE AMOUNT.




$$
