000
CDUS44 KEWX 060735
CLISAT


CLIMATE REPORT
NATIONAL WEATHER SERVICE AUSTIN/SAN ANTONIO, TX
134 AM CST FRI MAR 6 2015


...................................

...THE SAN ANTONIO CLIMATE SUMMARY FOR MARCH 5 2015...

CLIMATE NORMAL PERIOD 1981 TO 2010
CLIMATE RECORD PERIOD 1886 TO 2015


WEATHER ITEM   OBSERVED TIME   RECORD YEAR NORMAL DEPARTURE LAST
                VALUE   (LST)  VALUE       VALUE  FROM      YEAR
                                                  NORMAL
..................................................................
TEMPERATURE (F)
 YESTERDAY
  MAXIMUM         50    443 PM  94    1991  71    -21       62
  MINIMUM         33   1159 PM  26    1966  48    -15       41
  AVERAGE         42                        60    -18       52

PRECIPITATION (IN)
  YESTERDAY        0.05          1.21 1935   0.09  -0.04      T
  MONTH TO DATE    0.27                      0.39  -0.12     0.01
  SINCE MAR 1      0.27                      0.39  -0.12     0.01
  SINCE JAN 1      4.47                      3.94   0.53     0.66

SNOWFALL (IN)
  YESTERDAY       MM
  MONTH TO DATE    0.0
  SINCE MAR 1      0.0
  SINCE JUL 1      T
  SNOW DEPTH       0

DEGREE DAYS
 HEATING
  YESTERDAY       23                         7     16       13
  MONTH TO DATE   87                        36     51       72
  SINCE MAR 1     87                        36     51       72
  SINCE JUL 1   1402                      1337     65     1406

 COOLING
  YESTERDAY        0                         1     -1        0
  MONTH TO DATE    0                         5     -5        2
  SINCE MAR 1      0                         5     -5        2
  SINCE JAN 1     13                        31    -18       67
..................................................................


WIND (MPH)
  HIGHEST WIND SPEED    26   HIGHEST WIND DIRECTION     N (350)
  HIGHEST GUST SPEED    38   HIGHEST GUST DIRECTION     N (10)
  AVERAGE WIND SPEED    15.7


SKY COVER
  AVERAGE SKY COVER 0.5


WEATHER CONDITIONS
 THE FOLLOWING WEATHER WAS RECORDED YESTERDAY.
  LIGHT RAIN


RELATIVE HUMIDITY (PERCENT)
 HIGHEST    85          1200 AM
 LOWEST     31           300 PM
 AVERAGE    58

..........................................................


THE SAN ANTONIO CLIMATE NORMALS FOR TODAY
                         NORMAL    RECORD    YEAR
 MAXIMUM TEMPERATURE (F)   71       100      1991
 MINIMUM TEMPERATURE (F)   49        24      1966


SUNRISE AND SUNSET
MARCH  6 2015.........SUNRISE   654 AM CST   SUNSET   636 PM CST
MARCH  7 2015.........SUNRISE   653 AM CST   SUNSET   637 PM CST


-  INDICATES NEGATIVE NUMBERS.
R  INDICATES RECORD WAS SET OR TIED.
MM INDICATES DATA IS MISSING.
T  INDICATES TRACE AMOUNT.




$$
