000
CDUS44 KEWX 250713
CLISAT


CLIMATE REPORT
NATIONAL WEATHER SERVICE AUSTIN/SAN ANTONIO, TX
113 AM CST THU DEC 25 2014


...................................

...THE SAN ANTONIO CLIMATE SUMMARY FOR DECEMBER 24 2014...

CLIMATE NORMAL PERIOD 1981 TO 2010
CLIMATE RECORD PERIOD 1886 TO 2014


WEATHER ITEM   OBSERVED TIME   RECORD YEAR NORMAL DEPARTURE LAST
                VALUE   (LST)  VALUE       VALUE  FROM      YEAR
                                                  NORMAL
..................................................................
TEMPERATURE (F)
 YESTERDAY
  MAXIMUM         59    157 PM  83    1964  63     -4       61
  MINIMUM         37   1148 PM  15    1983  41     -4       31
  AVERAGE         48                        52     -4       46

PRECIPITATION (IN)
  YESTERDAY        0.00          1.37 1975   0.07  -0.07     0.00
  MONTH TO DATE    0.95                      1.46  -0.51     0.28
  SINCE DEC 1      0.95                      1.46  -0.51     0.28
  SINCE JAN 1     27.91                     31.82  -3.91    31.73

SNOWFALL (IN)
  YESTERDAY        0.0
  MONTH TO DATE    0.0
  SINCE DEC 1      0.0
  SINCE JUL 1      0.0
  SNOW DEPTH       0

DEGREE DAYS
 HEATING
  YESTERDAY       17                        14      3       19
  MONTH TO DATE  144                       294   -150      304
  SINCE DEC 1    144                       294   -150      304
  SINCE JUL 1    391                       505   -114      532

 COOLING
  YESTERDAY        0                         0      0        0
  MONTH TO DATE    7                         7      0       18
  SINCE DEC 1      7                         7      0       18
  SINCE JAN 1   3506                      3124    382     3524
..................................................................


WIND (MPH)
  HIGHEST WIND SPEED    24   HIGHEST WIND DIRECTION    NW (310)
  HIGHEST GUST SPEED    31   HIGHEST GUST DIRECTION    NW (310)
  AVERAGE WIND SPEED     9.5


SKY COVER
  AVERAGE SKY COVER 0.1


WEATHER CONDITIONS
 THE FOLLOWING WEATHER WAS RECORDED YESTERDAY.
  NO SIGNIFICANT WEATHER WAS OBSERVED.


RELATIVE HUMIDITY (PERCENT)
 HIGHEST    70           500 AM
 LOWEST     33           400 PM
 AVERAGE    52

..........................................................


THE SAN ANTONIO CLIMATE NORMALS FOR TODAY
                         NORMAL    RECORD    YEAR
 MAXIMUM TEMPERATURE (F)   63        90      1955
 MINIMUM TEMPERATURE (F)   41        11      1983


SUNRISE AND SUNSET
DECEMBER 25 2014......SUNRISE   726 AM CST   SUNSET   542 PM CST
DECEMBER 26 2014......SUNRISE   727 AM CST   SUNSET   542 PM CST


-  INDICATES NEGATIVE NUMBERS.
R  INDICATES RECORD WAS SET OR TIED.
MM INDICATES DATA IS MISSING.
T  INDICATES TRACE AMOUNT.




$$
