000
CDUS44 KEWX 242257
CLISAT


CLIMATE REPORT
NATIONAL WEATHER SERVICE AUSTIN/SAN ANTONIO, TX
557 PM CDT MON APR 24 2017


...................................

...THE SAN ANTONIO CLIMATE SUMMARY FOR APRIL 24 2017...
VALID TODAY AS OF 0557 PM LOCAL TIME.

CLIMATE NORMAL PERIOD 1981 TO 2010
CLIMATE RECORD PERIOD 1886 TO 2017


WEATHER ITEM   OBSERVED TIME   RECORD YEAR NORMAL DEPARTURE LAST
                VALUE   (LST)  VALUE       VALUE  FROM      YEAR
                                                  NORMAL
..................................................................
TEMPERATURE (F)
 TODAY
  MAXIMUM         80    447 PM  99    1894  82     -2       80
  MINIMUM         48    541 AM  41    1995  61    -13       63
  AVERAGE         64                        71     -7       72

PRECIPITATION (IN)
  TODAY            0.00          2.69 1905   0.09  -0.09     0.00
  MONTH TO DATE    2.76                      1.58   1.18     5.04
  SINCE MAR 1      4.85                      3.89   0.96     8.60
  SINCE JAN 1     11.18                      7.44   3.74    11.53

SNOWFALL (IN)
  TODAY            0.0
  MONTH TO DATE    0.0
  SINCE MAR 1      0.0
  SINCE JUL 1      0.0
  SNOW DEPTH       0

DEGREE DAYS
 HEATING
  TODAY            1                         0      1        0
  MONTH TO DATE    9                        38    -29       18
  SINCE MAR 1     60                       192   -132       88
  SINCE JUL 1    778                      1493   -715     1037

 COOLING
  TODAY            0                         7     -7        7
  MONTH TO DATE  143                       123     20      105
  SINCE MAR 1    277                       188     89      210
  SINCE JAN 1    377                       214    163      239
..................................................................


WIND (MPH)
  HIGHEST WIND SPEED    16   HIGHEST WIND DIRECTION     S (180)
  HIGHEST GUST SPEED    24   HIGHEST GUST DIRECTION     S (160)
  AVERAGE WIND SPEED     7.6


SKY COVER
  AVERAGE SKY COVER 0.3


WEATHER CONDITIONS
 THE FOLLOWING WEATHER WAS RECORDED TODAY.
  NO SIGNIFICANT WEATHER WAS OBSERVED.


RELATIVE HUMIDITY (PERCENT)
 HIGHEST    80           600 AM
 LOWEST     35           200 PM
 AVERAGE    58

..........................................................


THE SAN ANTONIO CLIMATE NORMALS FOR TOMORROW
                         NORMAL    RECORD    YEAR
 MAXIMUM TEMPERATURE (F)   83        98      1996
 MINIMUM TEMPERATURE (F)   61        41      1968


SUNRISE AND SUNSET
APRIL 24 2017.........SUNRISE   658 AM CDT   SUNSET   806 PM CDT
APRIL 25 2017.........SUNRISE   657 AM CDT   SUNSET   807 PM CDT


-  INDICATES NEGATIVE NUMBERS.
R  INDICATES RECORD WAS SET OR TIED.
MM INDICATES DATA IS MISSING.
T  INDICATES TRACE AMOUNT.




$$
