000
CDUS44 KEWX 020657
CLISAT


CLIMATE REPORT
NATIONAL WEATHER SERVICE AUSTIN/SAN ANTONIO, TX
156 AM CDT MON MAY 2 2016


...................................

...THE SAN ANTONIO CLIMATE SUMMARY FOR MAY 1 2016...

CLIMATE NORMAL PERIOD 1981 TO 2010
CLIMATE RECORD PERIOD 1886 TO 2016


WEATHER ITEM   OBSERVED TIME   RECORD YEAR NORMAL DEPARTURE LAST
                VALUE   (LST)  VALUE       VALUE  FROM      YEAR
                                                  NORMAL
..................................................................
TEMPERATURE (F)
 YESTERDAY
  MAXIMUM         80    302 PM  99    1929  84     -4       82
  MINIMUM         67    532 AM  44    1903  63      4       54
  AVERAGE         74                        73      1       68

PRECIPITATION (IN)
  YESTERDAY        0.01          3.09 1994   0.11  -0.10     0.00
  MONTH TO DATE    0.01                      0.11  -0.10     0.00
  SINCE MAR 1      9.76                      4.52   5.24    10.51
  SINCE JAN 1     12.69                      8.07   4.62    14.71

SNOWFALL (IN)
  YESTERDAY        0.0
  MONTH TO DATE    0.0
  SINCE MAR 1      0.0
  SINCE JUL 1      0.0
  SNOW DEPTH       0

DEGREE DAYS
 HEATING
  YESTERDAY        0                         0      0        0
  MONTH TO DATE    0                         0      0        0
  SINCE MAR 1     88                       193   -105      179
  SINCE JUL 1   1037                      1494   -457     1494

 COOLING
  YESTERDAY        9                         8      1        3
  MONTH TO DATE    9                         8      1        3
  SINCE MAR 1    281                       241     40      274
  SINCE JAN 1    310                       267     43      287
..................................................................


WIND (MPH)
  HIGHEST WIND SPEED    21   HIGHEST WIND DIRECTION     N (10)
  HIGHEST GUST SPEED    26   HIGHEST GUST DIRECTION     N (360)
  AVERAGE WIND SPEED    11.6


SKY COVER
  AVERAGE SKY COVER 0.8


WEATHER CONDITIONS
 THE FOLLOWING WEATHER WAS RECORDED YESTERDAY.
  LIGHT RAIN
  FOG


RELATIVE HUMIDITY (PERCENT)
 HIGHEST    84          1200 AM
 LOWEST     57           700 PM
 AVERAGE    71

..........................................................


THE SAN ANTONIO CLIMATE NORMALS FOR TODAY
                         NORMAL    RECORD    YEAR
 MAXIMUM TEMPERATURE (F)   84        99      1964
 MINIMUM TEMPERATURE (F)   63        47      1976
                                             1909


SUNRISE AND SUNSET
MAY  2 2016...........SUNRISE   650 AM CDT   SUNSET   812 PM CDT
MAY  3 2016...........SUNRISE   650 AM CDT   SUNSET   812 PM CDT


-  INDICATES NEGATIVE NUMBERS.
R  INDICATES RECORD WAS SET OR TIED.
MM INDICATES DATA IS MISSING.
T  INDICATES TRACE AMOUNT.




$$
