000
CDUS44 KEWX 172223
CLISAT


CLIMATE REPORT
NATIONAL WEATHER SERVICE AUSTIN/SAN ANTONIO, TX
523 PM CDT THU APR 17 2014


...................................

...THE SAN ANTONIO CLIMATE SUMMARY FOR APRIL 17 2014...
VALID TODAY AS OF 0523 PM LOCAL TIME.

CLIMATE NORMAL PERIOD 1981 TO 2010
CLIMATE RECORD PERIOD 1886 TO 2014


WEATHER ITEM   OBSERVED TIME   RECORD YEAR NORMAL DEPARTURE LAST
                VALUE   (LST)  VALUE       VALUE  FROM      YEAR
                                                  NORMAL
..................................................................
TEMPERATURE (F)
 TODAY
  MAXIMUM         67   1209 PM 100    1920  81    -14       80
  MINIMUM         57    500 AM  37    1999  58     -1       73
                                      1947
  AVERAGE         62                        70     -8       77

PRECIPITATION (IN)
  TODAY            0.02          1.72 1992   0.07  -0.05      T
  MONTH TO DATE    0.53                      1.04  -0.51     1.62
  SINCE MAR 1      1.59                      3.35  -1.76     2.57
  SINCE JAN 1      2.24                      6.90  -4.66     5.50

SNOWFALL (IN)
  TODAY            0.0
  MONTH TO DATE    0.0
  SINCE MAR 1      0.0
  SINCE JUL 1      0.4
  SNOW DEPTH       0

DEGREE DAYS
 HEATING
  TODAY            3                         1      2        0
  MONTH TO DATE   40                        32      8       33
  SINCE MAR 1    228                       186     42      173
  SINCE JUL 1   1562                      1487     75     1167

 COOLING
  TODAY            0                         6     -6       12
  MONTH TO DATE   90                        78     12       91
  SINCE MAR 1    151                       143      8      168
  SINCE JAN 1    216                       169     47      208
..................................................................


WIND (MPH)
  HIGHEST WIND SPEED    14   HIGHEST WIND DIRECTION     E (80)
  HIGHEST GUST SPEED    17   HIGHEST GUST DIRECTION    SE (120)
  AVERAGE WIND SPEED     8.4


SKY COVER
  AVERAGE SKY COVER 0.9


WEATHER CONDITIONS
 THE FOLLOWING WEATHER WAS RECORDED TODAY.
  LIGHT RAIN
  FOG


RELATIVE HUMIDITY (PERCENT)
 HIGHEST    87           300 PM
 LOWEST     72          1200 AM
 AVERAGE    80

..........................................................


THE SAN ANTONIO CLIMATE NORMALS FOR TOMORROW
                         NORMAL    RECORD    YEAR
 MAXIMUM TEMPERATURE (F)   81       100      2006
 MINIMUM TEMPERATURE (F)   59        42      1999
                                             1947
                                             1921


SUNRISE AND SUNSET
APRIL 17 2014.........SUNRISE   705 AM CDT   SUNSET   802 PM CDT
APRIL 18 2014.........SUNRISE   704 AM CDT   SUNSET   803 PM CDT


-  INDICATES NEGATIVE NUMBERS.
R  INDICATES RECORD WAS SET OR TIED.
MM INDICATES DATA IS MISSING.
T  INDICATES TRACE AMOUNT.




$$
