000
CDUS44 KEWX 032250
CLISAT


CLIMATE REPORT
NATIONAL WEATHER SERVICE AUSTIN/SAN ANTONIO, TX
549 PM CDT THU SEP 3 2015


...................................

...THE SAN ANTONIO CLIMATE SUMMARY FOR SEPTEMBER 3 2015...
VALID TODAY AS OF 0549 PM LOCAL TIME.

CLIMATE NORMAL PERIOD 1981 TO 2010
CLIMATE RECORD PERIOD 1886 TO 2015


WEATHER ITEM   OBSERVED TIME   RECORD YEAR NORMAL DEPARTURE LAST
                VALUE   (LST)  VALUE       VALUE  FROM      YEAR
                                                  NORMAL
..................................................................
TEMPERATURE (F)
 TODAY
  MAXIMUM         95    313 PM 104    2000  94      1       98
  MINIMUM         75    404 AM  61    1974  73      2       76
                                      1893
  AVERAGE         85                        83      2       87

PRECIPITATION (IN)
  TODAY            0.00          1.76 1889   0.10  -0.10     0.10
  MONTH TO DATE    T                         0.31  -0.31     0.11
  SINCE SEP 1      T                         0.31  -0.31     0.11
  SINCE JAN 1     30.06                     21.25   8.81    16.18

SNOWFALL (IN)
  TODAY            0.0
  MONTH TO DATE    0.0
  SINCE SEP 1      0.0
  SINCE JUL 1      0.0
  SNOW DEPTH       0

DEGREE DAYS
 HEATING
  TODAY            0                         0      0        0
  MONTH TO DATE    0                         0      0        0
  SINCE SEP 1      0                         0      0        0
  SINCE JUL 1      0                         0      0        0

 COOLING
  TODAY           20                        18      2       22
  MONTH TO DATE   59                        55      4       70
  SINCE SEP 1     59                        55      4       70
  SINCE JAN 1   2557                      2446    111     2670
..................................................................


WIND (MPH)
  HIGHEST WIND SPEED    20   HIGHEST WIND DIRECTION    SE (120)
  HIGHEST GUST SPEED    25   HIGHEST GUST DIRECTION     E (110)
  AVERAGE WIND SPEED     4.7


SKY COVER
  AVERAGE SKY COVER 0.5


WEATHER CONDITIONS
 THE FOLLOWING WEATHER WAS RECORDED TODAY.
  NO SIGNIFICANT WEATHER WAS OBSERVED.


RELATIVE HUMIDITY (PERCENT)
 HIGHEST    87           300 AM
 LOWEST     39           300 PM
 AVERAGE    63

..........................................................


THE SAN ANTONIO CLIMATE NORMALS FOR TOMORROW
                         NORMAL    RECORD    YEAR
 MAXIMUM TEMPERATURE (F)   93       109      2000
 MINIMUM TEMPERATURE (F)   73        56      1974


SUNRISE AND SUNSET
SEPTEMBER  3 2015.....SUNRISE   712 AM CDT   SUNSET   754 PM CDT
SEPTEMBER  4 2015.....SUNRISE   713 AM CDT   SUNSET   753 PM CDT


-  INDICATES NEGATIVE NUMBERS.
R  INDICATES RECORD WAS SET OR TIED.
MM INDICATES DATA IS MISSING.
T  INDICATES TRACE AMOUNT.




$$
