794
CDUS44 KEWX 242356
CLISAT


CLIMATE REPORT
NATIONAL WEATHER SERVICE AUSTIN/SAN ANTONIO, TX
555 PM CST FRI NOV 24 2017


...................................

...THE SAN ANTONIO CLIMATE SUMMARY FOR NOVEMBER 24 2017...
VALID TODAY AS OF 550 PM LOCAL TIME.

CLIMATE NORMAL PERIOD 1981 TO 2010
CLIMATE RECORD PERIOD 1886 TO 2017


WEATHER ITEM   OBSERVED TIME   RECORD YEAR NORMAL DEPARTURE LAST
                VALUE   (LST)  VALUE       VALUE  FROM      YEAR
                                                  NORMAL
..................................................................
TEMPERATURE (F)
 TODAY
  MAXIMUM         75    350 PM  85    2010  69      6       74
  MINIMUM         41    729 AM  25    1970  47     -6       46
  AVERAGE         58                        58      0       60

PRECIPITATION (IN)
  TODAY            0.00          2.63 1913   0.06  -0.06     0.00
  MONTH TO DATE    0.53                      1.91  -1.38     1.79
  SINCE SEP 1      3.79                      9.05  -5.26     8.25
  SINCE JAN 1     23.29                     29.99  -6.70    37.70

SNOWFALL (IN)
  TODAY            0.0
  MONTH TO DATE    0.0
  SINCE SEP 1      0.0
  SINCE JUL 1      0.0
  SNOW DEPTH       0

DEGREE DAYS
 HEATING
  TODAY            7                         8     -1        5
  MONTH TO DATE   79                       123    -44       45
  SINCE SEP 1    125                       156    -31       48
  SINCE JUL 1    125                       156    -31       48

 COOLING
  TODAY            0                         1     -1        0
  MONTH TO DATE  138                        56     82      100
  SINCE SEP 1    799                       720     79      914
  SINCE JAN 1   3448                      3111    337     3340
..................................................................


WIND (MPH)
  HIGHEST WIND SPEED    16   HIGHEST WIND DIRECTION     S (170)
  HIGHEST GUST SPEED    21   HIGHEST GUST DIRECTION     S (190)
  AVERAGE WIND SPEED     7.0


SKY COVER
  AVERAGE SKY COVER 0.2


WEATHER CONDITIONS
 THE FOLLOWING WEATHER WAS RECORDED TODAY.
  HAZE


RELATIVE HUMIDITY (PERCENT)
 HIGHEST    73           700 AM
 LOWEST     25           300 PM
 AVERAGE    49

..........................................................


THE SAN ANTONIO CLIMATE NORMALS FOR TOMORROW
                         NORMAL    RECORD    YEAR
 MAXIMUM TEMPERATURE (F)   69        86      1942
 MINIMUM TEMPERATURE (F)   47        25      1950


SUNRISE AND SUNSET
NOVEMBER 24 2017......SUNRISE   706 AM CST   SUNSET   535 PM CST
NOVEMBER 25 2017......SUNRISE   707 AM CST   SUNSET   535 PM CST


-  INDICATES NEGATIVE NUMBERS.
R  INDICATES RECORD WAS SET OR TIED.
MM INDICATES DATA IS MISSING.
T  INDICATES TRACE AMOUNT.




$$
