000
CDUS44 KEWX 110756
CLISAT


CLIMATE REPORT
NATIONAL WEATHER SERVICE AUSTIN/SAN ANTONIO, TX
154 AM CST SUN DEC 11 2016


...................................

...THE SAN ANTONIO CLIMATE SUMMARY FOR DECEMBER 10 2016...

CLIMATE NORMAL PERIOD 1981 TO 2010
CLIMATE RECORD PERIOD 1886 TO 2016


WEATHER ITEM   OBSERVED TIME   RECORD YEAR NORMAL DEPARTURE LAST
                VALUE   (LST)  VALUE       VALUE  FROM      YEAR
                                                  NORMAL
..................................................................
TEMPERATURE (F)
 YESTERDAY
  MAXIMUM         49   1159 PM  85    1939  65    -16       78
  MINIMUM         37   1247 AM  18    1978  42     -5       54
  AVERAGE         43                        54    -11       66

PRECIPITATION (IN)
  YESTERDAY        0.03          0.95 1928   0.07  -0.04     0.00
  MONTH TO DATE    5.82                      0.60   5.22     0.00
  SINCE DEC 1      5.82                      0.60   5.22     0.00
  SINCE JAN 1     43.52                     30.96  12.56    42.74

SNOWFALL (IN)
  YESTERDAY        0.0
  MONTH TO DATE    0.0
  SINCE DEC 1      0.0
  SINCE JUL 1      0.0
  SNOW DEPTH       0

DEGREE DAYS
 HEATING
  YESTERDAY       22                        12     10        0
  MONTH TO DATE  151                       111     40       79
  SINCE DEC 1    151                       111     40       79
  SINCE JUL 1    209                       322   -113      208

 COOLING
  YESTERDAY        0                         0      0        1
  MONTH TO DATE    0                         7     -7        1
  SINCE DEC 1      0                         7     -7        1
  SINCE JAN 1   3346                      3124    222     3477
..................................................................


WIND (MPH)
  HIGHEST WIND SPEED     8   HIGHEST WIND DIRECTION     S (160)
  HIGHEST GUST SPEED    11   HIGHEST GUST DIRECTION     S (160)
  AVERAGE WIND SPEED     1.2


SKY COVER
  AVERAGE SKY COVER 1.0


WEATHER CONDITIONS
 THE FOLLOWING WEATHER WAS RECORDED YESTERDAY.
  LIGHT RAIN
  FOG


RELATIVE HUMIDITY (PERCENT)
 HIGHEST    93           600 PM
 LOWEST     55           300 AM
 AVERAGE    74

..........................................................


THE SAN ANTONIO CLIMATE NORMALS FOR TODAY
                         NORMAL    RECORD    YEAR
 MAXIMUM TEMPERATURE (F)   65        88      1987
 MINIMUM TEMPERATURE (F)   42        21      1966


SUNRISE AND SUNSET
DECEMBER 11 2016......SUNRISE   719 AM CST   SUNSET   536 PM CST
DECEMBER 12 2016......SUNRISE   719 AM CST   SUNSET   536 PM CST


-  INDICATES NEGATIVE NUMBERS.
R  INDICATES RECORD WAS SET OR TIED.
MM INDICATES DATA IS MISSING.
T  INDICATES TRACE AMOUNT.




$$
