000
CDUS44 KEWX 292234
CLISAT


CLIMATE REPORT
NATIONAL WEATHER SERVICE AUSTIN/SAN ANTONIO, TX
533 PM CDT FRI AUG 29 2014


...................................

...THE SAN ANTONIO CLIMATE SUMMARY FOR AUGUST 29 2014...
VALID TODAY AS OF 0533 PM LOCAL TIME.

CLIMATE NORMAL PERIOD 1981 TO 2010
CLIMATE RECORD PERIOD 1886 TO 2014


WEATHER ITEM   OBSERVED TIME   RECORD YEAR NORMAL DEPARTURE LAST
                VALUE   (LST)  VALUE       VALUE  FROM      YEAR
                                                  NORMAL
..................................................................
TEMPERATURE (F)
 TODAY
  MAXIMUM         99    424 PM 107    2011  95      4      100
  MINIMUM         77    558 AM  61    1992  74      3       76
  AVERAGE         88                        84      4       88

PRECIPITATION (IN)
  TODAY            0.00          3.24 2001   0.11  -0.11     0.00
  MONTH TO DATE    0.08                      1.88  -1.80     0.85
  SINCE JUN 1      8.71                      8.76  -0.05     3.60
  SINCE JAN 1     16.07                     20.73  -4.66    23.44

SNOWFALL (IN)
  TODAY            0.0
  MONTH TO DATE    0.0
  SINCE JUN 1      0.0
  SINCE JUL 1      0.0
  SNOW DEPTH       0

DEGREE DAYS
 HEATING
  TODAY            0                         0      0        0
  MONTH TO DATE    0                         0      0        0
  SINCE JUN 1      0                         0      0        0
  SINCE JUL 1      0                         0      0        0

 COOLING
  TODAY           23                        19      4       23
  MONTH TO DATE  676                       597     79      688
  SINCE JUN 1   1851                      1728    123     1925
  SINCE JAN 1   2555                      2357    198     2542
..................................................................


WIND (MPH)
  HIGHEST WIND SPEED    16   HIGHEST WIND DIRECTION     E (110)
  HIGHEST GUST SPEED    20   HIGHEST GUST DIRECTION     E (110)
  AVERAGE WIND SPEED     7.2


SKY COVER
  AVERAGE SKY COVER 0.8


WEATHER CONDITIONS
 THE FOLLOWING WEATHER WAS RECORDED TODAY.
  NO SIGNIFICANT WEATHER WAS OBSERVED.


RELATIVE HUMIDITY (PERCENT)
 HIGHEST    88           600 AM
 LOWEST     33           300 PM
 AVERAGE    61

..........................................................


THE SAN ANTONIO CLIMATE NORMALS FOR TOMORROW
                         NORMAL    RECORD    YEAR
 MAXIMUM TEMPERATURE (F)   95       103      2013
                                             1901
 MINIMUM TEMPERATURE (F)   74        59      1893


SUNRISE AND SUNSET
AUGUST 29 2014........SUNRISE   710 AM CDT   SUNSET   759 PM CDT
AUGUST 30 2014........SUNRISE   710 AM CDT   SUNSET   758 PM CDT


-  INDICATES NEGATIVE NUMBERS.
R  INDICATES RECORD WAS SET OR TIED.
MM INDICATES DATA IS MISSING.
T  INDICATES TRACE AMOUNT.




$$
