000
CDUS42 KCHS 190601
CLISAV


CLIMATE REPORT
NATIONAL WEATHER SERVICE CHARLESTON SC
101 AM EST FRI JAN 19 2018


...................................

...THE SAVANNAH GA CLIMATE SUMMARY FOR JANUARY 18 2018...

CLIMATE NORMAL PERIOD 1981 TO 2010
CLIMATE RECORD PERIOD 1871 TO 2018


WEATHER ITEM   OBSERVED TIME   RECORD YEAR NORMAL DEPARTURE LAST
                VALUE   (LST)  VALUE       VALUE  FROM      YEAR
                                                  NORMAL
..................................................................
TEMPERATURE (F)
 YESTERDAY
  MAXIMUM         50    431 PM  81    1937  60    -10       78
  MINIMUM         23    718 AM  20    1957  38    -15       57
  AVERAGE         37                        49    -12       68

PRECIPITATION (IN)
  YESTERDAY        0.00          3.48 1883   0.12  -0.12     0.00
  MONTH TO DATE    0.66                      2.05  -1.39     1.62
  SINCE DEC 1      3.01                      5.00  -1.99     5.91
  SINCE JAN 1      0.66                      2.05  -1.39     1.62

SNOWFALL (IN)
  YESTERDAY        0.0                       0.0    0.0
  SINCE DEC 1      1.2                       0.2    1.0
  SINCE JUL 1      1.2                       0.2    1.0

DEGREE DAYS
 HEATING
  YESTERDAY       28                        16     12        0
  MONTH TO DATE  408                       288    120      137
  SINCE DEC 1    784                       711     73      409
  SINCE JUL 1   1008                       978     30      590

 COOLING
  YESTERDAY        0                         0      0        3
  MONTH TO DATE    3                         0      3       14
  SINCE DEC 1     12                         9      3       24
  SINCE JAN 1      3                         0      3       14
..................................................................


WIND (MPH)
  HIGHEST WIND SPEED    15   HIGHEST WIND DIRECTION     N (340)
  HIGHEST GUST SPEED    20   HIGHEST GUST DIRECTION     N (340)
  AVERAGE WIND SPEED     7.7


SKY COVER
  POSSIBLE SUNSHINE  MM
  AVERAGE SKY COVER 0.0


WEATHER CONDITIONS
 THE FOLLOWING WEATHER WAS RECORDED YESTERDAY.
  NO SIGNIFICANT WEATHER WAS OBSERVED.


RELATIVE HUMIDITY (PERCENT)
 HIGHEST    60           400 AM
 LOWEST     16           400 PM
 AVERAGE    38

..........................................................


THE SAVANNAH GA CLIMATE NORMALS FOR TODAY
                         NORMAL    RECORD    YEAR
 MAXIMUM TEMPERATURE (F)   60        79      2017
                                             1990
                                             1937
 MINIMUM TEMPERATURE (F)   39        16      1977


SUNRISE AND SUNSET
JANUARY 19 2018.......SUNRISE   725 AM EST   SUNSET   547 PM EST
JANUARY 20 2018.......SUNRISE   725 AM EST   SUNSET   547 PM EST


-  INDICATES NEGATIVE NUMBERS.
R  INDICATES RECORD WAS SET OR TIED.
MM INDICATES DATA IS MISSING.
T  INDICATES TRACE AMOUNT.




$$
