000
CDUS42 KCHS 290523
CLISAV


CLIMATE REPORT
NATIONAL WEATHER SERVICE CHARLESTON SC
1223 AM EST THU JAN 29 2015


...................................

...THE SAVANNAH GA CLIMATE SUMMARY FOR JANUARY 28 2015...

CLIMATE NORMAL PERIOD 1981 TO 2010
CLIMATE RECORD PERIOD 1871 TO 2015


WEATHER ITEM   OBSERVED TIME   RECORD YEAR NORMAL DEPARTURE LAST
                VALUE   (LST)  VALUE       VALUE  FROM      YEAR
                                                  NORMAL
..................................................................
TEMPERATURE (F)
 YESTERDAY
  MAXIMUM         53    444 PM  82    1957  61     -8       57
  MINIMUM         31    724 AM  13    1986  39     -8       34
  AVERAGE         42                        50     -8       46

PRECIPITATION (IN)
  YESTERDAY        0.00          1.25 1925   0.12  -0.12     0.15
  MONTH TO DATE    4.12                      3.31   0.81     2.25
  SINCE DEC 1      8.14                      6.26   1.88     4.63
  SINCE JAN 1      4.12                      3.31   0.81     2.25

SNOWFALL (IN)
  YESTERDAY        0.0                       0.0    0.0
  SINCE DEC 1      0.0                       0.2   -0.2
  SINCE JUL 1      0.0                       0.2   -0.2

DEGREE DAYS
 HEATING
  YESTERDAY       23                        15      8       19
  MONTH TO DATE  415                       441    -26      493
  SINCE DEC 1    699                       864   -165      763
  SINCE JUL 1    991                      1131   -140     1019

 COOLING
  YESTERDAY        0                         0      0        0
  MONTH TO DATE    5                         0      5        3
  SINCE DEC 1     11                         9      2       41
  SINCE JAN 1      5                         0      5        3
..................................................................


WIND (MPH)
  HIGHEST WIND SPEED    17   HIGHEST WIND DIRECTION     N (10)
  HIGHEST GUST SPEED    23   HIGHEST GUST DIRECTION     N (340)
  AVERAGE WIND SPEED     6.2


SKY COVER
  POSSIBLE SUNSHINE  MM
  AVERAGE SKY COVER 0.0


WEATHER CONDITIONS
 THE FOLLOWING WEATHER WAS RECORDED YESTERDAY.
  NO SIGNIFICANT WEATHER WAS OBSERVED.


RELATIVE HUMIDITY (PERCENT)
 HIGHEST    78           700 AM
 LOWEST     22           300 PM
 AVERAGE    50

..........................................................


THE SAVANNAH GA CLIMATE NORMALS FOR TODAY
                         NORMAL    RECORD    YEAR
 MAXIMUM TEMPERATURE (F)   61        84      1957
 MINIMUM TEMPERATURE (F)   39        17      1897


SUNRISE AND SUNSET
JANUARY 29 2015.......SUNRISE   721 AM EST   SUNSET   556 PM EST
JANUARY 30 2015.......SUNRISE   720 AM EST   SUNSET   556 PM EST


-  INDICATES NEGATIVE NUMBERS.
R  INDICATES RECORD WAS SET OR TIED.
MM INDICATES DATA IS MISSING.
T  INDICATES TRACE AMOUNT.




$$
