000
CDUS42 KCHS 250602
CLISAV


CLIMATE REPORT
NATIONAL WEATHER SERVICE CHARLESTON SC
202 AM EDT TUE APR 25 2017


...................................

...THE SAVANNAH GA CLIMATE SUMMARY FOR APRIL 24 2017...

CLIMATE NORMAL PERIOD 1981 TO 2010
CLIMATE RECORD PERIOD 1871 TO 2017


WEATHER ITEM   OBSERVED TIME   RECORD YEAR NORMAL DEPARTURE LAST
                VALUE   (LST)  VALUE       VALUE  FROM      YEAR
                                                  NORMAL
..................................................................
TEMPERATURE (F)
 YESTERDAY
  MAXIMUM         79    131 PM  94    1958  80     -1       79
  MINIMUM         62   1159 PM  38    1986  56      6       55
  AVERAGE         71                        68      3       67

PRECIPITATION (IN)
  YESTERDAY        T             1.55 1941   0.09  -0.09     0.00
  MONTH TO DATE    2.88                      2.54   0.34     2.26
  SINCE MAR 1      3.38                      6.27  -2.89     7.27
  SINCE JAN 1     12.21                     12.75  -0.54    13.68

SNOWFALL (IN)
  YESTERDAY        0.0                       0.0    0.0
  SINCE MAR 1      0.0                       T      0.0
  SINCE JUL 1      0.0                       0.3   -0.3

DEGREE DAYS
 HEATING
  YESTERDAY        0                         2     -2        0
  MONTH TO DATE   19                        70    -51       42
  SINCE MAR 1    212                       280    -68      142
  SINCE JUL 1   1022                      1797   -775     1211

 COOLING
  YESTERDAY        6                         4      2        2
  MONTH TO DATE  133                        67     66       44
  SINCE MAR 1    208                        99    109      150
  SINCE JAN 1    266                       109    157      171
..................................................................


WIND (MPH)
  HIGHEST WIND SPEED    24   HIGHEST WIND DIRECTION     W (260)
  HIGHEST GUST SPEED    28   HIGHEST GUST DIRECTION     W (260)
  AVERAGE WIND SPEED    11.6


SKY COVER
  POSSIBLE SUNSHINE  MM
  AVERAGE SKY COVER 0.7


WEATHER CONDITIONS
 THE FOLLOWING WEATHER WAS RECORDED YESTERDAY.
  LIGHT RAIN


RELATIVE HUMIDITY (PERCENT)
 HIGHEST    87           500 AM
 LOWEST     36           100 PM
 AVERAGE    62

..........................................................


THE SAVANNAH GA CLIMATE NORMALS FOR TODAY
                         NORMAL    RECORD    YEAR
 MAXIMUM TEMPERATURE (F)   80        94      1958
 MINIMUM TEMPERATURE (F)   56        39      2005


SUNRISE AND SUNSET
APRIL 25 2017.........SUNRISE   644 AM EDT   SUNSET   801 PM EDT
APRIL 26 2017.........SUNRISE   643 AM EDT   SUNSET   802 PM EDT


-  INDICATES NEGATIVE NUMBERS.
R  INDICATES RECORD WAS SET OR TIED.
MM INDICATES DATA IS MISSING.
T  INDICATES TRACE AMOUNT.




$$
