000
CDUS42 KCHS 252102
CLISAV


CLIMATE REPORT
NATIONAL WEATHER SERVICE CHARLESTON SC
502 PM EDT WED MAY 25 2016


...................................

...THE SAVANNAH GA CLIMATE SUMMARY FOR MAY 25 2016...
VALID TODAY AS OF 0500 PM LOCAL TIME.

CLIMATE NORMAL PERIOD 1981 TO 2010
CLIMATE RECORD PERIOD 1871 TO 2016


WEATHER ITEM   OBSERVED TIME   RECORD YEAR NORMAL DEPARTURE LAST
                VALUE   (LST)  VALUE       VALUE  FROM      YEAR
                                                  NORMAL
..................................................................
TEMPERATURE (F)
 TODAY
  MAXIMUM         87        MM 100    1953  87      0       85
  MINIMUM         65        MM  49    1967  65      0       74
  AVERAGE         76                        76      0       80

PRECIPITATION (IN)
  TODAY            0.00          2.90 1952   0.12  -0.12      T
  MONTH TO DATE    7.30                      2.23   5.07     1.17
  SINCE MAR 1     14.57                      9.03   5.54     9.71
  SINCE JAN 1     20.98                     15.51   5.47    17.27

DEGREE DAYS
 HEATING
  TODAY            0                         0      0        0
  MONTH TO DATE    4                         6     -2        2
  SINCE MAR 1    146                       292   -146      158
  SINCE JUL 1   1215                      1809   -594     1693

 COOLING
  TODAY           11                        11      0       15
  MONTH TO DATE  229                       198     31      224
  SINCE MAR 1    444                       324    120      461
  SINCE JAN 1    465                       334    131      466
..................................................................


WIND (MPH)
  HIGHEST WIND SPEED    12   HIGHEST WIND DIRECTION    SE (130)
  HIGHEST GUST SPEED    MM   HIGHEST GUST DIRECTION    MM
  AVERAGE WIND SPEED     3.6


SKY COVER
  POSSIBLE SUNSHINE  MM
  AVERAGE SKY COVER 0.4


WEATHER CONDITIONS
 THE FOLLOWING WEATHER WAS RECORDED TODAY.
  FOG


RELATIVE HUMIDITY (PERCENT)
 HIGHEST    93           300 AM
 LOWEST     37           100 PM
 AVERAGE    65

..........................................................


THE SAVANNAH GA CLIMATE NORMALS FOR TOMORROW
                         NORMAL    RECORD    YEAR
 MAXIMUM TEMPERATURE (F)   87       100      1953
 MINIMUM TEMPERATURE (F)   65        49      1979


SUNRISE AND SUNSET
MAY 25 2016...........SUNRISE   621 AM EDT   SUNSET   822 PM EDT
MAY 26 2016...........SUNRISE   621 AM EDT   SUNSET   823 PM EDT


-  INDICATES NEGATIVE NUMBERS.
R  INDICATES RECORD WAS SET OR TIED.
MM INDICATES DATA IS MISSING.
T  INDICATES TRACE AMOUNT.




$$
