000
CDUS42 KCHS 052107
CLISAV


CLIMATE REPORT
NATIONAL WEATHER SERVICE CHARLESTON SC
507 PM EDT SUN JUL 5 2015


...................................

...THE SAVANNAH GA CLIMATE SUMMARY FOR JULY 5 2015...
VALID TODAY AS OF 0500 PM LOCAL TIME.

CLIMATE NORMAL PERIOD 1981 TO 2010
CLIMATE RECORD PERIOD 1871 TO 2015


WEATHER ITEM   OBSERVED TIME   RECORD YEAR NORMAL DEPARTURE LAST
                VALUE   (LST)  VALUE       VALUE  FROM      YEAR
                                                  NORMAL
..................................................................
TEMPERATURE (F)
 TODAY
  MAXIMUM         92   1226 PM 100    1902  92      0       91
  MINIMUM         71    558 AM  63    1947  72     -1       72
                                      1933
  AVERAGE         82                        82      0       82

PRECIPITATION (IN)
  TODAY            1.53          2.89 1996   0.17   1.36      T
  MONTH TO DATE    1.61                      0.83   0.78      T
  SINCE JUN 1      7.24                      6.78   0.46    11.64
  SINCE JAN 1     24.57                     23.04   1.53    27.43

DEGREE DAYS
 HEATING
  TODAY            0                         0      0        0
  MONTH TO DATE    0                         0      0        0
  SINCE JUN 1      0                         0      0        0
  SINCE JUL 1      0                         0      0        0

 COOLING
  TODAY           17                        17      0       17
  MONTH TO DATE   87                        85      2       93
  SINCE JUN 1    593                       531     62      584
  SINCE JAN 1   1128                       934    194     1073
..................................................................


WIND (MPH)
  HIGHEST WIND SPEED    18   HIGHEST WIND DIRECTION    NW (320)
  HIGHEST GUST SPEED    33   HIGHEST GUST DIRECTION     W (290)
  AVERAGE WIND SPEED     6.0


SKY COVER
  POSSIBLE SUNSHINE  MM
  AVERAGE SKY COVER 0.3


WEATHER CONDITIONS
 THE FOLLOWING WEATHER WAS RECORDED TODAY.
  THUNDERSTORM
  HEAVY RAIN
  RAIN
  FOG


RELATIVE HUMIDITY (PERCENT)
 HIGHEST    93           400 AM
 LOWEST     59          1100 AM
 AVERAGE    76

..........................................................


THE SAVANNAH GA CLIMATE NORMALS FOR TOMORROW
                         NORMAL    RECORD    YEAR
 MAXIMUM TEMPERATURE (F)   92       102      1980
 MINIMUM TEMPERATURE (F)   72        64      1964


SUNRISE AND SUNSET
JULY  5 2015..........SUNRISE   624 AM EDT   SUNSET   835 PM EDT
JULY  6 2015..........SUNRISE   624 AM EDT   SUNSET   835 PM EDT


-  INDICATES NEGATIVE NUMBERS.
R  INDICATES RECORD WAS SET OR TIED.
MM INDICATES DATA IS MISSING.
T  INDICATES TRACE AMOUNT.




$$
