000
CDUS42 KCHS 270602
CLISAV


CLIMATE REPORT
NATIONAL WEATHER SERVICE CHARLESTON SC
202 AM EDT TUE JUN 27 2017


...................................

...THE SAVANNAH GA CLIMATE SUMMARY FOR JUNE 26 2017...

CLIMATE NORMAL PERIOD 1981 TO 2010
CLIMATE RECORD PERIOD 1871 TO 2017


WEATHER ITEM   OBSERVED TIME   RECORD YEAR NORMAL DEPARTURE LAST
                VALUE   (LST)  VALUE       VALUE  FROM      YEAR
                                                  NORMAL
..................................................................
TEMPERATURE (F)
 YESTERDAY
  MAXIMUM         89    206 PM 103    1952  91     -2       90
  MINIMUM         75   1159 PM  63    1979  72      3       76
                                      1940
  AVERAGE         82                        81      1       83

PRECIPITATION (IN)
  YESTERDAY        T             3.60 1963   0.20  -0.20     0.00
  MONTH TO DATE    2.68                      5.15  -2.47     6.28
  SINCE JUN 1      2.68                      5.15  -2.47     6.28
  SINCE JAN 1     26.43                     21.41   5.02    28.95

DEGREE DAYS
 HEATING
  YESTERDAY        0                         0      0        0
  MONTH TO DATE    0                         0      0        0
  SINCE JUN 1      0                         0      0        0
  SINCE JUL 1   1023                      1812   -789     1215

 COOLING
  YESTERDAY       17                        16      1       18
  MONTH TO DATE  392                       379     13      446
  SINCE JUN 1    392                       379     13      446
  SINCE JAN 1   1066                       782    284      974
..................................................................


WIND (MPH)
  HIGHEST WIND SPEED    16   HIGHEST WIND DIRECTION    SE (120)
  HIGHEST GUST SPEED    21   HIGHEST GUST DIRECTION    NE (30)
  AVERAGE WIND SPEED     5.4


SKY COVER
  POSSIBLE SUNSHINE  MM
  AVERAGE SKY COVER 0.8


WEATHER CONDITIONS
 THE FOLLOWING WEATHER WAS RECORDED YESTERDAY.
  LIGHT RAIN
  FOG


RELATIVE HUMIDITY (PERCENT)
 HIGHEST    94          1200 AM
 LOWEST     59           200 PM
 AVERAGE    77

..........................................................


THE SAVANNAH GA CLIMATE NORMALS FOR TODAY
                         NORMAL    RECORD    YEAR
 MAXIMUM TEMPERATURE (F)   92       103      1954
                                             1952
 MINIMUM TEMPERATURE (F)   72        61      2012


SUNRISE AND SUNSET
JUNE 27 2017..........SUNRISE   621 AM EDT   SUNSET   835 PM EDT
JUNE 28 2017..........SUNRISE   621 AM EDT   SUNSET   835 PM EDT


-  INDICATES NEGATIVE NUMBERS.
R  INDICATES RECORD WAS SET OR TIED.
MM INDICATES DATA IS MISSING.
T  INDICATES TRACE AMOUNT.




$$
