000
CDUS42 KCHS 240603
CLISAV


CLIMATE REPORT
NATIONAL WEATHER SERVICE CHARLESTON SC
203 AM EDT TUE OCT 24 2017


...................................

...THE SAVANNAH GA CLIMATE SUMMARY FOR OCTOBER 23 2017...

CLIMATE NORMAL PERIOD 1981 TO 2010
CLIMATE RECORD PERIOD 1871 TO 2017


WEATHER ITEM   OBSERVED TIME   RECORD YEAR NORMAL DEPARTURE LAST
                VALUE   (LST)  VALUE       VALUE  FROM      YEAR
                                                  NORMAL
..................................................................
TEMPERATURE (F)
 YESTERDAY
  MAXIMUM         82    329 PM  89    1941  77      5       74
  MINIMUM         67   1159 PM  37    1998  55     12       42
  AVERAGE         75                        66      9       58

PRECIPITATION (IN)
  YESTERDAY        0.56          2.71 1872   0.10   0.46     0.00
  MONTH TO DATE    1.65                      3.02  -1.37    11.60
  SINCE SEP 1      7.24                      7.60  -0.36    16.59
  SINCE JAN 1     49.60                     41.97   7.63    50.96

SNOWFALL (IN)
  YESTERDAY        0.0                       0.0    0.0
  SINCE SEP 1      0.0                       0.0    0.0
  SINCE JUL 1      0.0                       0.0    0.0

DEGREE DAYS
 HEATING
  YESTERDAY        0                         3     -3        7
  MONTH TO DATE    1                        31    -30       12
  SINCE SEP 1      1                        33    -32       12
  SINCE JUL 1      1                        33    -32       12

 COOLING
  YESTERDAY       10                         3      7        0
  MONTH TO DATE  243                       126    117      162
  SINCE SEP 1    665                       485    180      605
  SINCE JAN 1   2925                      2392    533     2915
..................................................................


WIND (MPH)
  HIGHEST WIND SPEED    33   HIGHEST WIND DIRECTION     S (200)
  HIGHEST GUST SPEED    45   HIGHEST GUST DIRECTION     S (200)
  AVERAGE WIND SPEED    12.1


SKY COVER
  POSSIBLE SUNSHINE  MM
  AVERAGE SKY COVER 0.8


WEATHER CONDITIONS
 THE FOLLOWING WEATHER WAS RECORDED YESTERDAY.
  THUNDERSTORM
  HEAVY RAIN
  RAIN
  LIGHT RAIN
  FOG


RELATIVE HUMIDITY (PERCENT)
 HIGHEST   100          1200 AM
 LOWEST     79          1000 AM
 AVERAGE    90

..........................................................


THE SAVANNAH GA CLIMATE NORMALS FOR TODAY
                         NORMAL    RECORD    YEAR
 MAXIMUM TEMPERATURE (F)   76        89      1927
 MINIMUM TEMPERATURE (F)   55        36      1937


SUNRISE AND SUNSET
OCTOBER 24 2017.......SUNRISE   735 AM EDT   SUNSET   642 PM EDT
OCTOBER 25 2017.......SUNRISE   736 AM EDT   SUNSET   641 PM EDT


-  INDICATES NEGATIVE NUMBERS.
R  INDICATES RECORD WAS SET OR TIED.
MM INDICATES DATA IS MISSING.
T  INDICATES TRACE AMOUNT.




$$
