000
CDUS46 KLOX 240902
CLISBA


CLIMATE REPORT
NATIONAL WEATHER SERVICE LOS ANGELES/OXNARD CA
202 AM PDT WED AUG 24 2016


...................................

...THE SANTA BARBARA AIRPORT CA CLIMATE SUMMARY FOR AUGUST 23 2016...

CLIMATE NORMAL PERIOD 1981 TO 2010
CLIMATE RECORD PERIOD 1940 TO 2016


WEATHER ITEM   OBSERVED TIME   RECORD YEAR NORMAL DEPARTURE LAST
                VALUE   (LST)  VALUE       VALUE  FROM      YEAR
                                                  NORMAL
..................................................................
TEMPERATURE (F)
 YESTERDAY
  MAXIMUM         76    201 PM  90    1968  75      1       78
  MINIMUM         57    536 AM  49    2002  57      0       59
  AVERAGE         67                        66      1       69

PRECIPITATION (IN)
  YESTERDAY        0.00          T    1959   0.00   0.00     0.00
  MONTH TO DATE    0.00                      0.08  -0.08      T
  SINCE OCT 1     10.21                     17.46  -7.25     9.63
  SINCE JAN 1      9.33                     12.16  -2.83     3.34

SNOWFALL (IN)
  YESTERDAY        0.0
  MONTH TO DATE    0.0
  SINCE JUN 1      0.0
  SINCE JUL 1      0.0

DEGREE DAYS
 HEATING
  YESTERDAY        0                         1     -1        0
  MONTH TO DATE    5                        23    -18        0
  SINCE JUN 1     92                       140    -48       30
  SINCE JUL 1     20                        50    -30        0

 COOLING
  YESTERDAY        2                         2      0        4
  MONTH TO DATE   31                        46    -15      118
  SINCE JUN 1    120                       104     16      262
  SINCE JAN 1    130                       118     12      300
..................................................................


WIND (MPH)
  HIGHEST WIND SPEED    13   HIGHEST WIND DIRECTION     W (260)
  HIGHEST GUST SPEED    16   HIGHEST GUST DIRECTION     W (260)
  AVERAGE WIND SPEED     5.0


SKY COVER
  POSSIBLE SUNSHINE  MM
  AVERAGE SKY COVER 0.0


WEATHER CONDITIONS
 THE FOLLOWING WEATHER WAS RECORDED YESTERDAY.
  NO SIGNIFICANT WEATHER WAS OBSERVED.


RELATIVE HUMIDITY (PERCENT)
 HIGHEST    93           100 AM
 LOWEST     57           300 PM
 AVERAGE    75

..........................................................


THE SANTA BARBARA AIRPORT CA CLIMATE NORMALS FOR TODAY
                         NORMAL    RECORD    YEAR
 MAXIMUM TEMPERATURE (F)   75        86      1997
 MINIMUM TEMPERATURE (F)   57        48      1944


SUNRISE AND SUNSET
AUGUST 24 2016........SUNRISE   627 AM PDT   SUNSET   735 PM PDT
AUGUST 25 2016........SUNRISE   628 AM PDT   SUNSET   734 PM PDT


-  INDICATES NEGATIVE NUMBERS.
R  INDICATES RECORD WAS SET OR TIED.
MM INDICATES DATA IS MISSING.
T  INDICATES TRACE AMOUNT.




$$
