000
CDUS46 KLOX 170914
CLISBA


CLIMATE REPORT
NATIONAL WEATHER SERVICE LOS ANGELES/OXNARD CA
213 AM PDT WED SEP 17 2014


...................................

...THE SANTA BARBARA AIRPORT CA CLIMATE SUMMARY FOR SEPTEMBER 16 2014...

CLIMATE NORMAL PERIOD 1981 TO 2010
CLIMATE RECORD PERIOD 1940 TO 2014


WEATHER ITEM   OBSERVED TIME   RECORD YEAR NORMAL DEPARTURE LAST
                VALUE   (LST)  VALUE       VALUE  FROM      YEAR
                                                  NORMAL
..................................................................
TEMPERATURE (F)
 YESTERDAY
  MAXIMUM         99R   521 PM  90    1979  74     25       78
  MINIMUM         70   1156 PM  46    2006  56     14       55
  AVERAGE         85                        65     20       67

PRECIPITATION (IN)
  YESTERDAY        0.00          0.08 1961   0.01  -0.01     0.00
  MONTH TO DATE    T                         0.07  -0.07     0.00
  SINCE JUL 1      0.02                      0.22  -0.20     0.07
  SINCE JAN 1      5.22                     12.27  -7.05     3.42

SNOWFALL (IN)
  YESTERDAY        0.0
  MONTH TO DATE    0.0
  SINCE SEP 1      0.0
  SINCE JUL 1      0.0

DEGREE DAYS
 HEATING
  YESTERDAY        0                         1     -1        0
  MONTH TO DATE    1                        16    -15        0
  SINCE SEP 1      1                        16    -15        0
  SINCE JUL 1      1                        67    -66       30

 COOLING
  YESTERDAY       20                         1     19        2
  MONTH TO DATE   86                        31     55       66
  SINCE SEP 1     86                        31     55       66
  SINCE JAN 1    417                       158    259      264
..................................................................


WIND (MPH)
  HIGHEST WIND SPEED    15   HIGHEST WIND DIRECTION     W (270)
  HIGHEST GUST SPEED    18   HIGHEST GUST DIRECTION     W (270)
  AVERAGE WIND SPEED     5.6


SKY COVER
  POSSIBLE SUNSHINE  MM
  AVERAGE SKY COVER 0.0


WEATHER CONDITIONS
 THE FOLLOWING WEATHER WAS RECORDED YESTERDAY.
  NO SIGNIFICANT WEATHER WAS OBSERVED.


RELATIVE HUMIDITY (PERCENT)
 HIGHEST    79          1000 PM
 LOWEST     12           600 PM
 AVERAGE    46

..........................................................


THE SANTA BARBARA AIRPORT CA CLIMATE NORMALS FOR TODAY
                         NORMAL    RECORD    YEAR
 MAXIMUM TEMPERATURE (F)   74        88      1979
 MINIMUM TEMPERATURE (F)   56        47      1946


SUNRISE AND SUNSET
SEPTEMBER 17 2014.....SUNRISE   644 AM PDT   SUNSET   703 PM PDT
SEPTEMBER 18 2014.....SUNRISE   645 AM PDT   SUNSET   702 PM PDT


-  INDICATES NEGATIVE NUMBERS.
R  INDICATES RECORD WAS SET OR TIED.
MM INDICATES DATA IS MISSING.
T  INDICATES TRACE AMOUNT.




$$
