000
CDUS46 KLOX 200912
CLISBA


CLIMATE REPORT
NATIONAL WEATHER SERVICE LOS ANGELES/OXNARD CA
211 AM PDT MON OCT 20 2014


...................................

...THE SANTA BARBARA AIRPORT CA CLIMATE SUMMARY FOR OCTOBER 19 2014...

CLIMATE NORMAL PERIOD 1981 TO 2010
CLIMATE RECORD PERIOD 1940 TO 2014


WEATHER ITEM   OBSERVED TIME   RECORD YEAR NORMAL DEPARTURE LAST
                VALUE   (LST)  VALUE       VALUE  FROM      YEAR
                                                  NORMAL
..................................................................
TEMPERATURE (F)
 YESTERDAY
  MAXIMUM         74    246 PM  94    1964  72      2       78
  MINIMUM         54    410 AM  42    1949  51      3       45
  AVERAGE         64                        61      3       62

PRECIPITATION (IN)
  YESTERDAY        0.00          1.14 2004   0.03  -0.03     0.00
  MONTH TO DATE    0.00                      0.39  -0.39     0.03
  SINCE JUL 1      0.02                      0.80  -0.78     0.10
  SINCE JAN 1      5.22                     12.85  -7.63     3.45

SNOWFALL (IN)
  YESTERDAY        0.0
  MONTH TO DATE    0.0
  SINCE SEP 1      0.0
  SINCE JUL 1      0.0

DEGREE DAYS
 HEATING
  YESTERDAY        1                         4     -3        3
  MONTH TO DATE    3                        62    -59       68
  SINCE SEP 1      4                       106   -102       82
  SINCE JUL 1      4                       157   -153      112

 COOLING
  YESTERDAY        0                         0      0        0
  MONTH TO DATE   57                        11     46        4
  SINCE SEP 1    190                        55    135       87
  SINCE JAN 1    521                       182    339      285
..................................................................


WIND (MPH)
  HIGHEST WIND SPEED    13   HIGHEST WIND DIRECTION    SW (240)
  HIGHEST GUST SPEED    16   HIGHEST GUST DIRECTION     W (290)
  AVERAGE WIND SPEED     4.8


SKY COVER
  POSSIBLE SUNSHINE  MM
  AVERAGE SKY COVER 0.1


WEATHER CONDITIONS
 THE FOLLOWING WEATHER WAS RECORDED YESTERDAY.
  NO SIGNIFICANT WEATHER WAS OBSERVED.


RELATIVE HUMIDITY (PERCENT)
 HIGHEST    90          1000 PM
 LOWEST     64          1100 AM
 AVERAGE    77

..........................................................


THE SANTA BARBARA AIRPORT CA CLIMATE NORMALS FOR TODAY
                         NORMAL    RECORD    YEAR
 MAXIMUM TEMPERATURE (F)   72        94      1964
 MINIMUM TEMPERATURE (F)   50        37      1949


SUNRISE AND SUNSET
OCTOBER 20 2014.......SUNRISE   709 AM PDT   SUNSET   619 PM PDT
OCTOBER 21 2014.......SUNRISE   710 AM PDT   SUNSET   618 PM PDT


-  INDICATES NEGATIVE NUMBERS.
R  INDICATES RECORD WAS SET OR TIED.
MM INDICATES DATA IS MISSING.
T  INDICATES TRACE AMOUNT.




$$
