000
CDUS46 KLOX 300115
CLISBA


CLIMATE REPORT
NATIONAL WEATHER SERVICE LOS ANGELES/OXNARD CA
615 PM PDT FRI AUG 29 2014


...................................

...THE SANTA BARBARA AIRPORT CA CLIMATE SUMMARY FOR AUGUST 29 2014...
VALID TODAY AS OF 0600 PM LOCAL TIME.

CLIMATE NORMAL PERIOD 1981 TO 2010
CLIMATE RECORD PERIOD 1940 TO 2014


WEATHER ITEM   OBSERVED TIME   RECORD YEAR NORMAL DEPARTURE LAST
                VALUE   (LST)  VALUE       VALUE  FROM      YEAR
                                                  NORMAL
..................................................................
TEMPERATURE (F)
 TODAY
  MAXIMUM         80    220 PM  96    1971  75      5       81
  MINIMUM         56    605 AM  49    1946  57     -1       58
  AVERAGE         68                        66      2       70

PRECIPITATION (IN)
  TODAY            0.00          0.05 1951   0.00   0.00     0.00
  MONTH TO DATE    0.01                      0.11  -0.10     0.00
  SINCE JUL 1      0.02                      0.14  -0.12     0.07
  SINCE JAN 1      5.22                     12.19  -6.97     3.42

SNOWFALL (IN)
  TODAY            0.0
  MONTH TO DATE    0.0
  SINCE JUN 1      0.0
  SINCE JUL 1      0.0

DEGREE DAYS
 HEATING
  TODAY            0                         1     -1        0
  MONTH TO DATE    0                        29    -29       21
  SINCE JUN 1     52                       146    -94       73
  SINCE JUL 1      0                        56    -56       30

 COOLING
  TODAY            3                         2      1        5
  MONTH TO DATE   85                        58     27       30
  SINCE JUN 1    256                       116    140      122
  SINCE JAN 1    324                       130    194      179
..................................................................


WIND (MPH)
  HIGHEST WIND SPEED     9   HIGHEST WIND DIRECTION     W (270)
  HIGHEST GUST SPEED    MM   HIGHEST GUST DIRECTION    MM
  AVERAGE WIND SPEED     4.7


SKY COVER
  POSSIBLE SUNSHINE  MM
  AVERAGE SKY COVER 0.0


WEATHER CONDITIONS
 THE FOLLOWING WEATHER WAS RECORDED TODAY.
  NO SIGNIFICANT WEATHER WAS OBSERVED.


RELATIVE HUMIDITY (PERCENT)
 HIGHEST    93           400 AM
 LOWEST     47           200 PM
 AVERAGE    70

..........................................................


THE SANTA BARBARA AIRPORT CA CLIMATE NORMALS FOR TOMORROW
                         NORMAL    RECORD    YEAR
 MAXIMUM TEMPERATURE (F)   75       101      1984
 MINIMUM TEMPERATURE (F)   57        48      2010


SUNRISE AND SUNSET
AUGUST 29 2014........SUNRISE   630 AM PDT   SUNSET   729 PM PDT
AUGUST 30 2014........SUNRISE   631 AM PDT   SUNSET   728 PM PDT


-  INDICATES NEGATIVE NUMBERS.
R  INDICATES RECORD WAS SET OR TIED.
MM INDICATES DATA IS MISSING.
T  INDICATES TRACE AMOUNT.




$$
