000
CDUS46 KLOX 080913
CLISBA


CLIMATE REPORT
NATIONAL WEATHER SERVICE LOS ANGELES/OXNARD CA
112 AM PST MON FEB 8 2016


...................................

...THE SANTA BARBARA AIRPORT CA CLIMATE SUMMARY FOR FEBRUARY 7 2016...

CLIMATE NORMAL PERIOD 1981 TO 2010
CLIMATE RECORD PERIOD 1940 TO 2016


WEATHER ITEM   OBSERVED TIME   RECORD YEAR NORMAL DEPARTURE LAST
                VALUE   (LST)  VALUE       VALUE  FROM      YEAR
                                                  NORMAL
..................................................................
TEMPERATURE (F)
 YESTERDAY
  MAXIMUM         80    249 PM  83    1954  64     16       62
  MINIMUM         41    659 AM  29    1989  43     -2       56
  AVERAGE         61                        53      8       59

PRECIPITATION (IN)
  YESTERDAY        0.00          2.05 1998   0.14  -0.14     0.59
  MONTH TO DATE    0.00                      0.98  -0.98     0.59
  SINCE OCT 1      6.67                      9.78  -3.11     8.21
  SINCE JAN 1      5.79                      4.48   1.31     1.92

SNOWFALL (IN)
  YESTERDAY        0.0
  MONTH TO DATE    0.0
  SINCE DEC 1      0.0
  SINCE JUL 1      0.0

DEGREE DAYS
 HEATING
  YESTERDAY        4                        12     -8        6
  MONTH TO DATE   81                        84     -3       52
  SINCE DEC 1    721                       890   -169      564
  SINCE JUL 1    963                      1368   -405      697

 COOLING
  YESTERDAY        0                         0      0        0
  MONTH TO DATE    0                         0      0        0
  SINCE DEC 1      0                         0      0        1
  SINCE JAN 1      0                         0      0        0
..................................................................


WIND (MPH)
  HIGHEST WIND SPEED    14   HIGHEST WIND DIRECTION     W (250)
  HIGHEST GUST SPEED    18   HIGHEST GUST DIRECTION     W (250)
  AVERAGE WIND SPEED     3.4


SKY COVER
  POSSIBLE SUNSHINE  MM
  AVERAGE SKY COVER 0.0


WEATHER CONDITIONS
 THE FOLLOWING WEATHER WAS RECORDED YESTERDAY.
  NO SIGNIFICANT WEATHER WAS OBSERVED.


RELATIVE HUMIDITY (PERCENT)
 HIGHEST    76           500 AM
 LOWEST     16           200 PM
 AVERAGE    46

..........................................................


THE SANTA BARBARA AIRPORT CA CLIMATE NORMALS FOR TODAY
                         NORMAL    RECORD    YEAR
 MAXIMUM TEMPERATURE (F)   64        84      1954
 MINIMUM TEMPERATURE (F)   43        33      2004
                                             2001


SUNRISE AND SUNSET
FEBRUARY  8 2016......SUNRISE   652 AM PST   SUNSET   536 PM PST
FEBRUARY  9 2016......SUNRISE   651 AM PST   SUNSET   537 PM PST


-  INDICATES NEGATIVE NUMBERS.
R  INDICATES RECORD WAS SET OR TIED.
MM INDICATES DATA IS MISSING.
T  INDICATES TRACE AMOUNT.




$$
