873
CDUS43 KIWX 290529
CLISBN


CLIMATE REPORT
NATIONAL WEATHER SERVICE NORTHERN INDIANA
128 AM EDT SUN MAY 29 2016


...................................

...THE SOUTH BEND CLIMATE SUMMARY FOR MAY 28 2016...

CLIMATE NORMAL PERIOD 1981 TO 2010
CLIMATE RECORD PERIOD 1893 TO 2016


WEATHER ITEM   OBSERVED TIME   RECORD YEAR NORMAL DEPARTURE LAST
                VALUE   (LST)  VALUE       VALUE  FROM      YEAR
                                                  NORMAL
..................................................................
TEMPERATURE (F)
 YESTERDAY
  MAXIMUM         84    555 PM  95    2012  74     10       83
  MINIMUM         69   1243 AM  34    1902  53     16       52
  AVERAGE         77                        63     14       68

PRECIPITATION (IN)
  YESTERDAY        T             1.08 1955   0.13  -0.13     0.00
  MONTH TO DATE    2.41                      3.42  -1.01     3.47
  SINCE MAR 1     11.25                      9.07   2.18     6.65
  SINCE JAN 1     15.03                     13.31   1.72    10.55

SNOWFALL (IN)
  YESTERDAY        0.0                       0.0    0.0      0.0
  MONTH TO DATE    0.0                       0.0    0.0      0.0
  SINCE MAR 1     10.9                       8.5    2.4      6.1
  SINCE JUL 1     70.2                      66.6    3.6     83.9
  SNOW DEPTH       0

DEGREE DAYS
 HEATING
  YESTERDAY        0                         4     -4        0
  MONTH TO DATE  261                       212     49      121
  SINCE MAR 1   1475                      1554    -79     1496
  SINCE JUL 1   5605                      6243   -638     6593

 COOLING
  YESTERDAY       12                         2     10        3
  MONTH TO DATE   43                        38      5       74
  SINCE MAR 1     47                        48     -1       76
  SINCE JAN 1     47                        48     -1       76
..................................................................


WIND (MPH)
  HIGHEST WIND SPEED    24   HIGHEST WIND DIRECTION     S (200)
  HIGHEST GUST SPEED    33   HIGHEST GUST DIRECTION     S (190)
  AVERAGE WIND SPEED    13.5


SKY COVER
  AVERAGE SKY COVER 0.3


WEATHER CONDITIONS
 THE FOLLOWING WEATHER WAS RECORDED YESTERDAY.
  LIGHT RAIN


RELATIVE HUMIDITY (PERCENT)
 HIGHEST    84           100 AM
 LOWEST     44           600 PM
 AVERAGE    64

..........................................................


THE SOUTH BEND CLIMATE NORMALS FOR TODAY
                         NORMAL    RECORD    YEAR
 MAXIMUM TEMPERATURE (F)   74        95      1942
 MINIMUM TEMPERATURE (F)   53        31      1897


SUNRISE AND SUNSET
MAY 29 2016...........SUNRISE   614 AM EDT   SUNSET   911 PM EDT
MAY 30 2016...........SUNRISE   614 AM EDT   SUNSET   912 PM EDT


-  INDICATES NEGATIVE NUMBERS.
R  INDICATES RECORD WAS SET OR TIED.
MM INDICATES DATA IS MISSING.
T  INDICATES TRACE AMOUNT.




$$
