000
CDUS43 KIWX 270529
CLISBN


CLIMATE REPORT
NATIONAL WEATHER SERVICE NORTHERN INDIANA
125 AM EDT WED MAY 27 2015


...................................

...THE SOUTH BEND CLIMATE SUMMARY FOR MAY 26 2015...

CLIMATE NORMAL PERIOD 1981 TO 2010
CLIMATE RECORD PERIOD 1893 TO 2015


WEATHER ITEM   OBSERVED TIME   RECORD YEAR NORMAL DEPARTURE LAST
                VALUE   (LST)  VALUE       VALUE  FROM      YEAR
                                                  NORMAL
..................................................................
TEMPERATURE (F)
 YESTERDAY
  MAXIMUM         80    108 PM  91    1914  73      7       87
  MINIMUM         66    339 AM  33    1961  52     14       58
  AVERAGE         73                        62     11       73

PRECIPITATION (IN)
  YESTERDAY        0.22          2.13 1913   0.12   0.10     0.37
  MONTH TO DATE    3.36                      3.16   0.20     4.16
  SINCE MAR 1      6.54                      8.81  -2.27     8.20
  SINCE JAN 1     10.44                     13.05  -2.61    14.14

SNOWFALL (IN)
  YESTERDAY        0.0           T    1961   0.0    0.0      0.0
  MONTH TO DATE    0.0                       0.0    0.0      0.0
  SINCE MAR 1      6.1                       8.5   -2.4     12.9
  SINCE JUL 1     83.9                      66.6   17.3    106.9
  SNOW DEPTH       0

DEGREE DAYS
 HEATING
  YESTERDAY        0                         5     -5        0
  MONTH TO DATE  121                       203    -82      208
  SINCE MAR 1   1496                      1545    -49     1753
  SINCE JUL 1   6593                      6234    359     6936

 COOLING
  YESTERDAY        8                         2      6        8
  MONTH TO DATE   70                        34     36       49
  SINCE MAR 1     72                        44     28       51
  SINCE JAN 1     72                        44     28       51
..................................................................


WIND (MPH)
  HIGHEST WIND SPEED    32   HIGHEST WIND DIRECTION     S (190)
  HIGHEST GUST SPEED    43   HIGHEST GUST DIRECTION     S (190)
  AVERAGE WIND SPEED    12.2


SKY COVER
  AVERAGE SKY COVER 0.6


WEATHER CONDITIONS
 THE FOLLOWING WEATHER WAS RECORDED YESTERDAY.
  HEAVY RAIN
  FOG
  HAZE


RELATIVE HUMIDITY (PERCENT)
 HIGHEST    93           300 AM
 LOWEST     58           100 PM
 AVERAGE    76

..........................................................


THE SOUTH BEND CLIMATE NORMALS FOR TODAY
                         NORMAL    RECORD    YEAR
 MAXIMUM TEMPERATURE (F)   73        97      2012
 MINIMUM TEMPERATURE (F)   52        30      1961


SUNRISE AND SUNSET
MAY 27 2015...........SUNRISE   616 AM EDT   SUNSET   909 PM EDT
MAY 28 2015...........SUNRISE   615 AM EDT   SUNSET   910 PM EDT


-  INDICATES NEGATIVE NUMBERS.
R  INDICATES RECORD WAS SET OR TIED.
MM INDICATES DATA IS MISSING.
T  INDICATES TRACE AMOUNT.




$$
