000
CDUS41 KAKQ 282126
CLISBY


CLIMATE REPORT
NATIONAL WEATHER SERVICE WAKEFIELD, VA
526 PM EDT THU MAY 28 2015


...................................

...THE SALISBURY MD CLIMATE SUMMARY FOR MAY 28 2015...
VALID TODAY AS OF 0500 PM LOCAL TIME.

CLIMATE NORMAL PERIOD 1981 TO 2010
CLIMATE RECORD PERIOD 1900 TO 2015


WEATHER ITEM   OBSERVED TIME   RECORD YEAR NORMAL DEPARTURE LAST
                VALUE   (LST)  VALUE       VALUE  FROM      YEAR
                                                  NORMAL
..................................................................
TEMPERATURE (F)
 TODAY
  MAXIMUM         84    351 PM  96    1941  77      7       86
  MINIMUM         66    317 AM  39    1994  55     11       59
  AVERAGE         75

PRECIPITATION (IN)
  TODAY            0.00          1.40 1966   0.12  -0.12      T
  MONTH TO DATE    1.75                      3.23  -1.48     2.76
  SINCE MAR 1      9.49                     11.20  -1.71    11.74
  SINCE JAN 1     17.21                     18.16  -0.95    18.96

SNOWFALL (IN)
  TODAY            0.0
  MONTH TO DATE    0.0
  SINCE NOV 1     15.7
  SINCE JUL 1     15.7
  SNOW DEPTH       0

DEGREE DAYS
 HEATING
  TODAY            0
  MONTH TO DATE   75
  SINCE MAR 1   1059
  SINCE JUL 1   4272

 COOLING
  TODAY           10
  MONTH TO DATE  119
  SINCE MAR 1    126
  SINCE JAN 1    126
..................................................................


WIND (MPH)
  RESULTANT WIND SPEED   6   RESULTANT WIND DIRECTION   S (190)
  HIGHEST WIND SPEED    13   HIGHEST WIND DIRECTION     S (180)
  HIGHEST GUST SPEED    16   HIGHEST GUST DIRECTION     S (190)


SKY COVER
  POSSIBLE SUNSHINE  MM
  AVERAGE SKY COVER 0.4


WEATHER CONDITIONS
 THE FOLLOWING WEATHER WAS RECORDED TODAY.
  NO SIGNIFICANT WEATHER WAS OBSERVED.


RELATIVE HUMIDITY (PERCENT)
 HIGHEST   100
 LOWEST     61
 AVERAGE    81

..........................................................


THE SALISBURY MD CLIMATE NORMALS FOR TOMORROW
                         NORMAL    RECORD    YEAR
 MAXIMUM TEMPERATURE (F)   77        96      1941
 MINIMUM TEMPERATURE (F)   56        35      1935


SUNRISE AND SUNSET
MAY 28 2015...........SUNRISE   542 AM EDT   SUNSET   817 PM EDT
MAY 29 2015...........SUNRISE   542 AM EDT   SUNSET   818 PM EDT


-  INDICATES NEGATIVE NUMBERS.
R  INDICATES RECORD WAS SET OR TIED.
MM INDICATES DATA IS MISSING.
T  INDICATES TRACE AMOUNT.




$$
