305
CDUS41 KAKQ 280545
CLISBY


CLIMATE REPORT
NATIONAL WEATHER SERVICE WAKEFIELD, VA
145 AM EDT TUE MAR 28 2017


...................................

...THE SALISBURY MD CLIMATE SUMMARY FOR MARCH 27 2017...

CLIMATE NORMAL PERIOD 1981 TO 2010
CLIMATE RECORD PERIOD 1900 TO 2017


WEATHER ITEM   OBSERVED TIME   RECORD YEAR NORMAL DEPARTURE LAST
                VALUE   (LST)  VALUE       VALUE  FROM      YEAR
                                                  NORMAL
..................................................................
TEMPERATURE (F)
 YESTERDAY
  MAXIMUM         74    403 PM  85    1921  59     15       58
  MINIMUM         45    357 AM  20    2014  38      7       47
                                      1951
  AVERAGE         60                        48     12       53

PRECIPITATION (IN)
  YESTERDAY        T             1.48 1983   0.15  -0.15     0.02
  MONTH TO DATE    3.61                      3.83  -0.22     1.66
  SINCE MAR 1      3.61                      3.83  -0.22     1.66
  SINCE JAN 1      8.41                     10.79  -2.38     8.51

SNOWFALL (IN)
  YESTERDAY       MM             T    1930   0.0   MM
  MONTH TO DATE    T                         0.8   -0.8
  SINCE NOV 1      9.6                       9.1    0.5
  SINCE JUL 1      9.6                       9.1    0.5
  SNOW DEPTH       0

DEGREE DAYS
 HEATING
  YESTERDAY        5                        17    -12       12
  MONTH TO DATE  584                       565     19      398
  SINCE MAR 1    584                       565     19      398
  SINCE JUL 1   3335                      3870   -535     3069

 COOLING
  YESTERDAY        0                         0      0        0
  MONTH TO DATE    2                         0      2        3
  SINCE MAR 1      2                         0      2        3
  SINCE JAN 1      2                         0      2        3
..................................................................


WIND (MPH)
  HIGHEST WIND SPEED    21   HIGHEST WIND DIRECTION     S (200)
  HIGHEST GUST SPEED    30   HIGHEST GUST DIRECTION     S (200)
  AVERAGE WIND SPEED     9.6


SKY COVER
  POSSIBLE SUNSHINE  MM
  AVERAGE SKY COVER 0.4


WEATHER CONDITIONS
 THE FOLLOWING WEATHER WAS RECORDED YESTERDAY.
  FOG
  FOG W/VISIBILITY <= 1/4 MILE


RELATIVE HUMIDITY (PERCENT)
 HIGHEST   100          1200 AM
 LOWEST     57          1200 PM
 AVERAGE    79

..........................................................


THE SALISBURY MD CLIMATE NORMALS FOR TODAY
                         NORMAL    RECORD    YEAR
 MAXIMUM TEMPERATURE (F)   59        89      1907
 MINIMUM TEMPERATURE (F)   38        20      1915


SUNRISE AND SUNSET
MARCH 28 2017.........SUNRISE   653 AM EDT   SUNSET   722 PM EDT
MARCH 29 2017.........SUNRISE   651 AM EDT   SUNSET   723 PM EDT


-  INDICATES NEGATIVE NUMBERS.
R  INDICATES RECORD WAS SET OR TIED.
MM INDICATES DATA IS MISSING.
T  INDICATES TRACE AMOUNT.




$$
