000
CDUS41 KAKQ 310535
CLISBY


CLIMATE REPORT
NATIONAL WEATHER SERVICE WAKEFIELD, VA
134 AM EDT FRI JUL 31 2015


...................................

...THE SALISBURY MD CLIMATE SUMMARY FOR JULY 30 2015...

CLIMATE NORMAL PERIOD 1981 TO 2010
CLIMATE RECORD PERIOD 1900 TO 2015


WEATHER ITEM   OBSERVED TIME   RECORD YEAR NORMAL DEPARTURE LAST
                VALUE   (LST)  VALUE       VALUE  FROM      YEAR
                                                  NORMAL
..................................................................
TEMPERATURE (F)
 YESTERDAY
  MAXIMUM         89    315 PM  98    1949  86      3       82
  MINIMUM         73    535 AM  54    1928  67      6       56
  AVERAGE         81                        76      5       69

PRECIPITATION (IN)
  YESTERDAY        0.11          2.33 1982   0.18  -0.07     0.00
  MONTH TO DATE    6.26                      4.20   2.06     4.78
  SINCE JUN 1     14.52                      7.91   6.61     6.36
  SINCE JAN 1     31.73                     26.46   5.27    26.07

SNOWFALL (IN)
  YESTERDAY        0.0           0.0  2002   0.0    0.0
                                      2001
  MONTH TO DATE    0.0                       0.0    0.0
  SINCE NOV 1     15.7                       9.3    6.4
  SINCE JUL 1      0.0                       0.0    0.0
  SNOW DEPTH       0

DEGREE DAYS
 HEATING
  YESTERDAY        0                         0      0        0
  MONTH TO DATE    0                         0      0        0
  SINCE JUN 1     15                        19     -4        5
  SINCE JUL 1      0                         0      0        0

 COOLING
  YESTERDAY       16                        11      5        4
  MONTH TO DATE  346                       354     -8      381
  SINCE JUN 1    631                       581     50      674
  SINCE JAN 1    787                       665    122      809
..................................................................


WIND (MPH)
  HIGHEST WIND SPEED    17   HIGHEST WIND DIRECTION    NW (310)
  HIGHEST GUST SPEED    23   HIGHEST GUST DIRECTION     S (200)
  AVERAGE WIND SPEED     6.8


SKY COVER
  POSSIBLE SUNSHINE  MM
  AVERAGE SKY COVER 0.3


WEATHER CONDITIONS
 THE FOLLOWING WEATHER WAS RECORDED YESTERDAY.
  LIGHT RAIN
  FOG


RELATIVE HUMIDITY (PERCENT)
 HIGHEST   100           400 AM
 LOWEST     56           200 PM
 AVERAGE    78

..........................................................


THE SALISBURY MD CLIMATE NORMALS FOR TODAY
                         NORMAL    RECORD    YEAR
 MAXIMUM TEMPERATURE (F)   86        99      1917
 MINIMUM TEMPERATURE (F)   67        52      1956


SUNRISE AND SUNSET
JULY 31 2015..........SUNRISE   603 AM EDT   SUNSET   813 PM EDT
AUGUST  1 2015........SUNRISE   604 AM EDT   SUNSET   812 PM EDT


-  INDICATES NEGATIVE NUMBERS.
R  INDICATES RECORD WAS SET OR TIED.
MM INDICATES DATA IS MISSING.
T  INDICATES TRACE AMOUNT.




$$
