000
CDUS41 KAKQ 190828
CLISBY


CLIMATE REPORT
NATIONAL WEATHER SERVICE WAKEFIELD, VA
327 AM EST FRI DEC 19 2014


...................................

...THE SALISBURY MD CLIMATE SUMMARY FOR DECEMBER 18 2014...

CLIMATE NORMAL PERIOD 1981 TO 2010
CLIMATE RECORD PERIOD 1900 TO 2014


WEATHER ITEM   OBSERVED TIME   RECORD YEAR NORMAL DEPARTURE LAST
                VALUE   (LST)  VALUE       VALUE  FROM      YEAR
                                                  NORMAL
..................................................................
TEMPERATURE (F)
 YESTERDAY
  MAXIMUM         44    211 PM  72    1984  47     -3       41
  MINIMUM         34    709 AM   7    1916  29      5       27
  AVERAGE         39                        38      1       34

PRECIPITATION (IN)
  YESTERDAY        0.00          3.56 1977   0.12  -0.12     0.03
  MONTH TO DATE    0.83                      2.25  -1.42     2.06
  SINCE DEC 1      0.83                      2.25  -1.42     2.06
  SINCE JAN 1     29.04                     44.22 -15.18    47.67

SNOWFALL (IN)
  YESTERDAY        0.0           2.0  1946   0.0    0.0
  MONTH TO DATE    0.0                       0.9   -0.9
  SINCE NOV 1      0.0                       1.1   -1.1
  SINCE JUL 1      0.0                       1.1   -1.1
  SNOW DEPTH       0

DEGREE DAYS
 HEATING
  YESTERDAY       26                        27     -1       31
  MONTH TO DATE  364                       440    -76      424
  SINCE DEC 1    364                       440    -76      424
  SINCE JUL 1   1036                      1258   -222     1129

 COOLING
  YESTERDAY        0                         0      0        0
  MONTH TO DATE    0                         0      0        0
  SINCE DEC 1      0                         0      0        0
  SINCE JAN 1   1379                      1153    226     1628
..................................................................


WIND (MPH)
  HIGHEST WIND SPEED    21   HIGHEST WIND DIRECTION    NW (320)
  HIGHEST GUST SPEED    27   HIGHEST GUST DIRECTION    NW (320)
  AVERAGE WIND SPEED     8.5


SKY COVER
  POSSIBLE SUNSHINE  MM
  AVERAGE SKY COVER 0.0


WEATHER CONDITIONS
 THE FOLLOWING WEATHER WAS RECORDED YESTERDAY.
  NO SIGNIFICANT WEATHER WAS OBSERVED.


RELATIVE HUMIDITY (PERCENT)
 HIGHEST    64           600 PM
 LOWEST     43          1100 AM
 AVERAGE    54

..........................................................


THE SALISBURY MD CLIMATE NORMALS FOR TODAY
                         NORMAL    RECORD    YEAR
 MAXIMUM TEMPERATURE (F)   47        75      1924
 MINIMUM TEMPERATURE (F)   29         7      1926


SUNRISE AND SUNSET
DECEMBER 19 2014......SUNRISE   714 AM EST   SUNSET   444 PM EST
DECEMBER 20 2014......SUNRISE   715 AM EST   SUNSET   445 PM EST


-  INDICATES NEGATIVE NUMBERS.
R  INDICATES RECORD WAS SET OR TIED.
MM INDICATES DATA IS MISSING.
T  INDICATES TRACE AMOUNT.




$$
