000
CDUS41 KAKQ 230536
CLISBY


CLIMATE REPORT
NATIONAL WEATHER SERVICE WAKEFIELD, VA
135 AM EDT WED AUG 23 2017


...................................

...THE SALISBURY MD CLIMATE SUMMARY FOR AUGUST 22 2017...

CLIMATE NORMAL PERIOD 1981 TO 2010
CLIMATE RECORD PERIOD 1900 TO 2017


WEATHER ITEM   OBSERVED TIME   RECORD YEAR NORMAL DEPARTURE LAST
                VALUE   (LST)  VALUE       VALUE  FROM      YEAR
                                                  NORMAL
..................................................................
TEMPERATURE (F)
 YESTERDAY
  MAXIMUM         90    118 PM  97    1916  84      6       83
  MINIMUM         75    408 AM  49    2000  65     10       64
  AVERAGE         83                        74      9       74

PRECIPITATION (IN)
  YESTERDAY        0.00          3.07 1973   0.14  -0.14     0.00
  MONTH TO DATE   10.39                      3.31   7.08     2.70
  SINCE JUN 1     23.69                     11.40  12.29    15.33
  SINCE JAN 1     40.22                     29.95  10.27    34.06

SNOWFALL (IN)
  YESTERDAY        0.0           0.0  2002   0.0    0.0
                                      2001
  MONTH TO DATE    0.0                       0.0    0.0
  SINCE NOV 1      9.6                       9.3    0.3
  SINCE JUL 1      0.0                       0.0    0.0
  SNOW DEPTH       0

DEGREE DAYS
 HEATING
  YESTERDAY        0                         0      0        0
  MONTH TO DATE    0                         0      0        0
  SINCE JUN 1     15                        20     -5        1
  SINCE JUL 1      0                         1     -1        0

 COOLING
  YESTERDAY       18                         9      9        9
  MONTH TO DATE  249                       230     19      331
  SINCE JUN 1    974                       821    153     1000
  SINCE JAN 1   1112                       905    207     1085
..................................................................


WIND (MPH)
  HIGHEST WIND SPEED    20   HIGHEST WIND DIRECTION     S (190)
  HIGHEST GUST SPEED    27   HIGHEST GUST DIRECTION     S (200)
  AVERAGE WIND SPEED     9.7


SKY COVER
  POSSIBLE SUNSHINE  MM
  AVERAGE SKY COVER 0.1


WEATHER CONDITIONS
 THE FOLLOWING WEATHER WAS RECORDED YESTERDAY.
  FOG


RELATIVE HUMIDITY (PERCENT)
 HIGHEST   100           100 AM
 LOWEST     59           200 PM
 AVERAGE    80

..........................................................


THE SALISBURY MD CLIMATE NORMALS FOR TODAY
                         NORMAL    RECORD    YEAR
 MAXIMUM TEMPERATURE (F)   84        98      1968
 MINIMUM TEMPERATURE (F)   65        50      1952
                                             1925


SUNRISE AND SUNSET
AUGUST 23 2017........SUNRISE   624 AM EDT   SUNSET   745 PM EDT
AUGUST 24 2017........SUNRISE   625 AM EDT   SUNSET   743 PM EDT


-  INDICATES NEGATIVE NUMBERS.
R  INDICATES RECORD WAS SET OR TIED.
MM INDICATES DATA IS MISSING.
T  INDICATES TRACE AMOUNT.




$$
