000
CDUS41 KAKQ 190545
CLISBY


CLIMATE REPORT
NATIONAL WEATHER SERVICE WAKEFIELD, VA
145 AM EDT THU OCT 19 2017


...................................

...THE SALISBURY MD CLIMATE SUMMARY FOR OCTOBER 18 2017...

CLIMATE NORMAL PERIOD 1981 TO 2010
CLIMATE RECORD PERIOD 1900 TO 2017


WEATHER ITEM   OBSERVED TIME   RECORD YEAR NORMAL DEPARTURE LAST
                VALUE   (LST)  VALUE       VALUE  FROM      YEAR
                                                  NORMAL
..................................................................
TEMPERATURE (F)
 YESTERDAY
  MAXIMUM         69    245 PM  86    1908  68      1       82
  MINIMUM         35    606 AM  26    2001  45    -10       59
  AVERAGE         52                        56     -4       71

PRECIPITATION (IN)
  YESTERDAY        0.00          2.62 1956   0.11  -0.11     0.00
  MONTH TO DATE    1.10                      2.05  -0.95     3.63
  SINCE SEP 1      3.15                      6.03  -2.88    16.49
  SINCE JAN 1     45.21                     37.10   8.11    50.55

SNOWFALL (IN)
  YESTERDAY        0.0           0.0  2002   0.0    0.0
                                      2001
  MONTH TO DATE    0.0                       0.0    0.0
  SINCE NOV 1      9.6                       9.3    0.3
  SINCE JUL 1      0.0                       0.0    0.0
  SNOW DEPTH       0

DEGREE DAYS
 HEATING
  YESTERDAY       13                         9      4        0
  MONTH TO DATE   55                       124    -69       62
  SINCE SEP 1     68                       170   -102       66
  SINCE JUL 1     68                       172   -104       66

 COOLING
  YESTERDAY        0                         1     -1        6
  MONTH TO DATE   73                        22     51       32
  SINCE SEP 1    245                       164     81      259
  SINCE JAN 1   1412                      1147    265     1448
..................................................................


WIND (MPH)
  HIGHEST WIND SPEED    10   HIGHEST WIND DIRECTION     W (250)
  HIGHEST GUST SPEED    13   HIGHEST GUST DIRECTION    SW (230)
  AVERAGE WIND SPEED     3.0


SKY COVER
  POSSIBLE SUNSHINE  MM
  AVERAGE SKY COVER 0.0


WEATHER CONDITIONS
 THE FOLLOWING WEATHER WAS RECORDED YESTERDAY.
  HAZE


RELATIVE HUMIDITY (PERCENT)
 HIGHEST   100           100 AM
 LOWEST     40           200 PM
 AVERAGE    70

..........................................................


THE SALISBURY MD CLIMATE NORMALS FOR TODAY
                         NORMAL    RECORD    YEAR
 MAXIMUM TEMPERATURE (F)   67        86      2016
 MINIMUM TEMPERATURE (F)   45        25      1940


SUNRISE AND SUNSET
OCTOBER 19 2017.......SUNRISE   715 AM EDT   SUNSET   618 PM EDT
OCTOBER 20 2017.......SUNRISE   716 AM EDT   SUNSET   617 PM EDT


-  INDICATES NEGATIVE NUMBERS.
R  INDICATES RECORD WAS SET OR TIED.
MM INDICATES DATA IS MISSING.
T  INDICATES TRACE AMOUNT.




$$
