000
CDUS41 KAKQ 040715
CLISBY


CLIMATE REPORT
NATIONAL WEATHER SERVICE WAKEFIELD, VA
215 AM EST WED MAR 4 2015


...................................

...THE SALISBURY MD CLIMATE SUMMARY FOR MARCH 3 2015...

CLIMATE NORMAL PERIOD 1981 TO 2010
CLIMATE RECORD PERIOD 1900 TO 2015


WEATHER ITEM   OBSERVED TIME   RECORD YEAR NORMAL DEPARTURE LAST
                VALUE   (LST)  VALUE       VALUE  FROM      YEAR
                                                  NORMAL
..................................................................
TEMPERATURE (F)
 YESTERDAY
  MAXIMUM         39   1159 PM  77    1923  51    -12       40
  MINIMUM         28    601 AM   1    2009  31     -3       16
  AVERAGE         34                        41     -7       28

PRECIPITATION (IN)
  YESTERDAY        0.10          1.71 1971   0.14  -0.04     0.60
  MONTH TO DATE    0.57                      0.40   0.17     0.60
  SINCE MAR 1      0.57                      0.40   0.17     0.60
  SINCE JAN 1      8.29                      7.36   0.93     7.82

SNOWFALL (IN)
  YESTERDAY       MM             8.0  1960   0.1   MM
  MONTH TO DATE    T                         0.2   -0.2
  SINCE NOV 1     10.5                       8.5    2.0
  SINCE JUL 1     10.5                       8.5    2.0
  SNOW DEPTH       0

DEGREE DAYS
 HEATING
  YESTERDAY       31                        24      7       37
  MONTH TO DATE   97                        73     24       86
  SINCE MAR 1     97                        73     24       86
  SINCE JUL 1   3310                      3378    -68     3226

 COOLING
  YESTERDAY        0                         0      0        0
  MONTH TO DATE    0                         0      0        0
  SINCE MAR 1      0                         0      0        0
  SINCE JAN 1      0                         0      0        0
..................................................................


WIND (MPH)
  HIGHEST WIND SPEED    14   HIGHEST WIND DIRECTION    SW (210)
  HIGHEST GUST SPEED    18   HIGHEST GUST DIRECTION    SW (210)
  AVERAGE WIND SPEED     6.4


SKY COVER
  POSSIBLE SUNSHINE  MM
  AVERAGE SKY COVER 0.6


WEATHER CONDITIONS
 THE FOLLOWING WEATHER WAS RECORDED YESTERDAY.
  LIGHT RAIN
  FOG
  HAZE


RELATIVE HUMIDITY (PERCENT)
 HIGHEST    89           700 PM
 LOWEST     48           100 PM
 AVERAGE    69

..........................................................


THE SALISBURY MD CLIMATE NORMALS FOR TODAY
                         NORMAL    RECORD    YEAR
 MAXIMUM TEMPERATURE (F)   51        76      1961
 MINIMUM TEMPERATURE (F)   31         1      2009


SUNRISE AND SUNSET
MARCH  4 2015.........SUNRISE   630 AM EST   SUNSET   558 PM EST
MARCH  5 2015.........SUNRISE   629 AM EST   SUNSET   559 PM EST


-  INDICATES NEGATIVE NUMBERS.
R  INDICATES RECORD WAS SET OR TIED.
MM INDICATES DATA IS MISSING.
T  INDICATES TRACE AMOUNT.




$$
