000
CDUS46 KSTO 280836
CLISCK


CLIMATE REPORT
NATIONAL WEATHER SERVICE SACRAMENTO, CA
136 AM PDT THU MAY 28 2015


...................................

...THE STOCKTON AIRPORT CA CLIMATE SUMMARY FOR MAY 27 2015...

CLIMATE NORMAL PERIOD 1981 TO 2010
CLIMATE RECORD PERIOD 1948 TO 2015


WEATHER ITEM   OBSERVED TIME   RECORD YEAR NORMAL DEPARTURE LAST
                VALUE   (LST)  VALUE       VALUE  FROM      YEAR
                                                  NORMAL
..................................................................
TEMPERATURE (F)
 YESTERDAY
  MAXIMUM         82    442 PM 102    1984  84     -2       90
  MINIMUM         49    456 AM  43    1998  54     -5       57
  AVERAGE         66

PRECIPITATION (IN)
  YESTERDAY        0.00          1.66 1990   0.01  -0.01     0.00
  MONTH TO DATE    0.02                      0.48  -0.46      T
  SINCE OCT 1     10.62                     13.63  -3.01     7.22
  SINCE JAN 1      2.78                      8.90  -6.12     5.79

SNOWFALL (IN)
  YESTERDAY        0.0          MM      MM
  MONTH TO DATE    0.0
  SINCE MAR 1      0.0
  SINCE JUL 1      0.0
  SNOW DEPTH       0

DEGREE DAYS
 HEATING
  YESTERDAY        0                         1     -1        0
  MONTH TO DATE   42                        55    -13       13
  SINCE MAR 1    274                       569   -295      327
  SINCE JUL 1   1713                      2631   -918     2160

 COOLING
  YESTERDAY        1                         5     -4        9
  MONTH TO DATE   28                        82    -54      135
  SINCE MAR 1     77                        99    -22      164
  SINCE JAN 1     77                        99    -22      164
..................................................................


WIND (MPH)
  RESULTANT WIND SPEED   7   RESULTANT WIND DIRECTION  NW (310)
  HIGHEST WIND SPEED    18   HIGHEST WIND DIRECTION     W (270)
  HIGHEST GUST SPEED    29   HIGHEST GUST DIRECTION    NW (320)


SKY COVER
  POSSIBLE SUNSHINE  MM
  AVERAGE SKY COVER 0.0


WEATHER CONDITIONS
 THE FOLLOWING WEATHER WAS RECORDED YESTERDAY.
  NO SIGNIFICANT WEATHER WAS OBSERVED.


RELATIVE HUMIDITY (PERCENT)
 HIGHEST    93           500 AM
 LOWEST     36           200 PM
 AVERAGE    65

..........................................................


THE STOCKTON AIRPORT CA CLIMATE NORMALS FOR TODAY
                         NORMAL    RECORD    YEAR
 MAXIMUM TEMPERATURE (F)   84       107      1984
 MINIMUM TEMPERATURE (F)   54        42      2010


SUNRISE AND SUNSET
MAY 28 2015...........SUNRISE   546 AM PDT   SUNSET   819 PM PDT
MAY 29 2015...........SUNRISE   546 AM PDT   SUNSET   819 PM PDT


-  INDICATES NEGATIVE NUMBERS.
R  INDICATES RECORD WAS SET OR TIED.
MM INDICATES DATA IS MISSING.
T  INDICATES TRACE AMOUNT.




$$
