000
CDUS46 KSTO 210842
CLISCK


CLIMATE REPORT
NATIONAL WEATHER SERVICE SACRAMENTO, CA
142 AM PDT SAT OCT 21 2017


...................................

...THE STOCKTON AIRPORT CA CLIMATE SUMMARY FOR OCTOBER 20 2017...

CLIMATE NORMAL PERIOD 1981 TO 2010
CLIMATE RECORD PERIOD 1948 TO 2017


WEATHER ITEM   OBSERVED TIME   RECORD YEAR NORMAL DEPARTURE LAST
                VALUE   (LST)  VALUE       VALUE  FROM      YEAR
                                                  NORMAL
..................................................................
TEMPERATURE (F)
 YESTERDAY
  MAXIMUM         67    221 PM  92    1991  76     -9       80
  MINIMUM         48    706 AM  36    1949  49     -1       46
  AVERAGE         58

PRECIPITATION (IN)
  YESTERDAY        0.12          0.48 1970   0.03   0.09     0.00
  MONTH TO DATE    0.12                      0.40  -0.28     1.02
  SINCE OCT 1      0.12                      0.40  -0.28     1.02
  SINCE JAN 1     15.75                      9.73   6.02    13.14

SNOWFALL (IN)
  YESTERDAY        0.0           0.0  2002
                                      2001
  MONTH TO DATE    0.0
  SINCE SEP 1      0.0
  SINCE JUL 1      0.0
  SNOW DEPTH       0

DEGREE DAYS
 HEATING
  YESTERDAY        7                         3      4        2
  MONTH TO DATE   26                        36    -10       33
  SINCE SEP 1     29                        42    -13       37
  SINCE JUL 1     29                        42    -13       37

 COOLING
  YESTERDAY        0                         1     -1        0
  MONTH TO DATE   22                        49    -27       22
  SINCE SEP 1    337                       271     66      246
  SINCE JAN 1   1768                      1315    453     1444
..................................................................


WIND (MPH)
  RESULTANT WIND SPEED   9   RESULTANT WIND DIRECTION   W (290)
  HIGHEST WIND SPEED    29   HIGHEST WIND DIRECTION    NW (310)
  HIGHEST GUST SPEED    41   HIGHEST GUST DIRECTION    NW (310)


SKY COVER
  POSSIBLE SUNSHINE  MM
  AVERAGE SKY COVER 0.2


WEATHER CONDITIONS
 THE FOLLOWING WEATHER WAS RECORDED YESTERDAY.
  RAIN
  LIGHT RAIN
  FOG
  HAZE


RELATIVE HUMIDITY (PERCENT)
 HIGHEST   100           100 AM
 LOWEST     48           300 PM
 AVERAGE    74

..........................................................


THE STOCKTON AIRPORT CA CLIMATE NORMALS FOR TODAY
                         NORMAL    RECORD    YEAR
 MAXIMUM TEMPERATURE (F)   76        90      2003
                                             1991
 MINIMUM TEMPERATURE (F)   48        36      1949


SUNRISE AND SUNSET
OCTOBER 21 2017.......SUNRISE   720 AM PDT   SUNSET   619 PM PDT
OCTOBER 22 2017.......SUNRISE   721 AM PDT   SUNSET   618 PM PDT


-  INDICATES NEGATIVE NUMBERS.
R  INDICATES RECORD WAS SET OR TIED.
MM INDICATES DATA IS MISSING.
T  INDICATES TRACE AMOUNT.




$$
