000
CDUS46 KSTO 011437
CLISCK


CLIMATE REPORT
NATIONAL WEATHER SERVICE SACRAMENTO, CA
736 AM PDT MON SEP 1 2014


...................................

...THE STOCKTON AIRPORT CA CLIMATE SUMMARY FOR AUGUST 31 2014...

CLIMATE NORMAL PERIOD 1981 TO 2010
CLIMATE RECORD PERIOD 1948 TO 2014


WEATHER ITEM   OBSERVED TIME   RECORD YEAR NORMAL DEPARTURE LAST
                VALUE   (LST)  VALUE       VALUE  FROM      YEAR
                                                  NORMAL
..................................................................
TEMPERATURE (F)
 YESTERDAY
  MAXIMUM         95    437 PM 103    1958  91      4       95
  MINIMUM         63    502 AM  48    1957  59      4       64
  AVERAGE         79

PRECIPITATION (IN)
  YESTERDAY        0.00          0.29 1964   0.00   0.00     0.00
  MONTH TO DATE    0.01                      0.01   0.00     0.00
  SINCE JUL 1      0.01                      0.01   0.00     0.00
  SINCE JAN 1      5.81                      9.04  -3.23     2.88

SNOWFALL (IN)
  YESTERDAY        0.0          MM      MM
  MONTH TO DATE    0.0
  SINCE JUN 1      0.0
  SINCE JUL 1      0.0
  SNOW DEPTH       0

DEGREE DAYS
 HEATING
  YESTERDAY        0                         0      0        0
  MONTH TO DATE    0                         0      0        0
  SINCE JUN 1      0                         7     -7        0
  SINCE JUL 1      0                         0      0        0

 COOLING
  YESTERDAY       14                        10      4       15
  MONTH TO DATE  359                       332     27      319
  SINCE JUN 1   1063                       925    138      988
  SINCE JAN 1   1246                      1044    202     1169
..................................................................


WIND (MPH)
  RESULTANT WIND SPEED   7   RESULTANT WIND DIRECTION   W (290)
  HIGHEST WIND SPEED    15   HIGHEST WIND DIRECTION     W (250)
  HIGHEST GUST SPEED    21   HIGHEST GUST DIRECTION     W (280)


SKY COVER
  POSSIBLE SUNSHINE  MM
  AVERAGE SKY COVER 0.0


WEATHER CONDITIONS
 THE FOLLOWING WEATHER WAS RECORDED YESTERDAY.
  NO SIGNIFICANT WEATHER WAS OBSERVED.


RELATIVE HUMIDITY (PERCENT)
 HIGHEST    72           500 AM
 LOWEST     22           300 PM
 AVERAGE    47

..........................................................


THE STOCKTON AIRPORT CA CLIMATE NORMALS FOR TODAY
                         NORMAL    RECORD    YEAR
 MAXIMUM TEMPERATURE (F)   91       105      1952
                                             1950
 MINIMUM TEMPERATURE (F)   59        48      1964


SUNRISE AND SUNSET
SEPTEMBER  1 2014.....SUNRISE   635 AM PDT   SUNSET   734 PM PDT
SEPTEMBER  2 2014.....SUNRISE   636 AM PDT   SUNSET   733 PM PDT


-  INDICATES NEGATIVE NUMBERS.
R  INDICATES RECORD WAS SET OR TIED.
MM INDICATES DATA IS MISSING.
T  INDICATES TRACE AMOUNT.




$$
