000
CDUS46 KSTO 120034
CLISCK


CLIMATE REPORT
NATIONAL WEATHER SERVICE SACRAMENTO, CA
534 PM PDT FRI JUL 11 2014


...................................

...THE STOCKTON AIRPORT CA CLIMATE SUMMARY FOR JULY 11 2014...
VALID TODAY AS OF 0500 PM LOCAL TIME.

CLIMATE NORMAL PERIOD 1981 TO 2010
CLIMATE RECORD PERIOD 1948 TO 2014


WEATHER ITEM   OBSERVED TIME   RECORD YEAR NORMAL DEPARTURE LAST
                VALUE   (LST)  VALUE       VALUE  FROM      YEAR
                                                  NORMAL
..................................................................
TEMPERATURE (F)
 TODAY
  MAXIMUM         87    336 PM 113    1961  93     -6       90
  MINIMUM         61    529 AM  54    2004  60      1       56
                                      1998
                                      1960
  AVERAGE         74

PRECIPITATION (IN)
  TODAY            0.00          0.02 1962  -0.01   0.01     0.00
  MONTH TO DATE    0.01                      0.00   0.01     0.00
  SINCE JUL 1      0.01                      0.00   0.01     0.00
  SINCE JAN 1      5.81                      9.03  -3.22     2.88

SNOWFALL (IN)
  TODAY            0.0          MM      MM
  MONTH TO DATE    0.0
  SINCE JUN 1      0.0
  SINCE JUL 1      0.0

DEGREE DAYS
 HEATING
  TODAY            0                         0      0        0
  MONTH TO DATE    0                         0      0        0
  SINCE JUN 1      0                         7     -7        0
  SINCE JUL 1      0                         0      0        0

 COOLING
  TODAY            9                        12     -3        8
  MONTH TO DATE  144                       124     20      171
  SINCE JUN 1    419                       354     65      452
  SINCE JAN 1    602                       473    129      633
..................................................................


WIND (MPH)
  RESULTANT WIND SPEED   9   RESULTANT WIND DIRECTION  NW (320)
  HIGHEST WIND SPEED    16   HIGHEST WIND DIRECTION    NW (330)
  HIGHEST GUST SPEED    21   HIGHEST GUST DIRECTION    NW (300)


SKY COVER
  POSSIBLE SUNSHINE  MM
  AVERAGE SKY COVER 0.0


WEATHER CONDITIONS
 THE FOLLOWING WEATHER WAS RECORDED TODAY.
  NO SIGNIFICANT WEATHER WAS OBSERVED.


RELATIVE HUMIDITY (PERCENT)
 HIGHEST    90           500 AM
 LOWEST     37           300 PM
 AVERAGE    64

..........................................................


THE STOCKTON AIRPORT CA CLIMATE NORMALS FOR TOMORROW
                         NORMAL    RECORD    YEAR
 MAXIMUM TEMPERATURE (F)   94       109      1999
 MINIMUM TEMPERATURE (F)   60        51      1981


SUNRISE AND SUNSET
JULY 11 2014..........SUNRISE   552 AM PDT   SUNSET   829 PM PDT
JULY 12 2014..........SUNRISE   553 AM PDT   SUNSET   828 PM PDT


-  INDICATES NEGATIVE NUMBERS.
R  INDICATES RECORD WAS SET OR TIED.
MM INDICATES DATA IS MISSING.
T  INDICATES TRACE AMOUNT.




$$
