000
CDUS46 KSTO 050834
CLISCK


CLIMATE REPORT
NATIONAL WEATHER SERVICE SACRAMENTO, CA
1234 AM PST MON DEC 5 2016


...................................

...THE STOCKTON AIRPORT CA CLIMATE SUMMARY FOR DECEMBER 4 2016...

CLIMATE NORMAL PERIOD 1981 TO 2010
CLIMATE RECORD PERIOD 1948 TO 2016


WEATHER ITEM   OBSERVED TIME   RECORD YEAR NORMAL DEPARTURE LAST
                VALUE   (LST)  VALUE       VALUE  FROM      YEAR
                                                  NORMAL
..................................................................
TEMPERATURE (F)
 YESTERDAY
  MAXIMUM         61    354 PM  73    1958  57      4       63
  MINIMUM         35    720 AM  26    2013  38     -3       35
                                      1968
  AVERAGE         48

PRECIPITATION (IN)
  YESTERDAY        0.00          1.30 1966   0.06  -0.06     0.00
  MONTH TO DATE    0.00                      0.24  -0.24     0.22
  SINCE OCT 1      4.05                      2.75   1.30     2.33
  SINCE JAN 1     16.17                     12.08   4.09     5.23

SNOWFALL (IN)
  YESTERDAY        0.0           0.0  2001
  MONTH TO DATE    0.0
  SINCE DEC 1      0.0
  SINCE JUL 1      0.0
  SNOW DEPTH       0

DEGREE DAYS
 HEATING
  YESTERDAY       17                        18     -1       16
  MONTH TO DATE   68                        70     -2       66
  SINCE DEC 1     68                        70     -2       66
  SINCE JUL 1    337                       527   -190      471

 COOLING
  YESTERDAY        0                         0      0        0
  MONTH TO DATE    0                         0      0        0
  SINCE DEC 1      0                         0      0        0
  SINCE JAN 1   1445                      1320    125     1681
..................................................................


WIND (MPH)
  RESULTANT WIND SPEED   1   RESULTANT WIND DIRECTION   E (90)
  HIGHEST WIND SPEED     8   HIGHEST WIND DIRECTION     N (350)
  HIGHEST GUST SPEED    10   HIGHEST GUST DIRECTION     N (360)


SKY COVER
  POSSIBLE SUNSHINE  MM
  AVERAGE SKY COVER 0.0


WEATHER CONDITIONS
 THE FOLLOWING WEATHER WAS RECORDED YESTERDAY.
  FOG
  HAZE


RELATIVE HUMIDITY (PERCENT)
 HIGHEST   100           400 AM
 LOWEST     49           200 PM
 AVERAGE    75

..........................................................


THE STOCKTON AIRPORT CA CLIMATE NORMALS FOR TODAY
                         NORMAL    RECORD    YEAR
 MAXIMUM TEMPERATURE (F)   56        71      1995
 MINIMUM TEMPERATURE (F)   38        23      2013


SUNRISE AND SUNSET
DECEMBER  5 2016......SUNRISE   706 AM PST   SUNSET   446 PM PST
DECEMBER  6 2016......SUNRISE   707 AM PST   SUNSET   446 PM PST


-  INDICATES NEGATIVE NUMBERS.
R  INDICATES RECORD WAS SET OR TIED.
MM INDICATES DATA IS MISSING.
T  INDICATES TRACE AMOUNT.




$$
