000
CDUS46 KLOX 260128
CLISDB


CLIMATE REPORT
NATIONAL WEATHER SERVICE LOS ANGELES/OXNARD CA
627 PM PDT TUE APR 25 2017


...................................

...THE SANDBERG CA CLIMATE SUMMARY FOR APRIL 25 2017...
VALID TODAY AS OF 0600 PM LOCAL TIME.

CLIMATE NORMAL PERIOD 1981 TO 2010
CLIMATE RECORD PERIOD 1934 TO 2017


WEATHER ITEM   OBSERVED TIME   RECORD YEAR NORMAL DEPARTURE LAST
                VALUE   (LST)  VALUE       VALUE  FROM      YEAR
                                                  NORMAL
..................................................................
TEMPERATURE (F)
 TODAY
  MAXIMUM         55    402 PM  80    1987  61     -6       MM
  MINIMUM         40    830 AM  27    1971  44     -4       MM
  AVERAGE         48                        52     -4       MM

PRECIPITATION (IN)
  TODAY            0.04          1.41 1989   0.02   0.02     0.03
  MONTH TO DATE    0.13                      0.56  -0.43     0.44
  SINCE OCT 1     12.73                     11.57   1.16     6.61
  SINCE JAN 1      8.89                      7.94   0.95     4.91

DEGREE DAYS
 HEATING
  TODAY           17                        13      4       MM
  MONTH TO DATE  232                       385   -153      169
  SINCE MAR 1    563                       955   -392      554
  SINCE JUL 1   2820                      3714   -894     2814

 COOLING
  TODAY            0                         0      0       MM
  MONTH TO DATE    4                         0      4       18
  SINCE MAR 1     20                         1     19       19
  SINCE JAN 1     20                         1     19       19
..................................................................


WIND (MPH)
  HIGHEST WIND SPEED    36   HIGHEST WIND DIRECTION     N (340)
  HIGHEST GUST SPEED    49   HIGHEST GUST DIRECTION    NW (330)
  AVERAGE WIND SPEED    19.9


SKY COVER
  POSSIBLE SUNSHINE  MM
  AVERAGE SKY COVER 0.7


WEATHER CONDITIONS
 THE FOLLOWING WEATHER WAS RECORDED TODAY.
  LIGHT RAIN
  FOG
  FOG W/VISIBILITY <= 1/4 MILE


RELATIVE HUMIDITY (PERCENT)
 HIGHEST   100           300 AM
 LOWEST     50           400 PM
 AVERAGE    75

..........................................................


THE SANDBERG CA CLIMATE NORMALS FOR TOMORROW
                         NORMAL    RECORD    YEAR
 MAXIMUM TEMPERATURE (F)   61        83      2013
 MINIMUM TEMPERATURE (F)   44        26      1975


SUNRISE AND SUNSET
APRIL 25 2017.........SUNRISE   611 AM PDT   SUNSET   735 PM PDT
APRIL 26 2017.........SUNRISE   610 AM PDT   SUNSET   736 PM PDT


-  INDICATES NEGATIVE NUMBERS.
R  INDICATES RECORD WAS SET OR TIED.
MM INDICATES DATA IS MISSING.
T  INDICATES TRACE AMOUNT.




$$
