000
CDUS46 KLOX 040903
CLISDB


CLIMATE REPORT
NATIONAL WEATHER SERVICE LOS ANGELES/OXNARD CA
103 AM PST WED MAR 4 2015


...................................

...THE SANDBERG CA CLIMATE SUMMARY FOR MARCH 3 2015...

CLIMATE NORMAL PERIOD 1981 TO 2010
CLIMATE RECORD PERIOD 1934 TO 2015


WEATHER ITEM   OBSERVED TIME   RECORD YEAR NORMAL DEPARTURE LAST
                VALUE   (LST)  VALUE       VALUE  FROM      YEAR
                                                  NORMAL
..................................................................
TEMPERATURE (F)
 YESTERDAY
  MAXIMUM         48    113 PM  71    1994  52     -4       59
  MINIMUM         34    306 AM  14    1987  39     -5       41
  AVERAGE         41                        45     -4       50

PRECIPITATION (IN)
  YESTERDAY        0.00          2.48 1943   0.07  -0.07     0.00
  MONTH TO DATE    0.27                      0.23   0.04     0.24
  SINCE OCT 1      6.81                      9.51  -2.70     3.85
  SINCE JAN 1      1.91                      5.88  -3.97     3.15

DEGREE DAYS
 HEATING
  YESTERDAY       24                        20      4       15
  MONTH TO DATE   70                        60     10       61
  SINCE MAR 1     70                        60     10       61
  SINCE JUL 1   1701                      2819  -1118     1846

 COOLING
  YESTERDAY        0                         0      0        0
  MONTH TO DATE    0                         0      0        0
  SINCE MAR 1      0                         0      0        0
  SINCE JAN 1      3                         0      3        7
..................................................................


WIND (MPH)
  HIGHEST WIND SPEED    25   HIGHEST WIND DIRECTION     N (350)
  HIGHEST GUST SPEED    31   HIGHEST GUST DIRECTION     N (350)
  AVERAGE WIND SPEED    13.9


SKY COVER
  POSSIBLE SUNSHINE  MM
  AVERAGE SKY COVER 0.5


WEATHER CONDITIONS
 THE FOLLOWING WEATHER WAS RECORDED YESTERDAY.
  FOG
  FOG W/VISIBILITY <= 1/4 MILE
  HAZE


RELATIVE HUMIDITY (PERCENT)
 HIGHEST    92           700 AM
 LOWEST     60           200 PM
 AVERAGE    76

..........................................................


THE SANDBERG CA CLIMATE NORMALS FOR TODAY
                         NORMAL    RECORD    YEAR
 MAXIMUM TEMPERATURE (F)   52        68      1950
 MINIMUM TEMPERATURE (F)   39        25      1976


SUNRISE AND SUNSET
MARCH  4 2015.........SUNRISE   621 AM PST   SUNSET   553 PM PST
MARCH  5 2015.........SUNRISE   619 AM PST   SUNSET   554 PM PST


-  INDICATES NEGATIVE NUMBERS.
R  INDICATES RECORD WAS SET OR TIED.
MM INDICATES DATA IS MISSING.
T  INDICATES TRACE AMOUNT.




$$
