000
CDUS46 KLOX 280912
CLISDB


CLIMATE REPORT
NATIONAL WEATHER SERVICE LOS ANGELES/OXNARD CA
112 AM PST SUN DEC 28 2014


...................................

...THE SANDBERG CA CLIMATE SUMMARY FOR DECEMBER 27 2014...

CLIMATE NORMAL PERIOD 1981 TO 2010
CLIMATE RECORD PERIOD 1934 TO 2014


WEATHER ITEM   OBSERVED TIME   RECORD YEAR NORMAL DEPARTURE LAST
                VALUE   (LST)  VALUE       VALUE  FROM      YEAR
                                                  NORMAL
..................................................................
TEMPERATURE (F)
 YESTERDAY
  MAXIMUM         41    255 PM  67    2013  48     -7       67
  MINIMUM         28    734 AM  19    1954  36     -8       51
  AVERAGE         35                        42     -7       59

PRECIPITATION (IN)
  YESTERDAY        0.00          2.95 1977   0.09  -0.09     0.00
  MONTH TO DATE    4.30                      1.84   2.46     0.08
  SINCE JUL 1      5.07                      3.44   1.63     0.78
  SINCE JAN 1      8.65                     11.92  -3.27     3.69

DEGREE DAYS
 HEATING
  YESTERDAY       30                        23      7        6
  MONTH TO DATE  469                       609   -140      486
  SINCE DEC 1    469                       609   -140      486
  SINCE JUL 1    859                      1388   -529     1040

 COOLING
  YESTERDAY        0                         0      0        0
  MONTH TO DATE    0                         0      0        0
  SINCE DEC 1      0                         0      0        0
  SINCE JAN 1   1689                       998    691     1565
..................................................................


WIND (MPH)
  HIGHEST WIND SPEED    28   HIGHEST WIND DIRECTION     E (80)
  HIGHEST GUST SPEED    36   HIGHEST GUST DIRECTION     E (70)
  AVERAGE WIND SPEED    15.0


SKY COVER
  POSSIBLE SUNSHINE  MM
  AVERAGE SKY COVER 0.0


WEATHER CONDITIONS
 THE FOLLOWING WEATHER WAS RECORDED YESTERDAY.
  NO SIGNIFICANT WEATHER WAS OBSERVED.


RELATIVE HUMIDITY (PERCENT)
 HIGHEST    46           500 AM
 LOWEST     25           300 PM
 AVERAGE    36

..........................................................


THE SANDBERG CA CLIMATE NORMALS FOR TODAY
                         NORMAL    RECORD    YEAR
 MAXIMUM TEMPERATURE (F)   48        69      2013
 MINIMUM TEMPERATURE (F)   37        21      1971


SUNRISE AND SUNSET
DECEMBER 28 2014......SUNRISE   701 AM PST   SUNSET   452 PM PST
DECEMBER 29 2014......SUNRISE   702 AM PST   SUNSET   453 PM PST


-  INDICATES NEGATIVE NUMBERS.
R  INDICATES RECORD WAS SET OR TIED.
MM INDICATES DATA IS MISSING.
T  INDICATES TRACE AMOUNT.




$$
