000
CDUS46 KLOX 120858
CLISDB


CLIMATE REPORT
NATIONAL WEATHER SERVICE LOS ANGELES/OXNARD CA
158 AM PDT SAT JUL 12 2014


...................................

...THE SANDBERG CA CLIMATE SUMMARY FOR JULY 11 2014...

CLIMATE NORMAL PERIOD 1981 TO 2010
CLIMATE RECORD PERIOD 1948 TO 2014


WEATHER ITEM   OBSERVED TIME   RECORD YEAR NORMAL DEPARTURE LAST
                VALUE   (LST)  VALUE       VALUE  FROM      YEAR
                                                  NORMAL
..................................................................
TEMPERATURE (F)
 YESTERDAY
  MAXIMUM         84    258 PM  97    1994  84      0       78
  MINIMUM         61    403 AM  43    1974  63     -2       64
  AVERAGE         73                        74     -1       71

PRECIPITATION (IN)
  YESTERDAY        0.00          0.09 1969   0.00   0.00      T
  MONTH TO DATE    0.00                      0.01  -0.01      T
  SINCE JUL 1      0.00                      0.01  -0.01      T
  SINCE JAN 1      3.58                      8.49  -4.91     2.91

DEGREE DAYS
 HEATING
  YESTERDAY        0                         0      0        0
  MONTH TO DATE    0                         4     -4        0
  SINCE JUN 1      7                        88    -81       16
  SINCE JUL 1      0                         4     -4        0

 COOLING
  YESTERDAY        8                         9     -1        6
  MONTH TO DATE  165                        88     77      192
  SINCE JUN 1    405                       219    186      441
  SINCE JAN 1    555                       264    291      571
..................................................................


WIND (MPH)
  HIGHEST WIND SPEED    23   HIGHEST WIND DIRECTION     N (340)
  HIGHEST GUST SPEED    29   HIGHEST GUST DIRECTION     N (340)
  AVERAGE WIND SPEED    11.5


SKY COVER
  POSSIBLE SUNSHINE  MM
  AVERAGE SKY COVER 0.0


WEATHER CONDITIONS
 THE FOLLOWING WEATHER WAS RECORDED YESTERDAY.
  NO SIGNIFICANT WEATHER WAS OBSERVED.


RELATIVE HUMIDITY (PERCENT)
 HIGHEST    46           400 AM
 LOWEST     23           300 PM
 AVERAGE    35

..........................................................


THE SANDBERG CA CLIMATE NORMALS FOR TODAY
                         NORMAL    RECORD    YEAR
 MAXIMUM TEMPERATURE (F)   84        96      1994
 MINIMUM TEMPERATURE (F)   64        47      1997


SUNRISE AND SUNSET
JULY 12 2014..........SUNRISE   551 AM PDT   SUNSET   810 PM PDT
JULY 13 2014..........SUNRISE   552 AM PDT   SUNSET   809 PM PDT


-  INDICATES NEGATIVE NUMBERS.
R  INDICATES RECORD WAS SET OR TIED.
MM INDICATES DATA IS MISSING.
T  INDICATES TRACE AMOUNT.




$$
