000
CDUS46 KLOX 060859
CLISDB


CLIMATE REPORT
NATIONAL WEATHER SERVICE LOS ANGELES/OXNARD CA
158 AM PDT MON JUL 6 2015


...................................

...THE SANDBERG CA CLIMATE SUMMARY FOR JULY 5 2015...

CLIMATE NORMAL PERIOD 1981 TO 2010
CLIMATE RECORD PERIOD 1934 TO 2015


WEATHER ITEM   OBSERVED TIME   RECORD YEAR NORMAL DEPARTURE LAST
                VALUE   (LST)  VALUE       VALUE  FROM      YEAR
                                                  NORMAL
..................................................................
TEMPERATURE (F)
 YESTERDAY
  MAXIMUM         89    208 PM 101    2007  83      6       92
  MINIMUM         64    430 AM  48    1986  62      2       68
  AVERAGE         77                        72      5       80

PRECIPITATION (IN)
  YESTERDAY        0.00          T    2001   0.00   0.00     0.00
  MONTH TO DATE    T                         0.00   0.00     0.00
  SINCE OCT 1      7.39                     12.11  -4.72     4.28
  SINCE JAN 1      2.49                      8.48  -5.99     3.58

DEGREE DAYS
 HEATING
  YESTERDAY        0                         0      0        0
  MONTH TO DATE    0                         4     -4        0
  SINCE JUN 1     19                        88    -69        7
  SINCE JUL 1      0                         4     -4        0

 COOLING
  YESTERDAY       12                         8      4       15
  MONTH TO DATE   62                        37     25       82
  SINCE JUN 1    402                       168    234      322
  SINCE JAN 1    515                       213    302      472
..................................................................


WIND (MPH)
  HIGHEST WIND SPEED    22   HIGHEST WIND DIRECTION     S (180)
  HIGHEST GUST SPEED    27   HIGHEST GUST DIRECTION     S (180)
  AVERAGE WIND SPEED    10.2


SKY COVER
  POSSIBLE SUNSHINE  MM
  AVERAGE SKY COVER 0.0


WEATHER CONDITIONS
 THE FOLLOWING WEATHER WAS RECORDED YESTERDAY.
  NO SIGNIFICANT WEATHER WAS OBSERVED.


RELATIVE HUMIDITY (PERCENT)
 HIGHEST    67           100 AM
 LOWEST     17           500 PM
 AVERAGE    42

..........................................................


THE SANDBERG CA CLIMATE NORMALS FOR TODAY
                         NORMAL    RECORD    YEAR
 MAXIMUM TEMPERATURE (F)   83        98      2007
 MINIMUM TEMPERATURE (F)   62        47      1969


SUNRISE AND SUNSET
JULY  6 2015..........SUNRISE   548 AM PDT   SUNSET   812 PM PDT
JULY  7 2015..........SUNRISE   548 AM PDT   SUNSET   811 PM PDT


-  INDICATES NEGATIVE NUMBERS.
R  INDICATES RECORD WAS SET OR TIED.
MM INDICATES DATA IS MISSING.
T  INDICATES TRACE AMOUNT.




$$
