000
CDUS46 KLOX 260117
CLISDB


CLIMATE REPORT
NATIONAL WEATHER SERVICE LOS ANGELES/OXNARD CA
616 PM PDT WED MAY 25 2016


...................................

...THE SANDBERG CA CLIMATE SUMMARY FOR MAY 25 2016...
VALID TODAY AS OF 0600 PM LOCAL TIME.

CLIMATE NORMAL PERIOD 1981 TO 2010
CLIMATE RECORD PERIOD 1934 TO 2016


WEATHER ITEM   OBSERVED TIME   RECORD YEAR NORMAL DEPARTURE LAST
                VALUE   (LST)  VALUE       VALUE  FROM      YEAR
                                                  NORMAL
..................................................................
TEMPERATURE (F)
 TODAY
  MAXIMUM         61    229 PM  94    1951  70     -9       72
  MINIMUM         44    238 AM  32    1953  51     -7       52
  AVERAGE         53                        60     -7       62

PRECIPITATION (IN)
  TODAY            T             0.38 1941   0.01  -0.01     0.00
  MONTH TO DATE    0.29                      0.37  -0.08     0.26
  SINCE OCT 1      6.93                     12.01  -5.08     7.28
  SINCE JAN 1      5.23                      8.38  -3.15     2.38

DEGREE DAYS
 HEATING
  TODAY           12                         6      6        3
  MONTH TO DATE  170                       218    -48      242
  SINCE MAR 1    779                      1234   -455      748
  SINCE JUL 1   3039                      3993   -954     2379

 COOLING
  TODAY            0                         2     -2        0
  MONTH TO DATE   30                        26      4       10
  SINCE MAR 1     49                        34     15       65
  SINCE JAN 1     49                        34     15       68
..................................................................


WIND (MPH)
  HIGHEST WIND SPEED    28   HIGHEST WIND DIRECTION     N (340)
  HIGHEST GUST SPEED    33   HIGHEST GUST DIRECTION     N (350)
  AVERAGE WIND SPEED     9.7


SKY COVER
  POSSIBLE SUNSHINE  MM
  AVERAGE SKY COVER 0.8


WEATHER CONDITIONS
 THE FOLLOWING WEATHER WAS RECORDED TODAY.
  FOG
  FOG W/VISIBILITY <= 1/4 MILE


RELATIVE HUMIDITY (PERCENT)
 HIGHEST    89           300 AM
 LOWEST     46           200 PM
 AVERAGE    68

..........................................................


THE SANDBERG CA CLIMATE NORMALS FOR TOMORROW
                         NORMAL    RECORD    YEAR
 MAXIMUM TEMPERATURE (F)   70        90      1974
 MINIMUM TEMPERATURE (F)   51        30      1953


SUNRISE AND SUNSET
MAY 25 2016...........SUNRISE   545 AM PDT   SUNSET   759 PM PDT
MAY 26 2016...........SUNRISE   545 AM PDT   SUNSET   800 PM PDT


-  INDICATES NEGATIVE NUMBERS.
R  INDICATES RECORD WAS SET OR TIED.
MM INDICATES DATA IS MISSING.
T  INDICATES TRACE AMOUNT.




$$
