000
CDUS46 KLOX 261311
CLISDB


CLIMATE REPORT
NATIONAL WEATHER SERVICE LOS ANGELES/OXNARD CA
611 AM PDT MON SEP 26 2016


...................................

...THE SANDBERG CA CLIMATE SUMMARY FOR SEPTEMBER 25 2016...

CLIMATE NORMAL PERIOD 1981 TO 2010
CLIMATE RECORD PERIOD 1934 TO 2016


WEATHER ITEM   OBSERVED TIME   RECORD YEAR NORMAL DEPARTURE LAST
                VALUE   (LST)  VALUE       VALUE  FROM      YEAR
                                                  NORMAL
..................................................................
TEMPERATURE (F)
 YESTERDAY
  MAXIMUM         86    230 PM  91    2015  76     10       91
                                      1960
  MINIMUM         66    611 AM  35    1948  58      8       73
  AVERAGE         76                        67      9       82

PRECIPITATION (IN)
  YESTERDAY        0.00          1.72 1939   0.01  -0.01     0.00
  MONTH TO DATE    0.00                      0.13  -0.13     0.82
  SINCE OCT 1      6.93                     12.29  -5.36     9.47
  SINCE JAN 1      5.23                      8.66  -3.43     4.57

DEGREE DAYS
 HEATING
  YESTERDAY        0                         3     -3        0
  MONTH TO DATE   33                        43    -10       18
  SINCE SEP 1     33                        43    -10       18
  SINCE JUL 1     33                        60    -27       28

 COOLING
  YESTERDAY       11                         5      6       17
  MONTH TO DATE  184                       167     17      217
  SINCE SEP 1    184                       167     17      217
  SINCE JAN 1   1528                       924    604     1338
..................................................................


WIND (MPH)
  HIGHEST WIND SPEED    33   HIGHEST WIND DIRECTION     E (80)
  HIGHEST GUST SPEED    42   HIGHEST GUST DIRECTION     E (80)
  AVERAGE WIND SPEED    15.8


SKY COVER
  POSSIBLE SUNSHINE  MM
  AVERAGE SKY COVER 0.0


WEATHER CONDITIONS
 THE FOLLOWING WEATHER WAS RECORDED YESTERDAY.
  NO SIGNIFICANT WEATHER WAS OBSERVED.


RELATIVE HUMIDITY (PERCENT)
 HIGHEST    22           100 AM
 LOWEST      7           300 PM
 AVERAGE    15

..........................................................


THE SANDBERG CA CLIMATE NORMALS FOR TODAY
                         NORMAL    RECORD    YEAR
 MAXIMUM TEMPERATURE (F)   75        91      2015
                                             2009
                                             2003
 MINIMUM TEMPERATURE (F)   57        40      1986


SUNRISE AND SUNSET
SEPTEMBER 26 2016.....SUNRISE   646 AM PDT   SUNSET   645 PM PDT
SEPTEMBER 27 2016.....SUNRISE   647 AM PDT   SUNSET   644 PM PDT


-  INDICATES NEGATIVE NUMBERS.
R  INDICATES RECORD WAS SET OR TIED.
MM INDICATES DATA IS MISSING.
T  INDICATES TRACE AMOUNT.




$$
