000
CDUS46 KLOX 260902
CLISDB


CLIMATE REPORT
NATIONAL WEATHER SERVICE LOS ANGELES/OXNARD CA
201 AM PDT TUE MAY 26 2015


...................................

...THE SANDBERG CA CLIMATE SUMMARY FOR MAY 25 2015...

CLIMATE NORMAL PERIOD 1981 TO 2010
CLIMATE RECORD PERIOD 1934 TO 2015


WEATHER ITEM   OBSERVED TIME   RECORD YEAR NORMAL DEPARTURE LAST
                VALUE   (LST)  VALUE       VALUE  FROM      YEAR
                                                  NORMAL
..................................................................
TEMPERATURE (F)
 YESTERDAY
  MAXIMUM         72    100 PM  94    1951  70      2       88
  MINIMUM         52   1119 PM  32    1953  51      1       62
  AVERAGE         62                        60      2       75

PRECIPITATION (IN)
  YESTERDAY        0.00          0.38 1941   0.01  -0.01     0.00
  MONTH TO DATE    0.26                      0.37  -0.11      T
  SINCE OCT 1      7.28                     12.01  -4.73     4.28
  SINCE JAN 1      2.38                      8.38  -6.00     3.58

DEGREE DAYS
 HEATING
  YESTERDAY        3                         6     -3        0
  MONTH TO DATE  242                       218     24      120
  SINCE MAR 1    748                      1234   -486      728
  SINCE JUL 1   2379                      3993  -1614     2513

 COOLING
  YESTERDAY        0                         2     -2       10
  MONTH TO DATE   10                        26    -16       79
  SINCE MAR 1     65                        34     31      103
  SINCE JAN 1     68                        34     34      110
..................................................................


WIND (MPH)
  HIGHEST WIND SPEED    20   HIGHEST WIND DIRECTION     S (190)
  HIGHEST GUST SPEED    26   HIGHEST GUST DIRECTION     S (180)
  AVERAGE WIND SPEED    11.8


SKY COVER
  POSSIBLE SUNSHINE  MM
  AVERAGE SKY COVER 0.0


WEATHER CONDITIONS
 THE FOLLOWING WEATHER WAS RECORDED YESTERDAY.
  FOG


RELATIVE HUMIDITY (PERCENT)
 HIGHEST    89           900 PM
 LOWEST     41           100 PM
 AVERAGE    65

..........................................................


THE SANDBERG CA CLIMATE NORMALS FOR TODAY
                         NORMAL    RECORD    YEAR
 MAXIMUM TEMPERATURE (F)   70        90      1974
 MINIMUM TEMPERATURE (F)   51        30      1953


SUNRISE AND SUNSET
MAY 26 2015...........SUNRISE   545 AM PDT   SUNSET   759 PM PDT
MAY 27 2015...........SUNRISE   545 AM PDT   SUNSET   800 PM PDT


-  INDICATES NEGATIVE NUMBERS.
R  INDICATES RECORD WAS SET OR TIED.
MM INDICATES DATA IS MISSING.
T  INDICATES TRACE AMOUNT.




$$
