000
CDUS46 KLOX 150914
CLISDB


CLIMATE REPORT
NATIONAL WEATHER SERVICE LOS ANGELES/OXNARD CA
114 AM PST FRI DEC 15 2017


...................................

...THE SANDBERG CA CLIMATE SUMMARY FOR DECEMBER 14 2017...

CLIMATE NORMAL PERIOD 1981 TO 2010
CLIMATE RECORD PERIOD 1934 TO 2017


WEATHER ITEM   OBSERVED TIME   RECORD YEAR NORMAL DEPARTURE LAST
                VALUE   (LST)  VALUE       VALUE  FROM      YEAR
                                                  NORMAL
..................................................................
TEMPERATURE (F)
 YESTERDAY
  MAXIMUM         65R   309 PM  65    2016  48     17       65
                                      1977
  MINIMUM         50    928 PM  13    1967  36     14       50
  AVERAGE         58                        42     16       58

PRECIPITATION (IN)
  YESTERDAY        0.00          0.80 1934   0.07  -0.07     0.00
  MONTH TO DATE    0.00                      0.77  -0.77      T
  SINCE OCT 1      0.05                      2.15  -2.10     1.41
  SINCE JAN 1     10.10                     10.85  -0.75     6.64

DEGREE DAYS
 HEATING
  YESTERDAY        7                        23    -16        7
  MONTH TO DATE  150                       310   -160      214
  SINCE DEC 1    150                       310   -160      214
  SINCE JUL 1    508                      1089   -581      663

 COOLING
  YESTERDAY        0                         0      0        0
  MONTH TO DATE    0                         0      0        0
  SINCE DEC 1      0                         0      0        0
  SINCE JAN 1   1817                       998    819     1673
..................................................................


WIND (MPH)
  HIGHEST WIND SPEED    29   HIGHEST WIND DIRECTION     E (80)
  HIGHEST GUST SPEED    39   HIGHEST GUST DIRECTION     E (70)
  AVERAGE WIND SPEED    15.9


SKY COVER
  POSSIBLE SUNSHINE  MM
  AVERAGE SKY COVER 0.0


WEATHER CONDITIONS
 THE FOLLOWING WEATHER WAS RECORDED YESTERDAY.
  NO SIGNIFICANT WEATHER WAS OBSERVED.


RELATIVE HUMIDITY (PERCENT)
 HIGHEST    19          1000 PM
 LOWEST      4           500 AM
 AVERAGE    12

..........................................................


THE SANDBERG CA CLIMATE NORMALS FOR TODAY
                         NORMAL    RECORD    YEAR
 MAXIMUM TEMPERATURE (F)   48        63      1998
 MINIMUM TEMPERATURE (F)   36        14      1967


SUNRISE AND SUNSET
DECEMBER 15 2017......SUNRISE   655 AM PST   SUNSET   445 PM PST
DECEMBER 16 2017......SUNRISE   656 AM PST   SUNSET   446 PM PST


-  INDICATES NEGATIVE NUMBERS.
R  INDICATES RECORD WAS SET OR TIED.
MM INDICATES DATA IS MISSING.
T  INDICATES TRACE AMOUNT.




$$
