000
CDUS43 KLMK 180628
CLISDF


CLIMATE REPORT
NATIONAL WEATHER SERVICE LOUISVILLE KY
128 AM EST WED JAN 18 2017


...................................

...THE LOUISVILLE KY CLIMATE SUMMARY FOR JANUARY 17 2017...

CLIMATE NORMAL PERIOD 1981 TO 2010
CLIMATE RECORD PERIOD 1871 TO 2017


WEATHER ITEM   OBSERVED TIME   RECORD YEAR NORMAL DEPARTURE LAST
                VALUE   (LST)  VALUE       VALUE  FROM      YEAR
                                                  NORMAL
..................................................................
TEMPERATURE (F)
 YESTERDAY
  MAXIMUM         65   1133 AM  69    1952  43     22       36
                                      1894
  MINIMUM         45   1159 PM -13    1977  27     18       11
  AVERAGE         55                        35     20       24

PRECIPITATION (IN)
  YESTERDAY        0.43          1.53 1994   0.10   0.33      T
  MONTH TO DATE    3.05                      1.79   1.26     0.55
  SINCE DEC 1      8.35                      5.62   2.73     7.13
  SINCE JAN 1      3.05                      1.79   1.26     0.55

SNOWFALL (IN)
  YESTERDAY        0.0          15.5  1994   0.1   -0.1       T
  MONTH TO DATE    2.3                       1.8    0.5      2.6
  SINCE DEC 1      2.4                       4.4   -2.0      2.6
  SINCE JUL 1      2.4                       4.6   -2.2      2.6
  SNOW DEPTH       0

DEGREE DAYS
 HEATING
  YESTERDAY       10                        30    -20       41
  MONTH TO DATE  447                       510    -63      494
  SINCE DEC 1   1278                      1351    -73      952
  SINCE JUL 1   1745                      2086   -341     1476

 COOLING
  YESTERDAY        0                         0      0        0
  MONTH TO DATE    0                         0      0        0
  SINCE DEC 1      1                         1      0        3
  SINCE JAN 1      0                         0      0        0
..................................................................


WIND (MPH)
  HIGHEST WIND SPEED    26   HIGHEST WIND DIRECTION     W (250)
  HIGHEST GUST SPEED    33   HIGHEST GUST DIRECTION     W (260)
  AVERAGE WIND SPEED    14.3


SKY COVER
  POSSIBLE SUNSHINE  MM
  AVERAGE SKY COVER 0.9


WEATHER CONDITIONS
 THE FOLLOWING WEATHER WAS RECORDED YESTERDAY.
  HEAVY RAIN
  RAIN
  LIGHT RAIN
  FOG


RELATIVE HUMIDITY (PERCENT)
 HIGHEST    93          1200 AM
 LOWEST     60           200 PM
 AVERAGE    77

..........................................................


THE LOUISVILLE KY CLIMATE NORMALS FOR TODAY
                         NORMAL    RECORD    YEAR
 MAXIMUM TEMPERATURE (F)   43        72      1929
 MINIMUM TEMPERATURE (F)   27       -16      1994


SUNRISE AND SUNSET
JANUARY 18 2017.......SUNRISE   757 AM EST   SUNSET   550 PM EST
JANUARY 19 2017.......SUNRISE   756 AM EST   SUNSET   552 PM EST


-  INDICATES NEGATIVE NUMBERS.
R  INDICATES RECORD WAS SET OR TIED.
MM INDICATES DATA IS MISSING.
T  INDICATES TRACE AMOUNT.




$$
