000
CDUS43 KLMK 290628
CLISDF


CLIMATE REPORT
NATIONAL WEATHER SERVICE LOUISVILLE KY
128 AM EST THU JAN 29 2015


...................................

...THE LOUISVILLE KY CLIMATE SUMMARY FOR JANUARY 28 2015...

CLIMATE NORMAL PERIOD 1981 TO 2010
CLIMATE RECORD PERIOD 1871 TO 2015


WEATHER ITEM   OBSERVED TIME   RECORD YEAR NORMAL DEPARTURE LAST
                VALUE   (LST)  VALUE       VALUE  FROM      YEAR
                                                  NORMAL
..................................................................
TEMPERATURE (F)
 YESTERDAY
  MAXIMUM         41    508 PM  69    1914  44     -3       15
  MINIMUM         20    825 AM -15    1963  27     -7        3
  AVERAGE         31                        35     -4        9

PRECIPITATION (IN)
  YESTERDAY        0.00          2.10 1876   0.11  -0.11     0.00
  MONTH TO DATE    0.82                      2.91  -2.09     2.41
  SINCE DEC 1      4.39                      6.74  -2.35     7.84
  SINCE JAN 1      0.82                      2.91  -2.09     2.41

SNOWFALL (IN)
  YESTERDAY        0.0           3.6  1895   0.1   -0.1      0.0
  MONTH TO DATE    1.1                       3.2   -2.1      8.3
  SINCE DEC 1      1.1                       5.8   -4.7     13.6
  SINCE JUL 1      4.8                       6.0   -1.2     14.1
  SNOW DEPTH       0

DEGREE DAYS
 HEATING
  YESTERDAY       34                        30      4       56
  MONTH TO DATE  877                       840     37     1005
  SINCE DEC 1   1613                      1681    -68     1816
  SINCE JUL 1   2499                      2416     83     2646

 COOLING
  YESTERDAY        0                         0      0        0
  MONTH TO DATE    0                         0      0        0
  SINCE DEC 1      0                         1     -1        0
  SINCE JAN 1      0                         0      0        0
..................................................................


WIND (MPH)
  HIGHEST WIND SPEED    15   HIGHEST WIND DIRECTION    SE (130)
  HIGHEST GUST SPEED    18   HIGHEST GUST DIRECTION    SE (130)
  AVERAGE WIND SPEED     6.7


SKY COVER
  POSSIBLE SUNSHINE  MM
  AVERAGE SKY COVER 0.3


WEATHER CONDITIONS
 THE FOLLOWING WEATHER WAS RECORDED YESTERDAY.
  HAZE


RELATIVE HUMIDITY (PERCENT)
 HIGHEST    77           900 AM
 LOWEST     30           200 PM
 AVERAGE    54

..........................................................


THE LOUISVILLE KY CLIMATE NORMALS FOR TODAY
                         NORMAL    RECORD    YEAR
 MAXIMUM TEMPERATURE (F)   44        73      1975
 MINIMUM TEMPERATURE (F)   27        -4      1977


SUNRISE AND SUNSET
JANUARY 29 2015.......SUNRISE   750 AM EST   SUNSET   602 PM EST
JANUARY 30 2015.......SUNRISE   750 AM EST   SUNSET   603 PM EST


-  INDICATES NEGATIVE NUMBERS.
R  INDICATES RECORD WAS SET OR TIED.
MM INDICATES DATA IS MISSING.
T  INDICATES TRACE AMOUNT.




$$
