000
CDUS43 KLMK 252129
CLISDF


CLIMATE REPORT
NATIONAL WEATHER SERVICE LOUISVILLE KY
429 PM EST THU DEC 25 2014


...................................

...THE LOUISVILLE KY CLIMATE SUMMARY FOR DECEMBER 25 2014...
VALID TODAY AS OF 0400 PM LOCAL TIME.

CLIMATE NORMAL PERIOD 1981 TO 2010
CLIMATE RECORD PERIOD 1871 TO 2014


WEATHER ITEM   OBSERVED TIME   RECORD YEAR NORMAL DEPARTURE LAST
                VALUE   (LST)  VALUE       VALUE  FROM      YEAR
                                                  NORMAL
..................................................................
TEMPERATURE (F)
 TODAY
  MAXIMUM         46    359 PM  68    1893  44      2       42
  MINIMUM         39    817 AM  -7    1983  28     11       19
  AVERAGE         43                        36      7       31

PRECIPITATION (IN)
  TODAY            T             2.09 1987   0.13  -0.13     0.00
  MONTH TO DATE    3.29                      3.12   0.17     4.90
  SINCE DEC 1      3.29                      3.12   0.17     4.90
  SINCE JAN 1     42.99                     44.20  -1.21    53.07

SNOWFALL (IN)
  TODAY            0.0           4.5  1890   0.1   -0.1      0.0
  MONTH TO DATE    T                         1.9   -1.9      5.3
  SINCE DEC 1      T                         1.9   -1.9      5.3
  SINCE JUL 1      3.7                       2.1    1.6      5.8
  SNOW DEPTH       0

DEGREE DAYS
 HEATING
  TODAY           22                        29     -7       34
  MONTH TO DATE  575                       664    -89      640
  SINCE DEC 1    575                       664    -89      640
  SINCE JUL 1   1461                      1399     62     1470

 COOLING
  TODAY            0                         0      0        0
  MONTH TO DATE    0                         0      0        0
  SINCE DEC 1      0                         0      0        0
  SINCE JAN 1   1626                      1613     13     1628
..................................................................


WIND (MPH)
  HIGHEST WIND SPEED    22   HIGHEST WIND DIRECTION     W (260)
  HIGHEST GUST SPEED    29   HIGHEST GUST DIRECTION     W (270)
  AVERAGE WIND SPEED    12.3


SKY COVER
  POSSIBLE SUNSHINE  MM
  AVERAGE SKY COVER 0.9


WEATHER CONDITIONS
 THE FOLLOWING WEATHER WAS RECORDED TODAY.
  LIGHT RAIN


RELATIVE HUMIDITY (PERCENT)
 HIGHEST    85          1200 AM
 LOWEST     62           200 PM
 AVERAGE    74

..........................................................


THE LOUISVILLE KY CLIMATE NORMALS FOR TOMORROW
                         NORMAL    RECORD    YEAR
 MAXIMUM TEMPERATURE (F)   43        70      1942
 MINIMUM TEMPERATURE (F)   28         4      1983
                                             1924
                                             1903


SUNRISE AND SUNSET
DECEMBER 25 2014......SUNRISE   758 AM EST   SUNSET   529 PM EST
DECEMBER 26 2014......SUNRISE   758 AM EST   SUNSET   529 PM EST


-  INDICATES NEGATIVE NUMBERS.
R  INDICATES RECORD WAS SET OR TIED.
MM INDICATES DATA IS MISSING.
T  INDICATES TRACE AMOUNT.




$$
