000
CDUS43 KLMK 260627
CLISDF


CLIMATE REPORT
NATIONAL WEATHER SERVICE LOUISVILLE KY
227 AM EDT WED APR 26 2017


...................................

...THE LOUISVILLE KY CLIMATE SUMMARY FOR APRIL 25 2017...

CLIMATE NORMAL PERIOD 1981 TO 2010
CLIMATE RECORD PERIOD 1871 TO 2017


WEATHER ITEM   OBSERVED TIME   RECORD YEAR NORMAL DEPARTURE LAST
                VALUE   (LST)  VALUE       VALUE  FROM      YEAR
                                                  NORMAL
..................................................................
TEMPERATURE (F)
 YESTERDAY
  MAXIMUM         77    509 PM  88    1990  72      5       84
                                      1989
                                      1915
  MINIMUM         56    625 AM  29    1919  50      6       58
  AVERAGE         67                        61      6       71

PRECIPITATION (IN)
  YESTERDAY        0.00          2.11 1880   0.15  -0.15     0.00
  MONTH TO DATE    2.90                      3.26  -0.36     1.54
  SINCE MAR 1      6.58                      7.43  -0.85     7.04
  SINCE JAN 1     12.85                     13.85  -1.00    12.86

SNOWFALL (IN)
  YESTERDAY        0.0           0.0    MM   0.0    0.0      0.0
  MONTH TO DATE    0.0                       0.1   -0.1      0.0
  SINCE MAR 1      T                         1.5   -1.5      0.5
  SINCE JUL 1      2.7                      12.5   -9.8     14.9
  SNOW DEPTH       0

DEGREE DAYS
 HEATING
  YESTERDAY        0                         6     -6        0
  MONTH TO DATE   89                       221   -132      201
  SINCE MAR 1    547                       759   -212      537
  SINCE JUL 1   3012                      4000   -988     3159

 COOLING
  YESTERDAY        2                         2      0        6
  MONTH TO DATE   75                        31     44       38
  SINCE MAR 1     86                        37     49       45
  SINCE JAN 1     91                        37     54       45
..................................................................


WIND (MPH)
  HIGHEST WIND SPEED    13   HIGHEST WIND DIRECTION     S (170)
  HIGHEST GUST SPEED    17   HIGHEST GUST DIRECTION    SE (150)
  AVERAGE WIND SPEED     4.7


SKY COVER
  POSSIBLE SUNSHINE  MM
  AVERAGE SKY COVER 0.4


WEATHER CONDITIONS
 THE FOLLOWING WEATHER WAS RECORDED YESTERDAY.
  NO SIGNIFICANT WEATHER WAS OBSERVED.


RELATIVE HUMIDITY (PERCENT)
 HIGHEST    86           500 AM
 LOWEST     50           300 PM
 AVERAGE    68

..........................................................


THE LOUISVILLE KY CLIMATE NORMALS FOR TODAY
                         NORMAL    RECORD    YEAR
 MAXIMUM TEMPERATURE (F)   72        90      1989
 MINIMUM TEMPERATURE (F)   51        35      1947
                                             1873


SUNRISE AND SUNSET
APRIL 26 2017.........SUNRISE   652 AM EDT   SUNSET   830 PM EDT
APRIL 27 2017.........SUNRISE   651 AM EDT   SUNSET   831 PM EDT


-  INDICATES NEGATIVE NUMBERS.
R  INDICATES RECORD WAS SET OR TIED.
MM INDICATES DATA IS MISSING.
T  INDICATES TRACE AMOUNT.




$$
