000
CDUS43 KLMK 182133
CLISDF


CLIMATE REPORT
NATIONAL WEATHER SERVICE LOUISVILLE KY
432 PM EST SUN FEB 18 2018


...................................

...THE LOUISVILLE KY CLIMATE SUMMARY FOR FEBRUARY 18 2018...
VALID TODAY AS OF 0400 PM LOCAL TIME.

CLIMATE NORMAL PERIOD 1981 TO 2010
CLIMATE RECORD PERIOD 1871 TO 2018


WEATHER ITEM   OBSERVED TIME   RECORD YEAR NORMAL DEPARTURE LAST
                VALUE   (LST)  VALUE       VALUE  FROM      YEAR
                                                  NORMAL
..................................................................
TEMPERATURE (F)
 TODAY
  MAXIMUM         52    347 PM  73    1948  49      3       62
  MINIMUM         30    749 AM  -7    1936  31     -1       46
  AVERAGE         41                        40      1       54

PRECIPITATION (IN)
  TODAY            0.00          3.53 2000   0.11  -0.11     0.09
  MONTH TO DATE    3.35                      2.03   1.32     0.71
  SINCE DEC 1      7.84                      9.10  -1.26    10.22
  SINCE JAN 1      5.11                      5.27  -0.16     4.92

SNOWFALL (IN)
  TODAY            0.0           4.7  1979   0.1   -0.1      0.0
  MONTH TO DATE    0.8                       3.2   -2.4       T
  SINCE DEC 1      6.0                       9.5   -3.5      2.7
  SINCE JUL 1      6.0                       9.7   -3.7      2.7
  SNOW DEPTH       0

DEGREE DAYS
 HEATING
  TODAY           24                        25     -1       11
  MONTH TO DATE  480                       493    -13      355
  SINCE DEC 1   2336                      2267     69     1907
  SINCE JUL 1   3002                      3002      0     2374

 COOLING
  TODAY            0                         0      0        0
  MONTH TO DATE    3                         0      3        0
  SINCE DEC 1      3                         1      2        1
  SINCE JAN 1      3                         0      3        0
..................................................................


WIND (MPH)
  HIGHEST WIND SPEED    15   HIGHEST WIND DIRECTION    SE (150)
  HIGHEST GUST SPEED    22   HIGHEST GUST DIRECTION     W (280)
  AVERAGE WIND SPEED     4.1


SKY COVER
  POSSIBLE SUNSHINE  MM
  AVERAGE SKY COVER 0.5


WEATHER CONDITIONS
 THE FOLLOWING WEATHER WAS RECORDED TODAY.
  FOG


RELATIVE HUMIDITY (PERCENT)
 HIGHEST   100           700 AM
 LOWEST     48           400 PM
 AVERAGE    74

..........................................................


THE LOUISVILLE KY CLIMATE NORMALS FOR TOMORROW
                         NORMAL    RECORD    YEAR
 MAXIMUM TEMPERATURE (F)   49        74      1939
 MINIMUM TEMPERATURE (F)   31        -3      2015


SUNRISE AND SUNSET
FEBRUARY 18 2018......SUNRISE   729 AM EST   SUNSET   625 PM EST
FEBRUARY 19 2018......SUNRISE   728 AM EST   SUNSET   626 PM EST


-  INDICATES NEGATIVE NUMBERS.
R  INDICATES RECORD WAS SET OR TIED.
MM INDICATES DATA IS MISSING.
T  INDICATES TRACE AMOUNT.




$$
