000
CDUS43 KLMK 232032
CLISDF


CLIMATE REPORT
NATIONAL WEATHER SERVICE LOUISVILLE KY
431 PM EDT TUE SEP 23 2014


...................................

...THE LOUISVILLE KY CLIMATE SUMMARY FOR SEPTEMBER 23 2014...
VALID TODAY AS OF 0400 PM LOCAL TIME.

CLIMATE NORMAL PERIOD 1981 TO 2010
CLIMATE RECORD PERIOD 1871 TO 2014


WEATHER ITEM   OBSERVED TIME   RECORD YEAR NORMAL DEPARTURE LAST
                VALUE   (LST)  VALUE       VALUE  FROM      YEAR
                                                  NORMAL
..................................................................
TEMPERATURE (F)
 TODAY
  MAXIMUM         75    259 PM  97    2010  79     -4       75
  MINIMUM         50    644 AM  39    1995  57     -7       52
                                      1974
  AVERAGE         63                        68     -5       64

PRECIPITATION (IN)
  TODAY            0.00          2.14 1936   0.11  -0.11     0.00
  MONTH TO DATE    3.31                      2.29   1.02     2.66
  SINCE SEP 1      3.31                      2.29   1.02     2.66
  SINCE JAN 1     34.48                     33.51   0.97    34.47

SNOWFALL (IN)
  TODAY            0.0          MM      MM   0.0    0.0      0.0
  MONTH TO DATE    0.0                       0.0    0.0      0.0
  SINCE SEP 1      0.0                       0.0    0.0      0.0
  SINCE JUL 1      0.0                       0.0    0.0      0.0
  SNOW DEPTH       0

DEGREE DAYS
 HEATING
  TODAY            2                         2      0        1
  MONTH TO DATE   13                        11      2        5
  SINCE SEP 1     13                        11      2        5
  SINCE JUL 1     13                        11      2        5

 COOLING
  TODAY            0                         5     -5        0
  MONTH TO DATE  155                       184    -29      204
  SINCE SEP 1    155                       184    -29      204
  SINCE JAN 1   1547                      1541      6     1544
..................................................................


WIND (MPH)
  HIGHEST WIND SPEED    13   HIGHEST WIND DIRECTION    NE (40)
  HIGHEST GUST SPEED    17   HIGHEST GUST DIRECTION    NE (50)
  AVERAGE WIND SPEED     3.7


SKY COVER
  POSSIBLE SUNSHINE  MM
  AVERAGE SKY COVER 0.0


WEATHER CONDITIONS
 THE FOLLOWING WEATHER WAS RECORDED TODAY.
  NO SIGNIFICANT WEATHER WAS OBSERVED.


RELATIVE HUMIDITY (PERCENT)
 HIGHEST    83           200 AM
 LOWEST     33           200 PM
 AVERAGE    58

..........................................................


THE LOUISVILLE KY CLIMATE NORMALS FOR TOMORROW
                         NORMAL    RECORD    YEAR
 MAXIMUM TEMPERATURE (F)   78        96      2010
 MINIMUM TEMPERATURE (F)   57        39      1989
                                             1983
                                             1949


SUNRISE AND SUNSET
SEPTEMBER 23 2014.....SUNRISE   732 AM EDT   SUNSET   738 PM EDT
SEPTEMBER 24 2014.....SUNRISE   732 AM EDT   SUNSET   737 PM EDT


-  INDICATES NEGATIVE NUMBERS.
R  INDICATES RECORD WAS SET OR TIED.
MM INDICATES DATA IS MISSING.
T  INDICATES TRACE AMOUNT.




$$
