000
CDUS46 KSEW 040119
CLISEA


CLIMATE REPORT
NATIONAL WEATHER SERVICE SEATTLE WA
619 PM PDT FRI JUL 3 2015


...................................

...THE SEATTLE-TACOMA WA AIRPORT CLIMATE SUMMARY FOR JULY 3 2015...
VALID TODAY AS OF 0600 PM LOCAL TIME.

CLIMATE NORMAL PERIOD 1981 TO 2010
CLIMATE RECORD PERIOD 1945 TO 2015


WEATHER ITEM   OBSERVED TIME   RECORD YEAR NORMAL DEPARTURE LAST
                VALUE   (LST)  VALUE       VALUE  FROM      YEAR
                                                  NORMAL
..................................................................
TEMPERATURE (F)
 TODAY
  MAXIMUM         92R   405 PM  90    1972  74     18       71
  MINIMUM         64    413 AM  44    1954  54     10       57
  AVERAGE         78                        64     14       64

PRECIPITATION (IN)
  TODAY            0.00          0.47 1966   0.03  -0.03     0.00
  MONTH TO DATE    0.00                      0.09  -0.09     0.00
  SINCE OCT 1     32.62                     34.50  -1.88    34.30
  SINCE JAN 1     16.24                     19.10  -2.86    27.31

DEGREE DAYS
 HEATING
  TODAY            0                         2     -2        1
  MONTH TO DATE    0                         8     -8        1
  SINCE JUN 1     29                       152   -123       95
  SINCE JUL 1      0                         8     -8        1

 COOLING
  TODAY           13                         1     12        0
  MONTH TO DATE   39                         3     36       17
  SINCE JUN 1    157                        24    133       28
  SINCE JAN 1    164                        30    134       43
..................................................................


WIND (MPH)
  RESULTANT WIND SPEED   4   RESULTANT WIND DIRECTION  NW (300)
  HIGHEST WIND SPEED    13   HIGHEST WIND DIRECTION    NW (300)
  HIGHEST GUST SPEED    15   HIGHEST GUST DIRECTION    NW (320)
  AVERAGE WIND SPEED     5.9


SKY COVER
  AVERAGE SKY COVER 0.1


WEATHER CONDITIONS
 THE FOLLOWING WEATHER WAS RECORDED TODAY.
  NO SIGNIFICANT WEATHER WAS OBSERVED.


RELATIVE HUMIDITY (PERCENT)
 HIGHEST    68           300 AM
 LOWEST     27           200 PM
 AVERAGE    48

..........................................................


THE SEATTLE-TACOMA WA AIRPORT CLIMATE NORMALS FOR TOMORROW
                         NORMAL    RECORD    YEAR
 MAXIMUM TEMPERATURE (F)   74        91      1972
 MINIMUM TEMPERATURE (F)   54        43      1949


SUNRISE AND SUNSET
JULY  3 2015..........SUNRISE   517 AM PDT   SUNSET   909 PM PDT
JULY  4 2015..........SUNRISE   518 AM PDT   SUNSET   909 PM PDT


-  INDICATES NEGATIVE NUMBERS.
R  INDICATES RECORD WAS SET OR TIED.
MM INDICATES DATA IS MISSING.
T  INDICATES TRACE AMOUNT.




$$
