000
CDUS46 KSEW 180833
CLISEW


CLIMATE REPORT
NATIONAL WEATHER SERVICE SEATTLE WA
133 AM PDT WED OCT 18 2017


...................................

...THE SEATTLE WA WFO CLIMATE SUMMARY FOR OCTOBER 17 2017...

CLIMATE NORMAL PERIOD 1981 TO 2010
CLIMATE RECORD PERIOD 1986 TO 2017


WEATHER ITEM   OBSERVED TIME   RECORD YEAR     LAST
                VALUE   (LST)  VALUE           YEAR
....................................................
TEMPERATURE (F)
 YESTERDAY
  MAXIMUM         55        MM  73    1989    62
  MINIMUM         45        MM  40    2010    51
                                      1991
  AVERAGE         50                          57

PRECIPITATION (IN)
  YESTERDAY        0.12          0.90 2009     0.05
  MONTH TO DATE    1.34                        5.63
  SINCE OCT 1      1.34                        5.63
  SINCE JAN 1     29.30                       28.94

SNOWFALL (IN)
  YESTERDAY        0.0                         0.0
  MONTH TO DATE    0.0                         0.0
  SINCE OCT 1      0.0                         0.0
  SINCE JUL 1      0.0                         0.0
  SNOW DEPTH       0

DEGREE DAYS
 HEATING
  YESTERDAY       15                           8
  MONTH TO DATE  197                         144
  SINCE SEP 1    268                         251
  SINCE JUL 1    271                         264

 COOLING
  YESTERDAY        0                           0
  MONTH TO DATE    0                           0
  SINCE SEP 1     73                           5
  SINCE JAN 1    345                         260
....................................................


WIND (MPH)
  HIGHEST WIND SPEED    MM   HIGHEST WIND DIRECTION    MM
  HIGHEST GUST SPEED    MM   HIGHEST GUST DIRECTION    MM
  AVERAGE WIND SPEED    MM



WEATHER CONDITIONS
 THE FOLLOWING WEATHER WAS RECORDED YESTERDAY.
  LIGHT RAIN






-  INDICATES NEGATIVE NUMBERS.
R  INDICATES RECORD WAS SET OR TIED.
MM INDICATES DATA IS MISSING.
T  INDICATES TRACE AMOUNT.




$$
