000
CDUS46 KSEW 200827
CLISEW


CLIMATE REPORT
NATIONAL WEATHER SERVICE SEATTLE WA
126 AM PDT SUN APR 20 2014


...................................

...THE SEATTLE WA WFO CLIMATE SUMMARY FOR APRIL 19 2014...

CLIMATE NORMAL PERIOD 1981 TO 2010
CLIMATE RECORD PERIOD 1986 TO 2014


WEATHER ITEM   OBSERVED TIME   RECORD YEAR     LAST
                VALUE   (LST)  VALUE           YEAR
....................................................
TEMPERATURE (F)
 YESTERDAY
  MAXIMUM         54        MM  72    2010    55
  MINIMUM         42        MM  36    2008    48
  AVERAGE         48                          52

PRECIPITATION (IN)
  YESTERDAY        0.23          1.29 1997     0.44
  MONTH TO DATE    2.38                        3.84
  SINCE OCT 1     25.80                       35.83
  SINCE JAN 1     19.95                       13.86

SNOWFALL (IN)
  YESTERDAY        0.0                         0.0
  MONTH TO DATE    0.0                         0.0
  SINCE OCT 1      2.9                         0.0
  SINCE JUL 1      2.9                         0.0
  SNOW DEPTH       0

DEGREE DAYS
 HEATING
  YESTERDAY       17                          13
  MONTH TO DATE  247                         292
  SINCE MAR 1    771                         830
  SINCE JUL 1   4035                        3877

 COOLING
  YESTERDAY        0                           0
  MONTH TO DATE    0                           0
  SINCE MAR 1      0                           0
  SINCE JAN 1      0                           0
....................................................


WIND (MPH)
  HIGHEST WIND SPEED    MM   HIGHEST WIND DIRECTION    MM
  HIGHEST GUST SPEED    MM   HIGHEST GUST DIRECTION    MM
  AVERAGE WIND SPEED    MM



WEATHER CONDITIONS
 THE FOLLOWING WEATHER WAS RECORDED YESTERDAY.
  LIGHT RAIN
  FOG






-  INDICATES NEGATIVE NUMBERS.
R  INDICATES RECORD WAS SET OR TIED.
MM INDICATES DATA IS MISSING.
T  INDICATES TRACE AMOUNT.




$$
