000
CDUS46 KMTR 030836
CLISFD


CLIMATE REPORT
NATIONAL WEATHER SERVICE SAN FRANCISCO BAY AREA
1236 AM PST TUE MAR 3 2015


...................................

...THE SAN FRANCISCO DWTN CA CLIMATE SUMMARY FOR MARCH 2 2015...

CLIMATE NORMAL PERIOD 1981 TO 2010
CLIMATE RECORD PERIOD 1850 TO 2015


WEATHER ITEM   OBSERVED TIME   RECORD YEAR NORMAL DEPARTURE LAST
                VALUE   (LST)  VALUE       VALUE  FROM      YEAR
                                                  NORMAL
..................................................................
TEMPERATURE (F)
 YESTERDAY
  MAXIMUM         61    143 PM  76    1931  61      0       59
  MINIMUM         52    443 AM  36    1896  48      4       53
  AVERAGE         57                        55      2       56

PRECIPITATION (IN)
  YESTERDAY        0.00          1.42 1995   0.14  -0.14     0.06
  MONTH TO DATE    0.00                      0.28  -0.28     0.14
  SINCE OCT 1     15.92                     18.08  -2.16     7.67
  SINCE JAN 1      1.47                      9.24  -7.77     6.02

DEGREE DAYS
 HEATING
  YESTERDAY        8                        MM     MM        9
  MONTH TO DATE   17                        MM     MM       14
  SINCE MAR 1     17                        MM     MM       14
  SINCE JUL 1   1091                        MM     MM     1677

 COOLING
  YESTERDAY        0                        MM     MM        0
  MONTH TO DATE    0                         0      0        0
  SINCE MAR 1      0                         0      0        0
  SINCE JAN 1      0                         0      0        0
..................................................................







THE SAN FRANCISCO DWTN CA CLIMATE NORMALS FOR TODAY
                         NORMAL    RECORD    YEAR
 MAXIMUM TEMPERATURE (F)   62        81      1929
 MINIMUM TEMPERATURE (F)   48        33      1896


SUNRISE AND SUNSET
MARCH  3 2015.........SUNRISE   639 AM PST   SUNSET   605 PM PST
MARCH  4 2015.........SUNRISE   637 AM PST   SUNSET   606 PM PST


-  INDICATES NEGATIVE NUMBERS.
R  INDICATES RECORD WAS SET OR TIED.
MM INDICATES DATA IS MISSING.
T  INDICATES TRACE AMOUNT.




$$
