975
CDUS46 KMTR 250829
CLISFD


CLIMATE REPORT
NATIONAL WEATHER SERVICE SAN FRANCISCO BAY AREA
129 AM PDT SUN JUN 25 2017


...................................

...THE SAN FRANCISCO DWTN CA CLIMATE SUMMARY FOR JUNE 24 2017...

CLIMATE NORMAL PERIOD 1981 TO 2010
CLIMATE RECORD PERIOD 1850 TO 2017


WEATHER ITEM   OBSERVED TIME   RECORD YEAR NORMAL DEPARTURE LAST
                VALUE   (LST)  VALUE       VALUE  FROM      YEAR
                                                  NORMAL
..................................................................
TEMPERATURE (F)
 YESTERDAY
  MAXIMUM         64    243 PM  99    1993  67     -3       68
  MINIMUM         55   1143 PM  47    1908  53      2       52
  AVERAGE         60                        60      0       60

PRECIPITATION (IN)
  YESTERDAY        0.00          0.25 1912   0.00   0.00     0.00
  MONTH TO DATE    0.10                      0.15  -0.05     0.00
  SINCE OCT 1     32.33                     23.37   8.96    23.06
  SINCE JAN 1     23.30                     14.53   8.77    16.45

DEGREE DAYS
 HEATING
  YESTERDAY        5                        MM     MM        5
  MONTH TO DATE  106                        MM     MM      105
  SINCE JUN 1    106                        MM     MM      105
  SINCE JUL 1   2619                        MM     MM     2040

 COOLING
  YESTERDAY        0                        MM     MM        0
  MONTH TO DATE   15                         0     15        5
  SINCE JUN 1     15                         0     15        5
  SINCE JAN 1     23                         0     23       31
..................................................................







THE SAN FRANCISCO DWTN CA CLIMATE NORMALS FOR TODAY
                         NORMAL    RECORD    YEAR
 MAXIMUM TEMPERATURE (F)   67        99      1993
 MINIMUM TEMPERATURE (F)   53        48      1901


SUNRISE AND SUNSET
JUNE 25 2017..........SUNRISE   549 AM PDT   SUNSET   836 PM PDT
JUNE 26 2017..........SUNRISE   550 AM PDT   SUNSET   836 PM PDT


-  INDICATES NEGATIVE NUMBERS.
R  INDICATES RECORD WAS SET OR TIED.
MM INDICATES DATA IS MISSING.
T  INDICATES TRACE AMOUNT.




$$
