000
CDUS46 KMTR 290845
CLISFD


CLIMATE REPORT
NATIONAL WEATHER SERVICE SAN FRANCISCO BAY AREA
1245 AM PST MON DEC 29 2014


...................................

...THE SAN FRANCISCO DWTN CA CLIMATE SUMMARY FOR DECEMBER 28 2014...

CLIMATE NORMAL PERIOD 1981 TO 2010
CLIMATE RECORD PERIOD 1850 TO 2014


WEATHER ITEM   OBSERVED TIME   RECORD YEAR NORMAL DEPARTURE LAST
                VALUE   (LST)  VALUE       VALUE  FROM      YEAR
                                                  NORMAL
..................................................................
TEMPERATURE (F)
 YESTERDAY
  MAXIMUM         57    143 PM  73    1967  56      1       63
  MINIMUM         45    843 AM  37    1899  45      0       45
  AVERAGE         51                        51      0       54

PRECIPITATION (IN)
  YESTERDAY        0.00          1.96 1941   0.15  -0.15     0.00
  MONTH TO DATE   11.70                      4.12   7.58     0.39
  SINCE JUL 1     15.09                      8.67   6.42     2.08
  SINCE JAN 1     25.55                     23.21   2.34     5.59

DEGREE DAYS
 HEATING
  YESTERDAY       14                        MM     MM       11
  MONTH TO DATE  219                        MM     MM      371
  SINCE DEC 1    219                        MM     MM      371
  SINCE JUL 1    588                        MM     MM     1084

 COOLING
  YESTERDAY        0                        MM     MM        0
  MONTH TO DATE    0                         0      0        0
  SINCE DEC 1      0                         0      0        0
  SINCE JAN 1    163                         0    163       71
..................................................................







THE SAN FRANCISCO DWTN CA CLIMATE NORMALS FOR TODAY
                         NORMAL    RECORD    YEAR
 MAXIMUM TEMPERATURE (F)   56        68      1989
 MINIMUM TEMPERATURE (F)   45        38      1899


SUNRISE AND SUNSET
DECEMBER 29 2014......SUNRISE   725 AM PST   SUNSET   459 PM PST
DECEMBER 30 2014......SUNRISE   725 AM PST   SUNSET   500 PM PST


-  INDICATES NEGATIVE NUMBERS.
R  INDICATES RECORD WAS SET OR TIED.
MM INDICATES DATA IS MISSING.
T  INDICATES TRACE AMOUNT.




$$
