000
CDUS46 KMTR 030838
CLISFD


CLIMATE REPORT
NATIONAL WEATHER SERVICE SAN FRANCISCO BAY AREA
137 AM PDT MON AUG 3 2015


...................................

...THE SAN FRANCISCO DWTN CA CLIMATE SUMMARY FOR AUGUST 2 2015...

CLIMATE NORMAL PERIOD 1981 TO 2010
CLIMATE RECORD PERIOD 1850 TO 2015


WEATHER ITEM   OBSERVED TIME   RECORD YEAR NORMAL DEPARTURE LAST
                VALUE   (LST)  VALUE       VALUE  FROM      YEAR
                                                  NORMAL
..................................................................
TEMPERATURE (F)
 YESTERDAY
  MAXIMUM         70        MM  88    1993  67      3       62
  MINIMUM         61        MM  49    1887  55      6       56
  AVERAGE         66                        61      5       59

PRECIPITATION (IN)
  YESTERDAY        0.00          0.03 2003   0.00   0.00     0.00
  MONTH TO DATE    0.00                      0.00   0.00     0.00
  SINCE OCT 1     17.64                     23.38  -5.74    12.19
  SINCE JAN 1      3.19                     14.54 -11.35    10.54

DEGREE DAYS
 HEATING
  YESTERDAY        0                        MM     MM        6
  MONTH TO DATE    0                        MM     MM       10
  SINCE JUN 1    179                        MM     MM      235
  SINCE JUL 1     43                        MM     MM       84

 COOLING
  YESTERDAY        1                        MM     MM        0
  MONTH TO DATE    3                         0      3        0
  SINCE JUN 1     24                         0     24       17
  SINCE JAN 1     38                         0     38       66
..................................................................







THE SAN FRANCISCO DWTN CA CLIMATE NORMALS FOR TODAY
                         NORMAL    RECORD    YEAR
 MAXIMUM TEMPERATURE (F)   67        86      1998
 MINIMUM TEMPERATURE (F)   55        48      1893


SUNRISE AND SUNSET
AUGUST  3 2015........SUNRISE   615 AM PDT   SUNSET   816 PM PDT
AUGUST  4 2015........SUNRISE   616 AM PDT   SUNSET   815 PM PDT


-  INDICATES NEGATIVE NUMBERS.
R  INDICATES RECORD WAS SET OR TIED.
MM INDICATES DATA IS MISSING.
T  INDICATES TRACE AMOUNT.




$$
