000
CDUS46 KMTR 300826
CLISFD


CLIMATE REPORT
NATIONAL WEATHER SERVICE SAN FRANCISCO BAY AREA
126 AM PDT FRI SEP 30 2016


...................................

...THE SAN FRANCISCO DWTN CA CLIMATE SUMMARY FOR SEPTEMBER 29 2016...

CLIMATE NORMAL PERIOD 1981 TO 2010
CLIMATE RECORD PERIOD 1850 TO 2016


WEATHER ITEM   OBSERVED TIME   RECORD YEAR NORMAL DEPARTURE LAST
                VALUE   (LST)  VALUE       VALUE  FROM      YEAR
                                                  NORMAL
..................................................................
TEMPERATURE (F)
 YESTERDAY
  MAXIMUM         58    343 PM  93    1988  70    -12       64
  MINIMUM         52   1143 PM  49    1906  55     -3       58
  AVERAGE         55                        63     -8       61

PRECIPITATION (IN)
  YESTERDAY        0.00          0.68 1894   0.01  -0.01     0.00
  MONTH TO DATE    0.00                      0.19  -0.19     0.04
  SINCE OCT 1     23.10                     23.63  -0.53    17.70
  SINCE JAN 1     16.49                     14.79   1.70     3.25

DEGREE DAYS
 HEATING
  YESTERDAY       10                        MM     MM        4
  MONTH TO DATE  112                        MM     MM       44
  SINCE SEP 1    112                        MM     MM       44
  SINCE JUL 1    420                        MM     MM      103

 COOLING
  YESTERDAY        0                        MM     MM        0
  MONTH TO DATE   44                         0     44       85
  SINCE SEP 1     44                         0     44       85
  SINCE JAN 1     75                         0     75      176
..................................................................







THE SAN FRANCISCO DWTN CA CLIMATE NORMALS FOR TODAY
                         NORMAL    RECORD    YEAR
 MAXIMUM TEMPERATURE (F)   70        96      2001
 MINIMUM TEMPERATURE (F)   55        47      1900


SUNRISE AND SUNSET
SEPTEMBER 30 2016.....SUNRISE   705 AM PDT   SUNSET   653 PM PDT
OCTOBER  1 2016.......SUNRISE   706 AM PDT   SUNSET   652 PM PDT


-  INDICATES NEGATIVE NUMBERS.
R  INDICATES RECORD WAS SET OR TIED.
MM INDICATES DATA IS MISSING.
T  INDICATES TRACE AMOUNT.




$$
