518
CDUS46 KMTR 270045
CLISFD


CLIMATE REPORT
NATIONAL WEATHER SERVICE SAN FRANCISCO BAY AREA
545 PM PDT SUN MAR 26 2017


...................................

...THE SAN FRANCISCO DWTN CA CLIMATE SUMMARY FOR MARCH 26 2017...
VALID TODAY AS OF 0500 PM LOCAL TIME.

CLIMATE NORMAL PERIOD 1981 TO 2010
CLIMATE RECORD PERIOD 1850 TO 2017


WEATHER ITEM   OBSERVED TIME   RECORD YEAR NORMAL DEPARTURE LAST
                VALUE   (LST)  VALUE       VALUE  FROM      YEAR
                                                  NORMAL
..................................................................
TEMPERATURE (F)
 TODAY
  MAXIMUM         61    343 PM  82    1923  62     -1       66
  MINIMUM         51    243 AM  40    1907  49      2       51
  AVERAGE         56                        55      1       59

PRECIPITATION (IN)
  TODAY            0.00          2.85 1853   0.08  -0.08     0.00
  MONTH TO DATE    3.84                      2.86   0.98     6.83
  SINCE OCT 1     29.89                     20.66   9.23    21.45
  SINCE JAN 1     20.86                     11.82   9.04    14.84

DEGREE DAYS
 HEATING
  TODAY            9                        MM     MM        6
  MONTH TO DATE  207                        MM     MM      197
  SINCE MAR 1    207                        MM     MM      197
  SINCE JUL 1   2054                        MM     MM     1522

 COOLING
  TODAY            0                        MM     MM        0
  MONTH TO DATE    1                         0      1        0
  SINCE MAR 1      1                         0      1        0
  SINCE JAN 1      1                         0      1        3
..................................................................







THE SAN FRANCISCO DWTN CA CLIMATE NORMALS FOR TOMORROW
                         NORMAL    RECORD    YEAR
 MAXIMUM TEMPERATURE (F)   62        84      1923
 MINIMUM TEMPERATURE (F)   49        42      1898


SUNRISE AND SUNSET
MARCH 26 2017.........SUNRISE   704 AM PDT   SUNSET   728 PM PDT
MARCH 27 2017.........SUNRISE   702 AM PDT   SUNSET   728 PM PDT


-  INDICATES NEGATIVE NUMBERS.
R  INDICATES RECORD WAS SET OR TIED.
MM INDICATES DATA IS MISSING.
T  INDICATES TRACE AMOUNT.




$$
