000
CDUS46 KMTR 230840
CLISFD


CLIMATE REPORT
NATIONAL WEATHER SERVICE SAN FRANCISCO BAY AREA
140 AM PDT SUN APR 23 2017


...................................

...THE SAN FRANCISCO DWTN CA CLIMATE SUMMARY FOR APRIL 22 2017...

CLIMATE NORMAL PERIOD 1981 TO 2010
CLIMATE RECORD PERIOD 1850 TO 2017


WEATHER ITEM   OBSERVED TIME   RECORD YEAR NORMAL DEPARTURE LAST
                VALUE   (LST)  VALUE       VALUE  FROM      YEAR
                                                  NORMAL
..................................................................
TEMPERATURE (F)
 YESTERDAY
  MAXIMUM         62   1043 AM  86    1910  63     -1       61
  MINIMUM         52    543 AM  44    1901  49      3       54
  AVERAGE         57                        56      1       58

PRECIPITATION (IN)
  YESTERDAY        0.00          0.52 2016   0.04  -0.04     0.52
  MONTH TO DATE    2.22                      1.17   1.05     1.33
  SINCE OCT 1     32.20                     22.23   9.97    22.78
  SINCE JAN 1     23.17                     13.39   9.78    16.17

DEGREE DAYS
 HEATING
  YESTERDAY        8                        MM     MM        7
  MONTH TO DATE  162                        MM     MM      111
  SINCE MAR 1    401                        MM     MM      358
  SINCE JUL 1   2248                        MM     MM     1683

 COOLING
  YESTERDAY        0                        MM     MM        0
  MONTH TO DATE    0                         0      0       19
  SINCE MAR 1      1                         0      1       19
  SINCE JAN 1      1                         0      1       22
..................................................................







THE SAN FRANCISCO DWTN CA CLIMATE NORMALS FOR TODAY
                         NORMAL    RECORD    YEAR
 MAXIMUM TEMPERATURE (F)   64        87      1910
 MINIMUM TEMPERATURE (F)   50        43      1899


SUNRISE AND SUNSET
APRIL 23 2017.........SUNRISE   623 AM PDT   SUNSET   753 PM PDT
APRIL 24 2017.........SUNRISE   622 AM PDT   SUNSET   754 PM PDT


-  INDICATES NEGATIVE NUMBERS.
R  INDICATES RECORD WAS SET OR TIED.
MM INDICATES DATA IS MISSING.
T  INDICATES TRACE AMOUNT.




$$
