280
CDUS46 KMTR 080840
CLISFD


CLIMATE REPORT
NATIONAL WEATHER SERVICE SAN FRANCISCO BAY AREA
1239 AM PST MON FEB 8 2016


...................................

...THE SAN FRANCISCO DWTN CA CLIMATE SUMMARY FOR FEBRUARY 7 2016...

CLIMATE NORMAL PERIOD 1981 TO 2010
CLIMATE RECORD PERIOD 1850 TO 2016


WEATHER ITEM   OBSERVED TIME   RECORD YEAR NORMAL DEPARTURE LAST
                VALUE   (LST)  VALUE       VALUE  FROM      YEAR
                                                  NORMAL
..................................................................
TEMPERATURE (F)
 YESTERDAY
  MAXIMUM         69    443 PM  73    2006  59     10       65
  MINIMUM         51    743 AM  34    1989  47      4       60
  AVERAGE         60                        53      7       63

PRECIPITATION (IN)
  YESTERDAY        0.00          1.71 1998   0.16  -0.16     0.04
  MONTH TO DATE    0.15                      1.16  -1.01     0.74
  SINCE OCT 1     13.70                     14.50  -0.80    15.19
  SINCE JAN 1      7.09                      5.66   1.43     0.74

DEGREE DAYS
 HEATING
  YESTERDAY        5                        MM     MM        2
  MONTH TO DATE   75                        MM     MM       35
  SINCE DEC 1    826                        MM     MM      590
  SINCE JUL 1   1217                        MM     MM      959

 COOLING
  YESTERDAY        0                        MM     MM        0
  MONTH TO DATE    0                         0      0        0
  SINCE DEC 1      0                         0      0        0
  SINCE JAN 1      0                         0      0        0
..................................................................







THE SAN FRANCISCO DWTN CA CLIMATE NORMALS FOR TODAY
                         NORMAL    RECORD    YEAR
 MAXIMUM TEMPERATURE (F)   60        74      2006
 MINIMUM TEMPERATURE (F)   47        38      1883


SUNRISE AND SUNSET
FEBRUARY  8 2016......SUNRISE   707 AM PST   SUNSET   541 PM PST
FEBRUARY  9 2016......SUNRISE   706 AM PST   SUNSET   542 PM PST


-  INDICATES NEGATIVE NUMBERS.
R  INDICATES RECORD WAS SET OR TIED.
MM INDICATES DATA IS MISSING.
T  INDICATES TRACE AMOUNT.




$$
