591
CDUS46 KOTX 280832
CLISFF


CLIMATE REPORT
NATIONAL WEATHER SERVICE SPOKANE, WA
132 AM PDT SUN MAY 28 2017


...................................

...THE SPOKANE WA FELTS AIRPORT CLIMATE SUMMARY FOR MAY 27 2017...

CLIMATE NORMAL PERIOD 1981 TO 2010
CLIMATE RECORD PERIOD 9999 TO 9999


WEATHER ITEM   OBSERVED TIME   RECORD YEAR NORMAL DEPARTURE LAST
                VALUE   (LST)  VALUE       VALUE  FROM      YEAR
                                                  NORMAL
..................................................................
TEMPERATURE (F)
 YESTERDAY
  MAXIMUM         82    510 PM  MM      MM  70     12       64
  MINIMUM         48    417 AM  MM      MM  46      2       48
  AVERAGE         65                        58      7       56

PRECIPITATION (IN)
  YESTERDAY        0.00         MM      MM   0.06  -0.06     0.04
  MONTH TO DATE    1.40                      1.46  -0.06     1.64
  SINCE OCT 1     21.00                     13.80   7.20    14.17
  SINCE JAN 1     11.91                      7.60   4.31     8.63

SNOWFALL (IN)
  YESTERDAY       MM

DEGREE DAYS
 HEATING
  YESTERDAY        0                         8     -8        9
  MONTH TO DATE  252                       292    -40      141
  SINCE MAR 1   1447                      1576   -129     1072
  SINCE JUL 1   6043                      6147   -104     4977

 COOLING
  YESTERDAY        0                         0      0        0
  MONTH TO DATE    7                         0      7       10
  SINCE MAR 1      7                         0      7       15
  SINCE JAN 1      7                         0      7       15
..................................................................


WIND (MPH)
  HIGHEST WIND SPEED    13   HIGHEST WIND DIRECTION    SW (220)
  HIGHEST GUST SPEED    17   HIGHEST GUST DIRECTION    SW (230)
  AVERAGE WIND SPEED     3.7


SKY COVER
  POSSIBLE SUNSHINE  MM
  AVERAGE SKY COVER 0.1


WEATHER CONDITIONS
 THE FOLLOWING WEATHER WAS RECORDED YESTERDAY.
  NO SIGNIFICANT WEATHER WAS OBSERVED.


RELATIVE HUMIDITY (PERCENT)
 HIGHEST    86           400 AM
 LOWEST     25           200 PM
 AVERAGE    56

..........................................................


THE SPOKANE WA FELTS AIRPORT CLIMATE NORMALS FOR TODAY
                         NORMAL    RECORD    YEAR
 MAXIMUM TEMPERATURE (F)   70        MM        MM
 MINIMUM TEMPERATURE (F)   46        MM        MM


SUNRISE AND SUNSET
MAY 28 2017...........SUNRISE   458 AM PDT   SUNSET   836 PM PDT
MAY 29 2017...........SUNRISE   457 AM PDT   SUNSET   837 PM PDT


-  INDICATES NEGATIVE NUMBERS.
R  INDICATES RECORD WAS SET OR TIED.
MM INDICATES DATA IS MISSING.
T  INDICATES TRACE AMOUNT.




$$
