000
CDUS46 KOTX 160853
CLISFF


CLIMATE REPORT
NATIONAL WEATHER SERVICE SPOKANE, WA
1253 AM PST MON JAN 16 2017


...................................

...THE SPOKANE WA FELTS AIRPORT CLIMATE SUMMARY FOR JANUARY 15 2017...

CLIMATE NORMAL PERIOD 1981 TO 2010
CLIMATE RECORD PERIOD 9999 TO 9999


WEATHER ITEM   OBSERVED TIME   RECORD YEAR NORMAL DEPARTURE LAST
                VALUE   (LST)  VALUE       VALUE  FROM      YEAR
                                                  NORMAL
..................................................................
TEMPERATURE (F)
 YESTERDAY
  MAXIMUM         15    421 PM  MM      MM  37    -22       33
  MINIMUM          2    349 AM  MM      MM  26    -24       25
  AVERAGE          9                        31    -22       29

PRECIPITATION (IN)
  YESTERDAY        T            MM      MM   0.06  -0.06      T
  MONTH TO DATE    0.73                      1.02  -0.29     0.56
  SINCE OCT 1      9.82                      7.22   2.60     6.10
  SINCE JAN 1      0.73                      1.02  -0.29     0.56

SNOWFALL (IN)
  YESTERDAY       MM

DEGREE DAYS
 HEATING
  YESTERDAY       56                        34     22       36
  MONTH TO DATE  734                       519    215      533
  SINCE DEC 1   1938                      1614    324     1497
  SINCE JUL 1   3127                      3188    -61     2754

 COOLING
  YESTERDAY        0                         0      0        0
  MONTH TO DATE    0                         0      0        0
  SINCE DEC 1      0                         0      0        0
  SINCE JAN 1      0                         0      0        0
..................................................................


WIND (MPH)
  HIGHEST WIND SPEED     9   HIGHEST WIND DIRECTION     W (260)
  HIGHEST GUST SPEED    11   HIGHEST GUST DIRECTION     W (250)
  AVERAGE WIND SPEED     2.8


SKY COVER
  POSSIBLE SUNSHINE  MM
  AVERAGE SKY COVER 0.5


WEATHER CONDITIONS
 THE FOLLOWING WEATHER WAS RECORDED YESTERDAY.
  FOG
  HAZE


RELATIVE HUMIDITY (PERCENT)
 HIGHEST    95           200 AM
 LOWEST     83          1100 AM
 AVERAGE    89

..........................................................


THE SPOKANE WA FELTS AIRPORT CLIMATE NORMALS FOR TODAY
                         NORMAL    RECORD    YEAR
 MAXIMUM TEMPERATURE (F)   37        MM        MM
 MINIMUM TEMPERATURE (F)   26        MM        MM


SUNRISE AND SUNSET
JANUARY 16 2017.......SUNRISE   732 AM PST   SUNSET   427 PM PST
JANUARY 17 2017.......SUNRISE   731 AM PST   SUNSET   428 PM PST


-  INDICATES NEGATIVE NUMBERS.
R  INDICATES RECORD WAS SET OR TIED.
MM INDICATES DATA IS MISSING.
T  INDICATES TRACE AMOUNT.




$$
