000
CDUS46 KOTX 040829
CLISFF


CLIMATE REPORT
NATIONAL WEATHER SERVICE SPOKANE, WA
126 AM PDT FRI SEP 4 2015


...................................

...THE SPOKANE WA FELTS AIRPORT CLIMATE SUMMARY FOR SEPTEMBER 3 2015...

CLIMATE NORMAL PERIOD 1981 TO 2010
CLIMATE RECORD PERIOD 9999 TO 9999


WEATHER ITEM   OBSERVED TIME   RECORD YEAR NORMAL DEPARTURE LAST
                VALUE   (LST)  VALUE       VALUE  FROM      YEAR
                                                  NORMAL
..................................................................
TEMPERATURE (F)
 YESTERDAY
  MAXIMUM         69    141 PM  MM      MM  79    -10       64
  MINIMUM         47   1156 PM  MM      MM  51     -4       48
  AVERAGE         58                        65     -7       56

PRECIPITATION (IN)
  YESTERDAY        0.00         MM      MM   0.03  -0.03     0.15
  MONTH TO DATE    0.00                      0.08  -0.08     0.18
  SINCE OCT 1     13.39                     17.02  -3.63    13.58
  SINCE JAN 1      8.66                     10.82  -2.16    11.30

SNOWFALL (IN)
  YESTERDAY       MM

DEGREE DAYS
 HEATING
  YESTERDAY        7                         3      4        9
  MONTH TO DATE    9                         7      2       11
  SINCE SEP 1      9                         7      2       11
  SINCE JUL 1     17                        53    -36       17

 COOLING
  YESTERDAY        0                         2     -2        0
  MONTH TO DATE    0                         8     -8        1
  SINCE SEP 1      0                         8     -8        1
  SINCE JAN 1    824                       384    440      606
..................................................................


WIND (MPH)
  HIGHEST WIND SPEED    17   HIGHEST WIND DIRECTION    SW (210)
  HIGHEST GUST SPEED    21   HIGHEST GUST DIRECTION    SW (210)
  AVERAGE WIND SPEED     6.4


SKY COVER
  POSSIBLE SUNSHINE  MM
  AVERAGE SKY COVER 0.4


WEATHER CONDITIONS
 THE FOLLOWING WEATHER WAS RECORDED YESTERDAY.
  HAZE


RELATIVE HUMIDITY (PERCENT)
 HIGHEST    59           400 AM
 LOWEST     24           500 PM
 AVERAGE    42

..........................................................


THE SPOKANE WA FELTS AIRPORT CLIMATE NORMALS FOR TODAY
                         NORMAL    RECORD    YEAR
 MAXIMUM TEMPERATURE (F)   79        MM        MM
 MINIMUM TEMPERATURE (F)   50        MM        MM


SUNRISE AND SUNSET
SEPTEMBER  4 2015.....SUNRISE   612 AM PDT   SUNSET   724 PM PDT
SEPTEMBER  5 2015.....SUNRISE   613 AM PDT   SUNSET   722 PM PDT


-  INDICATES NEGATIVE NUMBERS.
R  INDICATES RECORD WAS SET OR TIED.
MM INDICATES DATA IS MISSING.
T  INDICATES TRACE AMOUNT.




$$
