000
CDUS46 KOTX 110830
CLISFF


CLIMATE REPORT
NATIONAL WEATHER SERVICE SPOKANE, WA
1230 AM PST THU FEB 11 2016


...................................

...THE SPOKANE WA FELTS AIRPORT CLIMATE SUMMARY FOR FEBRUARY 10 2016...

CLIMATE NORMAL PERIOD 1981 TO 2010
CLIMATE RECORD PERIOD 9999 TO 9999


WEATHER ITEM   OBSERVED TIME   RECORD YEAR NORMAL DEPARTURE LAST
                VALUE   (LST)  VALUE       VALUE  FROM      YEAR
                                                  NORMAL
..................................................................
TEMPERATURE (F)
 YESTERDAY
  MAXIMUM         44    223 PM  MM      MM  41      3       49
  MINIMUM         29    613 AM  MM      MM  26      3       45
  AVERAGE         37                        34      3       47

PRECIPITATION (IN)
  YESTERDAY        0.00         MM      MM   0.06  -0.06     0.05
  MONTH TO DATE    0.10                      0.60  -0.50     1.10
  SINCE OCT 1      7.96                      8.75  -0.79     7.70
  SINCE JAN 1      2.42                      2.55  -0.13     2.97

SNOWFALL (IN)
  YESTERDAY       MM

DEGREE DAYS
 HEATING
  YESTERDAY       28                        31     -3       18
  MONTH TO DATE  292                       319    -27      177
  SINCE DEC 1   2231                      2457   -226     2097
  SINCE JUL 1   3488                      4031   -543     3352

 COOLING
  YESTERDAY        0                         0      0        0
  MONTH TO DATE    0                         0      0        0
  SINCE DEC 1      0                         0      0        0
  SINCE JAN 1      0                         0      0        0
..................................................................


WIND (MPH)
  HIGHEST WIND SPEED     8   HIGHEST WIND DIRECTION     E (80)
  HIGHEST GUST SPEED     9   HIGHEST GUST DIRECTION     E (80)
  AVERAGE WIND SPEED     1.9


SKY COVER
  POSSIBLE SUNSHINE  MM
  AVERAGE SKY COVER 0.4


WEATHER CONDITIONS
 THE FOLLOWING WEATHER WAS RECORDED YESTERDAY.
  FOG
  FOG W/VISIBILITY <= 1/4 MILE


RELATIVE HUMIDITY (PERCENT)
 HIGHEST    92           300 AM
 LOWEST     76           200 PM
 AVERAGE    84

..........................................................


THE SPOKANE WA FELTS AIRPORT CLIMATE NORMALS FOR TODAY
                         NORMAL    RECORD    YEAR
 MAXIMUM TEMPERATURE (F)   41        MM        MM
 MINIMUM TEMPERATURE (F)   26        MM        MM


SUNRISE AND SUNSET
FEBRUARY 11 2016......SUNRISE   702 AM PST   SUNSET   506 PM PST
FEBRUARY 12 2016......SUNRISE   701 AM PST   SUNSET   507 PM PST


-  INDICATES NEGATIVE NUMBERS.
R  INDICATES RECORD WAS SET OR TIED.
MM INDICATES DATA IS MISSING.
T  INDICATES TRACE AMOUNT.




$$
