000
CDUS46 KMTR 290829
CLISFO


CLIMATE REPORT
NATIONAL WEATHER SERVICE SAN FRANCISCO BAY AREA
129 AM PDT FRI MAY 29 2015


...................................

...THE SAN FRANCISCO AIRPORT CLIMATE SUMMARY FOR MAY 28 2015...

CLIMATE NORMAL PERIOD 1981 TO 2010
CLIMATE RECORD PERIOD 1927 TO 2015


WEATHER ITEM   OBSERVED TIME   RECORD YEAR NORMAL DEPARTURE LAST
                VALUE   (LST)  VALUE       VALUE  FROM      YEAR
                                                  NORMAL
..................................................................
TEMPERATURE (F)
 YESTERDAY
  MAXIMUM         62    220 PM  92    1984  69     -7       72
  MINIMUM         52    602 AM  45    1955  53     -1       53
                                      1954
  AVERAGE         57                        61     -4       63

PRECIPITATION (IN)
  YESTERDAY        0.00          0.41 1998   0.01  -0.01     0.00
  MONTH TO DATE    0.02                      0.44  -0.42      T
  SINCE OCT 1     16.33                     20.30  -3.97     8.57
  SINCE JAN 1      3.37                     12.94  -9.57     7.31

SNOWFALL (IN)
  YESTERDAY        0.0           0.0
  MONTH TO DATE    0.0
  SINCE MAR 1      0.0
  SINCE JUL 1      0.0

DEGREE DAYS
 HEATING
  YESTERDAY        8                         5      3        2
  MONTH TO DATE  174                       166      8       70
  SINCE MAR 1    505                       728   -223      405
  SINCE JUL 1   1452                      2534  -1082     1950

 COOLING
  YESTERDAY        0                         0      0        0
  MONTH TO DATE    0                         0      0       41
  SINCE MAR 1     13                         6      7       62
  SINCE JAN 1     13                         6      7       62
..................................................................


WIND (MPH)
  RESULTANT WIND SPEED  15   RESULTANT WIND DIRECTION   W (270)
  HIGHEST WIND SPEED    26   HIGHEST WIND DIRECTION     W (270)
  HIGHEST GUST SPEED    31   HIGHEST GUST DIRECTION     W (270)
  AVERAGE WIND SPEED    15.3


SKY COVER
  POSSIBLE SUNSHINE  MM
  AVERAGE SKY COVER 0.9


WEATHER CONDITIONS
 THE FOLLOWING WEATHER WAS RECORDED YESTERDAY.
  NO SIGNIFICANT WEATHER WAS OBSERVED.


RELATIVE HUMIDITY (PERCENT)
 HIGHEST    89          1200 AM
 LOWEST     64          1200 PM
 AVERAGE    77

..........................................................


THE SAN FRANCISCO AIRPORT CLIMATE NORMALS FOR TODAY
                         NORMAL    RECORD    YEAR
 MAXIMUM TEMPERATURE (F)   69        94      1975
 MINIMUM TEMPERATURE (F)   53        45      1951
                                             1946


SUNRISE AND SUNSET
MAY 29 2015...........SUNRISE   551 AM PDT   SUNSET   823 PM PDT
MAY 30 2015...........SUNRISE   551 AM PDT   SUNSET   824 PM PDT


-  INDICATES NEGATIVE NUMBERS.
R  INDICATES RECORD WAS SET OR TIED.
MM INDICATES DATA IS MISSING.
T  INDICATES TRACE AMOUNT.




$$
