000
CDUS43 KSGF 020626
CLISGF


CLIMATE REPORT
NATIONAL WEATHER SERVICE SPRINGFIELD MO
125 AM CDT THU OCT 2 2014


...................................

...THE SPRINGFIELD MO CLIMATE SUMMARY FOR OCTOBER 1 2014...

CLIMATE NORMAL PERIOD 1981 TO 2010
CLIMATE RECORD PERIOD 1888 TO 2014


WEATHER ITEM   OBSERVED TIME   RECORD YEAR NORMAL DEPARTURE LAST
                VALUE   (LST)  VALUE       VALUE  FROM      YEAR
                                                  NORMAL
..................................................................
TEMPERATURE (F)
 YESTERDAY
  MAXIMUM         87    211 PM  92    1953  74     13       83
  MINIMUM         64    601 AM  32    1985  51     13       65
  AVERAGE         76                        63     13       74

PRECIPITATION (IN)
  YESTERDAY        0.00          2.84 1986   0.13  -0.13     0.00
  MONTH TO DATE    0.00                      0.13  -0.13     0.00
  SINCE SEP 1      5.00                      4.74   0.26     2.18
  SINCE JAN 1     26.97                     34.85  -7.88    40.33

SNOWFALL (IN)
  YESTERDAY        0.0
  MONTH TO DATE    0.0
  SINCE SEP 1      0.0
  SINCE JUL 1      0.0
  SNOW DEPTH       0

DEGREE DAYS
 HEATING
  YESTERDAY        0                         5     -5        0
  MONTH TO DATE    0                         5     -5        0
  SINCE SEP 1     31                        58    -27       14
  SINCE JUL 1     31                        60    -29       14

 COOLING
  YESTERDAY       11                         2      9        9
  MONTH TO DATE   11                         2      9        9
  SINCE SEP 1    190                       175     15      239
  SINCE JAN 1   1436                      1361     75     1382
..................................................................


WIND (MPH)
  HIGHEST WIND SPEED    21   HIGHEST WIND DIRECTION     S (190)
  HIGHEST GUST SPEED    25   HIGHEST GUST DIRECTION     S (190)
  AVERAGE WIND SPEED    12.9


SKY COVER
  AVERAGE SKY COVER 0.2


WEATHER CONDITIONS
 THE FOLLOWING WEATHER WAS RECORDED YESTERDAY.
  NO SIGNIFICANT WEATHER WAS OBSERVED.


RELATIVE HUMIDITY (PERCENT)
 HIGHEST    74           900 PM
 LOWEST     48           300 PM
 AVERAGE    61

..........................................................


THE SPRINGFIELD MO CLIMATE NORMALS FOR TODAY
                         NORMAL    RECORD    YEAR
 MAXIMUM TEMPERATURE (F)   74        93      1976
 MINIMUM TEMPERATURE (F)   51        34      1985


SUNRISE AND SUNSET
OCTOBER  2 2014.......SUNRISE   710 AM CDT   SUNSET   655 PM CDT
OCTOBER  3 2014.......SUNRISE   711 AM CDT   SUNSET   654 PM CDT


-  INDICATES NEGATIVE NUMBERS.
R  INDICATES RECORD WAS SET OR TIED.
MM INDICATES DATA IS MISSING.
T  INDICATES TRACE AMOUNT.




$$
