000
CDUS43 KSGF 280630
CLISGF


CLIMATE REPORT
NATIONAL WEATHER SERVICE SPRINGFIELD MO
1229 AM CST SUN DEC 28 2014


...................................

...THE SPRINGFIELD MO CLIMATE SUMMARY FOR DECEMBER 27 2014...

CLIMATE NORMAL PERIOD 1981 TO 2010
CLIMATE RECORD PERIOD 1888 TO 2014


WEATHER ITEM   OBSERVED TIME   RECORD YEAR NORMAL DEPARTURE LAST
                VALUE   (LST)  VALUE       VALUE  FROM      YEAR
                                                  NORMAL
..................................................................
TEMPERATURE (F)
 YESTERDAY
  MAXIMUM         50    300 AM  71    2005  43      7       57
                                      1971
  MINIMUM         27   1159 PM  -3    1924  23      4       25
                                      1892
  AVERAGE         39                        33      6       41

PRECIPITATION (IN)
  YESTERDAY        0.14          2.60 1968   0.09   0.05     0.00
  MONTH TO DATE    1.77                      2.71  -0.94     2.56
  SINCE DEC 1      1.77                      2.71  -0.94     2.56
  SINCE JAN 1     38.59                     45.24  -6.65    51.84

SNOWFALL (IN)
  YESTERDAY        T
  MONTH TO DATE    0.5
  SINCE DEC 1      0.5
  SINCE JUL 1      2.2
  SNOW DEPTH       0

DEGREE DAYS
 HEATING
  YESTERDAY       26                        32     -6       24
  MONTH TO DATE  670                       804   -134      856
  SINCE DEC 1    670                       804   -134      856
  SINCE JUL 1   1620                      1683    -63     1793

 COOLING
  YESTERDAY        0                         0      0        0
  MONTH TO DATE    0                         0      0        0
  SINCE DEC 1      0                         0      0        0
  SINCE JAN 1   1470                      1389     81     1417
..................................................................


WIND (MPH)
  HIGHEST WIND SPEED    20   HIGHEST WIND DIRECTION     W (280)
  HIGHEST GUST SPEED    25   HIGHEST GUST DIRECTION     W (280)
  AVERAGE WIND SPEED     9.1


SKY COVER
  AVERAGE SKY COVER 1.0


WEATHER CONDITIONS
 THE FOLLOWING WEATHER WAS RECORDED YESTERDAY.
  LIGHT RAIN
  FREEZING RAIN
  LT FREEZING RAIN
  LIGHT SNOW
  SLEET
  FOG


RELATIVE HUMIDITY (PERCENT)
 HIGHEST   100          1200 AM
 LOWEST     78           900 PM
 AVERAGE    89

..........................................................


THE SPRINGFIELD MO CLIMATE NORMALS FOR TODAY
                         NORMAL    RECORD    YEAR
 MAXIMUM TEMPERATURE (F)   43        75      1928
 MINIMUM TEMPERATURE (F)   23        -5      1924


SUNRISE AND SUNSET
DECEMBER 28 2014......SUNRISE   727 AM CST   SUNSET   504 PM CST
DECEMBER 29 2014......SUNRISE   727 AM CST   SUNSET   505 PM CST


-  INDICATES NEGATIVE NUMBERS.
R  INDICATES RECORD WAS SET OR TIED.
MM INDICATES DATA IS MISSING.
T  INDICATES TRACE AMOUNT.




$$
