000
CDUS45 KBYZ 261038
CLISHR


CLIMATE REPORT
NATIONAL WEATHER SERVICE BILLINGS MT
337 AM MST WED NOV 26 2014


...................................

...THE SHERIDAN WY CLIMATE SUMMARY FOR NOVEMBER 25 2014...

CLIMATE NORMAL PERIOD 1981 TO 2010
CLIMATE RECORD PERIOD 1907 TO 2014


WEATHER ITEM   OBSERVED TIME   RECORD YEAR NORMAL DEPARTURE LAST
                VALUE   (LST)  VALUE       VALUE  FROM      YEAR
                                                  NORMAL
..................................................................
TEMPERATURE (F)
 YESTERDAY
  MAXIMUM         36    412 AM  73    1960  41     -5       40
  MINIMUM         27   1203 AM  -9    1985  15     12       20
  AVERAGE         32                        28      4       30

PRECIPITATION (IN)
  YESTERDAY        0.37          0.59        0.02   0.35     0.00
  MONTH TO DATE    1.13                      0.61   0.52     0.17
  SINCE OCT 1      1.29                      2.02  -0.73     2.64
  SINCE JAN 1     13.99                     13.50   0.49    16.89

DEGREE DAYS
 HEATING
  YESTERDAY       33                        37     -4       35
  MONTH TO DATE  919                       781    138      793
  SINCE SEP 1   1598                      1627    -29     1654
  SINCE JUL 1   1648                      1689    -41     1655

 COOLING
  YESTERDAY        0                         0      0        0
  MONTH TO DATE    0                         0      0        0
  SINCE SEP 1     28                        29     -1       82
  SINCE JAN 1    346                       419    -73      592
..................................................................


WIND (MPH)
  HIGHEST WIND SPEED    30   HIGHEST WIND DIRECTION     W (290)
  HIGHEST GUST SPEED    36   HIGHEST GUST DIRECTION     W (290)
  AVERAGE WIND SPEED    13.3


SKY COVER
  POSSIBLE SUNSHINE  MM
  AVERAGE SKY COVER 0.9


WEATHER CONDITIONS
 THE FOLLOWING WEATHER WAS RECORDED YESTERDAY.
  LIGHT RAIN
  HEAVY SNOW
  SNOW
  LIGHT SNOW
  FOG
  FOG W/VISIBILITY <= 1/4 MILE
  HAZE


RELATIVE HUMIDITY (PERCENT)
 HIGHEST    96          1100 AM
 LOWEST     49           100 AM
 AVERAGE    73

..........................................................


THE SHERIDAN WY CLIMATE NORMALS FOR TODAY
                         NORMAL    RECORD    YEAR
 MAXIMUM TEMPERATURE (F)   40        71      1998
 MINIMUM TEMPERATURE (F)   15       -15      1985


SUNRISE AND SUNSET
NOVEMBER 26 2014......SUNRISE   719 AM MST   SUNSET   431 PM MST
NOVEMBER 27 2014......SUNRISE   720 AM MST   SUNSET   430 PM MST


-  INDICATES NEGATIVE NUMBERS.
R  INDICATES RECORD WAS SET OR TIED.
MM INDICATES DATA IS MISSING.
T  INDICATES TRACE AMOUNT.




$$
