000
CDUS45 KBYZ 020933
CLISHR


CLIMATE REPORT
NATIONAL WEATHER SERVICE BILLINGS MT
331 AM MDT THU JUL 2 2015


...................................

...THE SHERIDAN WY CLIMATE SUMMARY FOR JULY 1 2015...

CLIMATE NORMAL PERIOD 1981 TO 2010
CLIMATE RECORD PERIOD 1907 TO 2015


WEATHER ITEM   OBSERVED TIME   RECORD YEAR NORMAL DEPARTURE LAST
                VALUE   (LST)  VALUE       VALUE  FROM      YEAR
                                                  NORMAL
..................................................................
TEMPERATURE (F)
 YESTERDAY
  MAXIMUM         89    501 PM 103    2012  83      6       74
  MINIMUM         56    502 AM  40    1999  50      6       47
                                      1968
  AVERAGE         73                        67      6       61

PRECIPITATION (IN)
  YESTERDAY        0.00          0.61 1912   0.04  -0.04     0.00
  MONTH TO DATE    0.00                      0.04  -0.04     0.00
  SINCE OCT 1     14.42                     10.87   3.55    12.77
  SINCE JAN 1     12.03                      8.19   3.84     9.01

DEGREE DAYS
 HEATING
  YESTERDAY        0                         2     -2        4
  MONTH TO DATE    0                         2     -2        4
  SINCE JUN 1     44                       151   -107      186
  SINCE JUL 1      0                         2     -2        4

 COOLING
  YESTERDAY        8                         4      4        0
  MONTH TO DATE    8                         4      4        0
  SINCE JUN 1     87                        50     37        8
  SINCE JAN 1     87                        54     33       16
..................................................................


WIND (MPH)
  HIGHEST WIND SPEED    32   HIGHEST WIND DIRECTION     N (10)
  HIGHEST GUST SPEED    40   HIGHEST GUST DIRECTION     N (10)
  AVERAGE WIND SPEED     4.3


SKY COVER
  POSSIBLE SUNSHINE  MM
  AVERAGE SKY COVER 0.1


WEATHER CONDITIONS
 THE FOLLOWING WEATHER WAS RECORDED YESTERDAY.
  NO SIGNIFICANT WEATHER WAS OBSERVED.


RELATIVE HUMIDITY (PERCENT)
 HIGHEST    73          1000 PM
 LOWEST     26           200 PM
 AVERAGE    50

..........................................................


THE SHERIDAN WY CLIMATE NORMALS FOR TODAY
                         NORMAL    RECORD    YEAR
 MAXIMUM TEMPERATURE (F)   84       102      1990
 MINIMUM TEMPERATURE (F)   51        36      1915


SUNRISE AND SUNSET
JULY  2 2015..........SUNRISE   526 AM MDT   SUNSET   857 PM MDT
JULY  3 2015..........SUNRISE   527 AM MDT   SUNSET   857 PM MDT


-  INDICATES NEGATIVE NUMBERS.
R  INDICATES RECORD WAS SET OR TIED.
MM INDICATES DATA IS MISSING.
T  INDICATES TRACE AMOUNT.




$$
