000
CDUS45 KBYZ 250936
CLISHR


CLIMATE REPORT
NATIONAL WEATHER SERVICE BILLINGS MT
333 AM MDT MON MAY 25 2015


...................................

...THE SHERIDAN WY CLIMATE SUMMARY FOR MAY 24 2015...

CLIMATE NORMAL PERIOD 1981 TO 2010
CLIMATE RECORD PERIOD 1907 TO 2015


WEATHER ITEM   OBSERVED TIME   RECORD YEAR NORMAL DEPARTURE LAST
                VALUE   (LST)  VALUE       VALUE  FROM      YEAR
                                                  NORMAL
..................................................................
TEMPERATURE (F)
 YESTERDAY
  MAXIMUM         52    305 PM  90    1985  69    -17       79
  MINIMUM         48   1159 PM  21    2002  41      7       44
  AVERAGE         50                        55     -5       62

PRECIPITATION (IN)
  YESTERDAY        1.74R         1.74        0.07   1.67     0.00
  MONTH TO DATE    4.29                      1.81   2.48     1.58
  SINCE OCT 1     10.24                      8.17   2.07    10.42
  SINCE JAN 1      7.85                      5.49   2.36     6.66

DEGREE DAYS
 HEATING
  YESTERDAY       15                        10      5        3
  MONTH TO DATE  386                       327     59      344
  SINCE MAR 1   1705                      1893   -188     1961
  SINCE JUL 1   6935                      7428   -493     7711

 COOLING
  YESTERDAY        0                         0      0        0
  MONTH TO DATE    0                         0      0        0
  SINCE MAR 1      0                         0      0        0
  SINCE JAN 1      0                         0      0        0
..................................................................


WIND (MPH)
  HIGHEST WIND SPEED    16   HIGHEST WIND DIRECTION     N (340)
  HIGHEST GUST SPEED    20   HIGHEST GUST DIRECTION     N (360)
  AVERAGE WIND SPEED     8.7


SKY COVER
  POSSIBLE SUNSHINE  MM
  AVERAGE SKY COVER 1.0


WEATHER CONDITIONS
 THE FOLLOWING WEATHER WAS RECORDED YESTERDAY.
  HEAVY RAIN
  RAIN
  LIGHT RAIN
  FOG


RELATIVE HUMIDITY (PERCENT)
 HIGHEST    93          1200 AM
 LOWEST     89           200 PM
 AVERAGE    91

..........................................................


THE SHERIDAN WY CLIMATE NORMALS FOR TODAY
                         NORMAL    RECORD    YEAR
 MAXIMUM TEMPERATURE (F)   69        90      1931
 MINIMUM TEMPERATURE (F)   41        29      1975


SUNRISE AND SUNSET
MAY 25 2015...........SUNRISE   530 AM MDT   SUNSET   840 PM MDT
MAY 26 2015...........SUNRISE   529 AM MDT   SUNSET   841 PM MDT


-  INDICATES NEGATIVE NUMBERS.
R  INDICATES RECORD WAS SET OR TIED.
MM INDICATES DATA IS MISSING.
T  INDICATES TRACE AMOUNT.




$$
