000
CDUS45 KBYZ 082339
CLISHR


CLIMATE REPORT
NATIONAL WEATHER SERVICE BILLINGS MT
438 PM MST MON FEB 8 2016


...................................

...THE SHERIDAN WY CLIMATE SUMMARY FOR FEBRUARY 8 2016...
VALID TODAY AS OF 0400 PM LOCAL TIME.

CLIMATE NORMAL PERIOD 1981 TO 2010
CLIMATE RECORD PERIOD 1907 TO 2016


WEATHER ITEM   OBSERVED TIME   RECORD YEAR NORMAL DEPARTURE LAST
                VALUE   (LST)  VALUE       VALUE  FROM      YEAR
                                                  NORMAL
..................................................................
TEMPERATURE (F)
 TODAY
  MAXIMUM         52    349 PM  69    1954  37     15       64
  MINIMUM         25    718 AM -38    1936  13     12       29
  AVERAGE         39                        25     14       47

PRECIPITATION (IN)
  TODAY            0.00          0.36 1914   0.02  -0.02     0.00
  MONTH TO DATE    0.29                      0.15   0.14     0.17
  SINCE OCT 1      3.00                      3.39  -0.39     3.01
  SINCE JAN 1      0.85                      0.71   0.14     0.62

DEGREE DAYS
 HEATING
  TODAY           26                        40    -14       18
  MONTH TO DATE  293                       320    -27      236
  SINCE DEC 1   2676                      2902   -226     2663
  SINCE JUL 1   4228                      4780   -552     4489

 COOLING
  TODAY            0                         0      0        0
  MONTH TO DATE    0                         0      0        0
  SINCE DEC 1      0                         0      0        0
  SINCE JAN 1      0                         0      0        0
..................................................................


WIND (MPH)
  HIGHEST WIND SPEED    24   HIGHEST WIND DIRECTION    NW (330)
  HIGHEST GUST SPEED    29   HIGHEST GUST DIRECTION    NW (330)
  AVERAGE WIND SPEED     8.1


SKY COVER
  POSSIBLE SUNSHINE  MM
  AVERAGE SKY COVER 0.6


WEATHER CONDITIONS
 THE FOLLOWING WEATHER WAS RECORDED TODAY.
  NO SIGNIFICANT WEATHER WAS OBSERVED.


RELATIVE HUMIDITY (PERCENT)
 HIGHEST    63           500 AM
 LOWEST     35           200 PM
 AVERAGE    49

..........................................................


THE SHERIDAN WY CLIMATE NORMALS FOR TOMORROW
                         NORMAL    RECORD    YEAR
 MAXIMUM TEMPERATURE (F)   38        68      1996
 MINIMUM TEMPERATURE (F)   13       -29      1933


SUNRISE AND SUNSET
FEBRUARY  8 2016......SUNRISE   719 AM MST   SUNSET   526 PM MST
FEBRUARY  9 2016......SUNRISE   717 AM MST   SUNSET   527 PM MST


-  INDICATES NEGATIVE NUMBERS.
R  INDICATES RECORD WAS SET OR TIED.
MM INDICATES DATA IS MISSING.
T  INDICATES TRACE AMOUNT.




$$
