984
CDUS45 KBYZ 302226
CLISHR


CLIMATE REPORT
NATIONAL WEATHER SERVICE BILLINGS MT
424 PM MDT FRI SEP 30 2016


...................................

...THE SHERIDAN WY CLIMATE SUMMARY FOR SEPTEMBER 30 2016...
VALID TODAY AS OF 0400 PM LOCAL TIME.

CLIMATE NORMAL PERIOD 1981 TO 2010
CLIMATE RECORD PERIOD 1907 TO 2016


WEATHER ITEM   OBSERVED TIME   RECORD YEAR NORMAL DEPARTURE LAST
                VALUE   (LST)  VALUE       VALUE  FROM      YEAR
                                                  NORMAL
..................................................................
TEMPERATURE (F)
 TODAY
  MAXIMUM         81    226 PM  91    1989  67     14       86
                                      1963
  MINIMUM         48    440 AM  18    1985  36     12       40
  AVERAGE         65                        51     14       63

PRECIPITATION (IN)
  TODAY            0.00          0.94 1923   0.05  -0.05     0.00
  MONTH TO DATE    3.71                      1.43   2.28     0.27
  SINCE OCT 1     15.37                     14.16   1.21    16.13
  SINCE JAN 1     13.22                     11.48   1.74    13.74

DEGREE DAYS
 HEATING
  TODAY            0                        14    -14        2
  MONTH TO DATE  183                       241    -58       90
  SINCE SEP 1    183                       241    -58       90
  SINCE JUL 1    226                       303    -77      154

 COOLING
  TODAY            0                         0      0        0
  MONTH TO DATE   30                        28      2       65
  SINCE SEP 1     30                        28      2       65
  SINCE JAN 1    549                       418    131      474
..................................................................


WIND (MPH)
  HIGHEST WIND SPEED    12   HIGHEST WIND DIRECTION    SW (210)
  HIGHEST GUST SPEED    16   HIGHEST GUST DIRECTION     N (350)
  AVERAGE WIND SPEED     2.9


SKY COVER
  POSSIBLE SUNSHINE  MM
  AVERAGE SKY COVER 0.1


WEATHER CONDITIONS
 THE FOLLOWING WEATHER WAS RECORDED TODAY.
  NO SIGNIFICANT WEATHER WAS OBSERVED.


RELATIVE HUMIDITY (PERCENT)
 HIGHEST    86           500 AM
 LOWEST     32           100 PM
 AVERAGE    59

..........................................................


THE SHERIDAN WY CLIMATE NORMALS FOR TOMORROW
                         NORMAL    RECORD    YEAR
 MAXIMUM TEMPERATURE (F)   66        93      2011
 MINIMUM TEMPERATURE (F)   36        22      1985


SUNRISE AND SUNSET
SEPTEMBER 30 2016.....SUNRISE   705 AM MDT   SUNSET   649 PM MDT
OCTOBER  1 2016.......SUNRISE   706 AM MDT   SUNSET   647 PM MDT


-  INDICATES NEGATIVE NUMBERS.
R  INDICATES RECORD WAS SET OR TIED.
MM INDICATES DATA IS MISSING.
T  INDICATES TRACE AMOUNT.




$$
