000
CDUS45 KBYZ 260723
CLISHR


CLIMATE REPORT
NATIONAL WEATHER SERVICE BILLINGS MT
123 AM MDT FRI MAY 26 2017


...................................

...THE SHERIDAN WY CLIMATE SUMMARY FOR MAY 25 2017...

CLIMATE NORMAL PERIOD 1981 TO 2010
CLIMATE RECORD PERIOD 1907 TO 2017


WEATHER ITEM   OBSERVED TIME   RECORD YEAR NORMAL DEPARTURE LAST
                VALUE   (LST)  VALUE       VALUE  FROM      YEAR
                                                  NORMAL
..................................................................
TEMPERATURE (F)
 YESTERDAY
  MAXIMUM         60    241 PM  90    1931  69     -9       64
  MINIMUM         39   1159 PM  29    1975  41     -2       41
  AVERAGE         50                        55     -5       53

PRECIPITATION (IN)
  YESTERDAY        0.00          0.68 1980   0.08  -0.08     0.11
  MONTH TO DATE    2.18                      1.89   0.29     0.92
  SINCE OCT 1     15.64                      8.25   7.39     9.47
  SINCE JAN 1     11.91                      5.57   6.34     7.32

DEGREE DAYS
 HEATING
  YESTERDAY       15                        10      5       12
  MONTH TO DATE  300                       337    -37      316
  SINCE MAR 1   1646                      1903   -257     1633
  SINCE JUL 1   7168                      7438   -270     6379

 COOLING
  YESTERDAY        0                         0      0        0
  MONTH TO DATE    0                         0      0        2
  SINCE MAR 1      0                         0      0        2
  SINCE JAN 1      0                         0      0        2
..................................................................


WIND (MPH)
  HIGHEST WIND SPEED    33   HIGHEST WIND DIRECTION    NW (320)
  HIGHEST GUST SPEED    42   HIGHEST GUST DIRECTION    NW (320)
  AVERAGE WIND SPEED    14.3


SKY COVER
  POSSIBLE SUNSHINE  MM
  AVERAGE SKY COVER 0.3


WEATHER CONDITIONS
 THE FOLLOWING WEATHER WAS RECORDED YESTERDAY.
  NO SIGNIFICANT WEATHER WAS OBSERVED.


RELATIVE HUMIDITY (PERCENT)
 HIGHEST    86          1000 PM
 LOWEST     38           800 AM
 AVERAGE    62

..........................................................


THE SHERIDAN WY CLIMATE NORMALS FOR TODAY
                         NORMAL    RECORD    YEAR
 MAXIMUM TEMPERATURE (F)   70        94      1934
 MINIMUM TEMPERATURE (F)   41        30      1932


SUNRISE AND SUNSET
MAY 26 2017...........SUNRISE   529 AM MDT   SUNSET   842 PM MDT
MAY 27 2017...........SUNRISE   528 AM MDT   SUNSET   842 PM MDT


-  INDICATES NEGATIVE NUMBERS.
R  INDICATES RECORD WAS SET OR TIED.
MM INDICATES DATA IS MISSING.
T  INDICATES TRACE AMOUNT.




$$
