000
CDUS45 KBYZ 162239
CLISHR


CLIMATE REPORT
NATIONAL WEATHER SERVICE BILLINGS MT
439 PM MDT TUE SEP 16 2014


...................................

...THE SHERIDAN WY CLIMATE SUMMARY FOR SEPTEMBER 16 2014...
VALID TODAY AS OF 0400 PM LOCAL TIME.

CLIMATE NORMAL PERIOD 1981 TO 2010
CLIMATE RECORD PERIOD 1907 TO 2014


WEATHER ITEM   OBSERVED TIME   RECORD YEAR NORMAL DEPARTURE LAST
                VALUE   (LST)  VALUE       VALUE  FROM      YEAR
                                                  NORMAL
..................................................................
TEMPERATURE (F)
 TODAY
  MAXIMUM         85    137 PM  94    2000  74     11       82
  MINIMUM         41    453 AM  23    1965  41      0       48
  AVERAGE         63                        58      5       65

PRECIPITATION (IN)
  TODAY            0.00          1.37 2006   0.05  -0.05     0.00
  MONTH TO DATE    1.52                      0.67   0.85     2.54
  SINCE OCT 1     16.35                     13.40   2.95    15.07
  SINCE JAN 1     12.59                     10.72   1.87    12.53

SNOWFALL (IN)
  TODAY           MM             3.4  1965   0.1   MM       MM
  MONTH TO DATE   MM                         0.9   MM       MM
  SINCE SEP 1     MM                         0.9   MM       MM
  SINCE JUL 1     MM                         0.9   MM       MM
  SNOW DEPTH      MM

DEGREE DAYS
 HEATING
  TODAY            2                         8     -6        0
  MONTH TO DATE  184                        87     97        5
  SINCE SEP 1    184                        87     97        5
  SINCE JUL 1    234                       149     85        6

 COOLING
  TODAY            0                         1     -1        0
  MONTH TO DATE    7                        24    -17       76
  SINCE SEP 1      7                        24    -17       76
  SINCE JAN 1    325                       414    -89      586
..................................................................


WIND (MPH)
  HIGHEST WIND SPEED     8   HIGHEST WIND DIRECTION    NE (30)
  HIGHEST GUST SPEED    12   HIGHEST GUST DIRECTION     N (20)
  AVERAGE WIND SPEED     2.4


SKY COVER
  POSSIBLE SUNSHINE  MM
  AVERAGE SKY COVER 0.0


WEATHER CONDITIONS
 THE FOLLOWING WEATHER WAS RECORDED TODAY.
  NO SIGNIFICANT WEATHER WAS OBSERVED.


RELATIVE HUMIDITY (PERCENT)
 HIGHEST    89           100 AM
 LOWEST     15           100 PM
 AVERAGE    52

..........................................................


THE SHERIDAN WY CLIMATE NORMALS FOR TOMORROW
                         NORMAL    RECORD    YEAR
 MAXIMUM TEMPERATURE (F)   74        93      1920
 MINIMUM TEMPERATURE (F)   41        24      1965


SUNRISE AND SUNSET
SEPTEMBER 16 2014.....SUNRISE   648 AM MDT   SUNSET   717 PM MDT
SEPTEMBER 17 2014.....SUNRISE   649 AM MDT   SUNSET   715 PM MDT


-  INDICATES NEGATIVE NUMBERS.
R  INDICATES RECORD WAS SET OR TIED.
MM INDICATES DATA IS MISSING.
T  INDICATES TRACE AMOUNT.




$$
