000
CDUS45 KBYZ 220939
CLISHR


CLIMATE REPORT
NATIONAL WEATHER SERVICE BILLINGS MT
331 AM MDT FRI AUG 22 2014


...................................

...THE SHERIDAN WY CLIMATE SUMMARY FOR AUGUST 21 2014...

CLIMATE NORMAL PERIOD 1981 TO 2010
CLIMATE RECORD PERIOD 1907 TO 2014


WEATHER ITEM   OBSERVED TIME   RECORD YEAR NORMAL DEPARTURE LAST
                VALUE   (LST)  VALUE       VALUE  FROM      YEAR
                                                  NORMAL
..................................................................
TEMPERATURE (F)
 YESTERDAY
  MAXIMUM         76   1201 PM 101    2010  86    -10       88
  MINIMUM         51    507 AM  38    1974  51      0       56
                                      1907
  AVERAGE         64                        68     -4       72

PRECIPITATION (IN)
  YESTERDAY        0.04          0.92 1983   0.02   0.02     0.00
  MONTH TO DATE    0.18                      0.47  -0.29     0.04
  SINCE OCT 1     13.96                     12.48   1.48    12.52
  SINCE JAN 1     10.20                      9.80   0.40     9.98

SNOWFALL (IN)
  YESTERDAY       MM             0.0  2000   0.0   MM       MM
  MONTH TO DATE   MM                         0.0   MM       MM
  SINCE JUN 1     MM                         T     MM       MM
  SINCE JUL 1     MM                         0.0   MM       MM
  SNOW DEPTH      MM

DEGREE DAYS
 HEATING
  YESTERDAY        1                         1      0        0
  MONTH TO DATE    1                        15    -14        0
  SINCE JUN 1    192                       190      2      121
  SINCE JUL 1     10                        41    -31        1

 COOLING
  YESTERDAY        0                         4     -4        7
  MONTH TO DATE  123                       125     -2      124
  SINCE JUN 1    306                       353    -47      394
  SINCE JAN 1    314                       357    -43      402
..................................................................


WIND (MPH)
  HIGHEST WIND SPEED    25   HIGHEST WIND DIRECTION    NW (310)
  HIGHEST GUST SPEED    33   HIGHEST GUST DIRECTION    NW (320)
  AVERAGE WIND SPEED     7.5


SKY COVER
  POSSIBLE SUNSHINE  MM
  AVERAGE SKY COVER 0.6


WEATHER CONDITIONS
 THE FOLLOWING WEATHER WAS RECORDED YESTERDAY.
  RAIN
  FOG


RELATIVE HUMIDITY (PERCENT)
 HIGHEST    86          1000 PM
 LOWEST     41          1200 PM
 AVERAGE    64

..........................................................


THE SHERIDAN WY CLIMATE NORMALS FOR TODAY
                         NORMAL    RECORD    YEAR
 MAXIMUM TEMPERATURE (F)   85       100      2006
 MINIMUM TEMPERATURE (F)   51        35      1966


SUNRISE AND SUNSET
AUGUST 22 2014........SUNRISE   618 AM MDT   SUNSET   802 PM MDT
AUGUST 23 2014........SUNRISE   620 AM MDT   SUNSET   800 PM MDT


-  INDICATES NEGATIVE NUMBERS.
R  INDICATES RECORD WAS SET OR TIED.
MM INDICATES DATA IS MISSING.
T  INDICATES TRACE AMOUNT.




$$
