000
CDUS44 KSHV 282240
CLISHV


CLIMATE REPORT
NATIONAL WEATHER SERVICE SHREVEPORT, LA
432 PM CST FRI NOV 28 2014


...................................

...THE SHREVEPORT CLIMATE SUMMARY FOR NOVEMBER 28 2014...
VALID TODAY AS OF 0400 PM LOCAL TIME.

CLIMATE NORMAL PERIOD 1981 TO 2010
CLIMATE RECORD PERIOD 1874 TO 2014


WEATHER ITEM   OBSERVED TIME   RECORD YEAR NORMAL DEPARTURE LAST
                VALUE   (LST)  VALUE       VALUE  FROM      YEAR
                                                  NORMAL
..................................................................
TEMPERATURE (F)
 TODAY
  MAXIMUM         66    329 PM  85    1949  63      3       51
  MINIMUM         34    655 AM  23    1992  41     -7       26
                                      1959
  AVERAGE         50                        52     -2       39

PRECIPITATION (IN)
  TODAY            0.00          1.59 2001   0.16  -0.16     0.00
  MONTH TO DATE    4.43                      4.21   0.22     5.18
  SINCE DEC 1     42.45                     51.09  -8.64    54.13
  SINCE JAN 1     37.47                     46.32  -8.85    48.47

SNOWFALL (IN)
  TODAY            0.0
  MONTH TO DATE    T
  SINCE SEP 1      T
  SINCE JUL 1      T
  SNOW DEPTH       0

DEGREE DAYS
 HEATING
  TODAY           15                        13      2       26
  MONTH TO DATE  381                       257    124      333
  SINCE SEP 1    404                       343     61      371
  SINCE JUL 1    404                       343     61      371

 COOLING
  TODAY            0                         0      0        0
  MONTH TO DATE    4                        23    -19       14
  SINCE SEP 1    597                       510     87      661
  SINCE JAN 1   2489                      2472     17     2706
..................................................................


WIND (MPH)
  HIGHEST WIND SPEED    16   HIGHEST WIND DIRECTION     S (180)
  HIGHEST GUST SPEED    20   HIGHEST GUST DIRECTION     S (180)
  AVERAGE WIND SPEED     7.6


SKY COVER
  POSSIBLE SUNSHINE  MM
  AVERAGE SKY COVER 0.0


WEATHER CONDITIONS
 THE FOLLOWING WEATHER WAS RECORDED TODAY.
  NO SIGNIFICANT WEATHER WAS OBSERVED.


RELATIVE HUMIDITY (PERCENT)
 HIGHEST    89           400 AM
 LOWEST     39           100 PM
 AVERAGE    64

..........................................................


THE SHREVEPORT CLIMATE NORMALS FOR TOMORROW
                         NORMAL    RECORD    YEAR
 MAXIMUM TEMPERATURE (F)   62        80      1949
                                             1933
                                             1927
 MINIMUM TEMPERATURE (F)   41        16      1976


SUNRISE AND SUNSET
NOVEMBER 28 2014......SUNRISE   656 AM CST   SUNSET   510 PM CST
NOVEMBER 29 2014......SUNRISE   657 AM CST   SUNSET   510 PM CST


-  INDICATES NEGATIVE NUMBERS.
R  INDICATES RECORD WAS SET OR TIED.
MM INDICATES DATA IS MISSING.
T  INDICATES TRACE AMOUNT.

$$

10
