000
CDUS44 KSHV 260844
CLISHV


CLIMATE REPORT
NATIONAL WEATHER SERVICE SHREVEPORT, LA
243 AM CST MON JAN 26 2015


...................................

...THE SHREVEPORT CLIMATE SUMMARY FOR JANUARY 25 2015...

CLIMATE NORMAL PERIOD 1981 TO 2010
CLIMATE RECORD PERIOD 1874 TO 2015


WEATHER ITEM   OBSERVED TIME   RECORD YEAR NORMAL DEPARTURE LAST
                VALUE   (LST)  VALUE       VALUE  FROM      YEAR
                                                  NORMAL
..................................................................
TEMPERATURE (F)
 YESTERDAY
  MAXIMUM         67    306 PM  85    1950  58      9       62
  MINIMUM         35    406 AM  14    1894  37     -2       27
  AVERAGE         51                        47      4       45

PRECIPITATION (IN)
  YESTERDAY        0.00          1.68 1932   0.14  -0.14     0.00
  MONTH TO DATE    7.45                      3.29   4.16     0.82
  SINCE DEC 1     11.20                      8.06   3.14     5.80
  SINCE JAN 1      7.45                      3.29   4.16     0.82

SNOWFALL (IN)
  YESTERDAY        0.0
  MONTH TO DATE    0.0
  SINCE DEC 1      0.0
  SINCE JUL 1      T
  SNOW DEPTH       0

DEGREE DAYS
 HEATING
  YESTERDAY       14                        18     -4       20
  MONTH TO DATE  547                       467     80      523
  SINCE DEC 1    988                       998    -10     1082
  SINCE JUL 1   1392                      1369     23     1493

 COOLING
  YESTERDAY        0                         0      0        0
  MONTH TO DATE    0                         0      0        0
  SINCE DEC 1      2                         7     -5       11
  SINCE JAN 1      0                         0      0        0
..................................................................


WIND (MPH)
  HIGHEST WIND SPEED    31   HIGHEST WIND DIRECTION    NW (310)
  HIGHEST GUST SPEED    40   HIGHEST GUST DIRECTION    NW (300)
  AVERAGE WIND SPEED    12.3


SKY COVER
  POSSIBLE SUNSHINE  MM
  AVERAGE SKY COVER 0.1


WEATHER CONDITIONS
 THE FOLLOWING WEATHER WAS RECORDED YESTERDAY.
  NO SIGNIFICANT WEATHER WAS OBSERVED.


RELATIVE HUMIDITY (PERCENT)
 HIGHEST    85           300 AM
 LOWEST     28           200 PM
 AVERAGE    57

..........................................................


THE SHREVEPORT CLIMATE NORMALS FOR TODAY
                         NORMAL    RECORD    YEAR
 MAXIMUM TEMPERATURE (F)   58        82      1952
 MINIMUM TEMPERATURE (F)   37        13      1904


SUNRISE AND SUNSET
JANUARY 26 2015.......SUNRISE   713 AM CST   SUNSET   543 PM CST
JANUARY 27 2015.......SUNRISE   713 AM CST   SUNSET   544 PM CST


-  INDICATES NEGATIVE NUMBERS.
R  INDICATES RECORD WAS SET OR TIED.
MM INDICATES DATA IS MISSING.
T  INDICATES TRACE AMOUNT.




$$
