000
CDUS44 KSHV 240737
CLISHV


CLIMATE REPORT
NATIONAL WEATHER SERVICE SHREVEPORT, LA
237 AM CDT WED AUG 24 2016


...................................

...THE SHREVEPORT CLIMATE SUMMARY FOR AUGUST 23 2016...

CLIMATE NORMAL PERIOD 1981 TO 2010
CLIMATE RECORD PERIOD 1874 TO 2016


WEATHER ITEM   OBSERVED TIME   RECORD YEAR NORMAL DEPARTURE LAST
                VALUE   (LST)  VALUE       VALUE  FROM      YEAR
                                                  NORMAL
..................................................................
TEMPERATURE (F)
 YESTERDAY
  MAXIMUM         94    251 PM 106    2011  94      0       95
  MINIMUM         72    543 AM  58    1949  72      0       78
  AVERAGE         83                        83      0       87

PRECIPITATION (IN)
  YESTERDAY        0.00          3.47 1879   0.08  -0.08     0.00
  MONTH TO DATE    5.63                      2.08   3.55     1.28
  SINCE DEC 1     51.08                     38.11  12.97    47.77
  SINCE JAN 1     48.19                     33.34  14.85    44.02

SNOWFALL (IN)
  YESTERDAY        0.0
  MONTH TO DATE    0.0
  SINCE JUN 1      0.0
  SINCE JUL 1      0.0
  SNOW DEPTH       0

DEGREE DAYS
 HEATING
  YESTERDAY        0                         0      0        0
  MONTH TO DATE    0                         0      0        0
  SINCE JUN 1      0                         0      0        0
  SINCE JUL 1      0                         0      0        0

 COOLING
  YESTERDAY       18                        18      0       22
  MONTH TO DATE  446                       427     19      505
  SINCE JUN 1   1623                      1430    193     1683
  SINCE JAN 1   2083                      1828    255     2155
..................................................................


WIND (MPH)
  HIGHEST WIND SPEED    13   HIGHEST WIND DIRECTION     S (160)
  HIGHEST GUST SPEED    16   HIGHEST GUST DIRECTION     S (170)
  AVERAGE WIND SPEED     5.5


SKY COVER
  POSSIBLE SUNSHINE  MM
  AVERAGE SKY COVER 0.5


WEATHER CONDITIONS
 THE FOLLOWING WEATHER WAS RECORDED YESTERDAY.
  NO SIGNIFICANT WEATHER WAS OBSERVED.


RELATIVE HUMIDITY (PERCENT)
 HIGHEST   100           300 AM
 LOWEST     56           400 PM
 AVERAGE    78

..........................................................


THE SHREVEPORT CLIMATE NORMALS FOR TODAY
                         NORMAL    RECORD    YEAR
 MAXIMUM TEMPERATURE (F)   94       103      1899
 MINIMUM TEMPERATURE (F)   72        54      1891


SUNRISE AND SUNSET
AUGUST 24 2016........SUNRISE   645 AM CDT   SUNSET   749 PM CDT
AUGUST 25 2016........SUNRISE   646 AM CDT   SUNSET   748 PM CDT


-  INDICATES NEGATIVE NUMBERS.
R  INDICATES RECORD WAS SET OR TIED.
MM INDICATES DATA IS MISSING.
T  INDICATES TRACE AMOUNT.




$$
