000
CDUS44 KSHV 030743
CLISHV


CLIMATE REPORT
NATIONAL WEATHER SERVICE SHREVEPORT, LA
243 AM CDT THU SEP 3 2015


...................................

...THE SHREVEPORT CLIMATE SUMMARY FOR SEPTEMBER 2 2015...

CLIMATE NORMAL PERIOD 1981 TO 2010
CLIMATE RECORD PERIOD 1874 TO 2015


WEATHER ITEM   OBSERVED TIME   RECORD YEAR NORMAL DEPARTURE LAST
                VALUE   (LST)  VALUE       VALUE  FROM      YEAR
                                                  NORMAL
..................................................................
TEMPERATURE (F)
 YESTERDAY
  MAXIMUM         95    340 PM 107    2000  92      3       90
  MINIMUM         71    444 AM  57    1967  70      1       74
  AVERAGE         83                        81      2       82

PRECIPITATION (IN)
  YESTERDAY        0.00          1.95 1937   0.09  -0.09     0.48
  MONTH TO DATE    0.00                      0.18  -0.18     0.48
  SINCE DEC 1     48.61                     38.94   9.67    31.45
  SINCE JAN 1     44.86                     34.17  10.69    26.47

SNOWFALL (IN)
  YESTERDAY        0.0
  MONTH TO DATE    0.0
  SINCE SEP 1      0.0
  SINCE JUL 1      0.0
  SNOW DEPTH       0

DEGREE DAYS
 HEATING
  YESTERDAY        0                         0      0        0
  MONTH TO DATE    0                         0      0        0
  SINCE SEP 1      0                         0      0        0
  SINCE JUL 1      0                         0      0        0

 COOLING
  YESTERDAY       18                        16      2       17
  MONTH TO DATE   34                        32      2       37
  SINCE SEP 1     34                        32      2       37
  SINCE JAN 1   2310                      1994    316     1929
..................................................................


WIND (MPH)
  HIGHEST WIND SPEED    10   HIGHEST WIND DIRECTION     E (70)
  HIGHEST GUST SPEED    14   HIGHEST GUST DIRECTION     N (350)
  AVERAGE WIND SPEED     2.2


SKY COVER
  POSSIBLE SUNSHINE  MM
  AVERAGE SKY COVER 0.7


WEATHER CONDITIONS
 THE FOLLOWING WEATHER WAS RECORDED YESTERDAY.
  NO SIGNIFICANT WEATHER WAS OBSERVED.


RELATIVE HUMIDITY (PERCENT)
 HIGHEST    93           500 AM
 LOWEST     37           600 PM
 AVERAGE    65

..........................................................


THE SHREVEPORT CLIMATE NORMALS FOR TODAY
                         NORMAL    RECORD    YEAR
 MAXIMUM TEMPERATURE (F)   92       109      2000
 MINIMUM TEMPERATURE (F)   70        57      1974


SUNRISE AND SUNSET
SEPTEMBER  3 2015.....SUNRISE   651 AM CDT   SUNSET   737 PM CDT
SEPTEMBER  4 2015.....SUNRISE   652 AM CDT   SUNSET   736 PM CDT


-  INDICATES NEGATIVE NUMBERS.
R  INDICATES RECORD WAS SET OR TIED.
MM INDICATES DATA IS MISSING.
T  INDICATES TRACE AMOUNT.




$$
