000
CDUS44 KSHV 290733
CLISHV


CLIMATE REPORT
NATIONAL WEATHER SERVICE SHREVEPORT, LA
233 AM CDT THU SEP 29 2016


...................................

...THE SHREVEPORT CLIMATE SUMMARY FOR SEPTEMBER 28 2016...

CLIMATE NORMAL PERIOD 1981 TO 2010
CLIMATE RECORD PERIOD 1874 TO 2016


WEATHER ITEM   OBSERVED TIME   RECORD YEAR NORMAL DEPARTURE LAST
                VALUE   (LST)  VALUE       VALUE  FROM      YEAR
                                                  NORMAL
..................................................................
TEMPERATURE (F)
 YESTERDAY
  MAXIMUM         88    337 PM 103    1953  84      4       89
  MINIMUM         57    542 AM  44    1909  61     -4       72
                                      1908
  AVERAGE         73                        72      1       81

PRECIPITATION (IN)
  YESTERDAY        0.00          4.01 1891   0.12  -0.12     0.01
  MONTH TO DATE    0.16                      2.91  -2.75     0.07
  SINCE DEC 1     53.42                     41.67  11.75    48.68
  SINCE JAN 1     50.53                     36.90  13.63    44.93

SNOWFALL (IN)
  YESTERDAY        0.0
  MONTH TO DATE    0.0
  SINCE SEP 1      0.0
  SINCE JUL 1      0.0
  SNOW DEPTH       0

DEGREE DAYS
 HEATING
  YESTERDAY        0                         1     -1        0
  MONTH TO DATE    0                         2     -2        0
  SINCE SEP 1      0                         2     -2        0
  SINCE JUL 1      0                         2     -2        0

 COOLING
  YESTERDAY        8                         8      0       16
  MONTH TO DATE  473                       347    126      459
  SINCE SEP 1    473                       347    126      459
  SINCE JAN 1   2714                      2309    405     2735
..................................................................


WIND (MPH)
  HIGHEST WIND SPEED    13   HIGHEST WIND DIRECTION    NW (300)
  HIGHEST GUST SPEED    16   HIGHEST GUST DIRECTION    NW (300)
  AVERAGE WIND SPEED     4.3


SKY COVER
  POSSIBLE SUNSHINE  MM
  AVERAGE SKY COVER 0.2


WEATHER CONDITIONS
 THE FOLLOWING WEATHER WAS RECORDED YESTERDAY.
  HAZE


RELATIVE HUMIDITY (PERCENT)
 HIGHEST   100           200 AM
 LOWEST     31           300 PM
 AVERAGE    66

..........................................................


THE SHREVEPORT CLIMATE NORMALS FOR TODAY
                         NORMAL    RECORD    YEAR
 MAXIMUM TEMPERATURE (F)   84       101      1953
 MINIMUM TEMPERATURE (F)   61        42      1967


SUNRISE AND SUNSET
SEPTEMBER 29 2016.....SUNRISE   708 AM CDT   SUNSET   702 PM CDT
SEPTEMBER 30 2016.....SUNRISE   709 AM CDT   SUNSET   701 PM CDT


-  INDICATES NEGATIVE NUMBERS.
R  INDICATES RECORD WAS SET OR TIED.
MM INDICATES DATA IS MISSING.
T  INDICATES TRACE AMOUNT.




$$
