000
CDUS44 KSHV 062233
CLISHV


CLIMATE REPORT
NATIONAL WEATHER SERVICE SHREVEPORT, LA
431 PM CST FRI MAR 6 2015


...................................

...THE SHREVEPORT CLIMATE SUMMARY FOR MARCH 6 2015...
VALID TODAY AS OF 0400 PM LOCAL TIME.

CLIMATE NORMAL PERIOD 1981 TO 2010
CLIMATE RECORD PERIOD 1874 TO 2015


WEATHER ITEM   OBSERVED TIME   RECORD YEAR NORMAL DEPARTURE LAST
                VALUE   (LST)  VALUE       VALUE  FROM      YEAR
                                                  NORMAL
..................................................................
TEMPERATURE (F)
 TODAY
  MAXIMUM         52    352 PM  86    1991  67    -15       60
  MINIMUM         24R   711 AM  24    1989  44    -20       36
  AVERAGE         38                        55    -17       48

PRECIPITATION (IN)
  TODAY            0.00          2.12 1941   0.15  -0.15     0.01
  MONTH TO DATE    1.18                      0.87   0.31     0.42
  SINCE DEC 1     16.66                     14.59   2.07     8.84
  SINCE JAN 1     12.91                      9.82   3.09     3.86

SNOWFALL (IN)
  TODAY            0.0
  MONTH TO DATE    0.4
  SINCE MAR 1      0.4
  SINCE JUL 1      4.5
  SNOW DEPTH       0

DEGREE DAYS
 HEATING
  TODAY           27                        10     17       17
  MONTH TO DATE  119                        64     55      122
  SINCE MAR 1    119                        64     55      122
  SINCE JUL 1   2119                      1946    173     2233

 COOLING
  TODAY            0                         1     -1        0
  MONTH TO DATE    0                         4     -4        1
  SINCE MAR 1      0                         4     -4        1
  SINCE JAN 1      0                        14    -14        7
..................................................................


WIND (MPH)
  HIGHEST WIND SPEED    10   HIGHEST WIND DIRECTION     N (10)
  HIGHEST GUST SPEED    14   HIGHEST GUST DIRECTION    NE (40)
  AVERAGE WIND SPEED     2.8


SKY COVER
  POSSIBLE SUNSHINE  MM
  AVERAGE SKY COVER 0.3


WEATHER CONDITIONS
 THE FOLLOWING WEATHER WAS RECORDED TODAY.
  NO SIGNIFICANT WEATHER WAS OBSERVED.


RELATIVE HUMIDITY (PERCENT)
 HIGHEST    88           600 AM
 LOWEST     27           300 PM
 AVERAGE    58

..........................................................


THE SHREVEPORT CLIMATE NORMALS FOR TOMORROW
                         NORMAL    RECORD    YEAR
 MAXIMUM TEMPERATURE (F)   67        88      1992
 MINIMUM TEMPERATURE (F)   44        21      1943


SUNRISE AND SUNSET
MARCH  6 2015.........SUNRISE   637 AM CST   SUNSET   616 PM CST
MARCH  7 2015.........SUNRISE   636 AM CST   SUNSET   617 PM CST


-  INDICATES NEGATIVE NUMBERS.
R  INDICATES RECORD WAS SET OR TIED.
MM INDICATES DATA IS MISSING.
T  INDICATES TRACE AMOUNT.




$$
