000
CDUS44 KSHV 200748
CLISHV


CLIMATE REPORT
NATIONAL WEATHER SERVICE SHREVEPORT, LA
247 AM CDT SUN APR 20 2014


...................................

...THE SHREVEPORT CLIMATE SUMMARY FOR APRIL 19 2014...

CLIMATE NORMAL PERIOD 1981 TO 2010
CLIMATE RECORD PERIOD 1874 TO 2014


WEATHER ITEM   OBSERVED TIME   RECORD YEAR NORMAL DEPARTURE LAST
                VALUE   (LST)  VALUE       VALUE  FROM      YEAR
                                                  NORMAL
..................................................................
TEMPERATURE (F)
 YESTERDAY
  MAXIMUM         80    417 PM  93    1987  78      2       61
  MINIMUM         50    529 AM  38    1953  55     -5       39
  AVERAGE         65                        66     -1       50

PRECIPITATION (IN)
  YESTERDAY        0.00          2.11 1986   0.13  -0.13     0.00
  MONTH TO DATE    3.89                      2.62   1.27     3.18
  SINCE DEC 1     16.33                     20.48  -4.15    19.86
  SINCE JAN 1     11.35                     15.71  -4.36    14.20

SNOWFALL (IN)
  YESTERDAY        0.0
  MONTH TO DATE    0.0
  SINCE MAR 1      T
  SINCE JUL 1      1.0
  SNOW DEPTH       0

DEGREE DAYS
 HEATING
  YESTERDAY        0                         2     -2       15
  MONTH TO DATE  102                        70     32       92
  SINCE MAR 1    424                       321    103      398
  SINCE JUL 1   2535                      2203    332     2012

 COOLING
  YESTERDAY        0                         3     -3        0
  MONTH TO DATE   43                        48     -5       64
  SINCE MAR 1     56                        79    -23       81
  SINCE JAN 1     62                        89    -27       89
..................................................................


WIND (MPH)
  HIGHEST WIND SPEED    10   HIGHEST WIND DIRECTION    SE (120)
  HIGHEST GUST SPEED    18   HIGHEST GUST DIRECTION    SE (150)
  AVERAGE WIND SPEED     1.7


SKY COVER
  POSSIBLE SUNSHINE  MM
  AVERAGE SKY COVER 0.6


WEATHER CONDITIONS
 THE FOLLOWING WEATHER WAS RECORDED YESTERDAY.
  FOG


RELATIVE HUMIDITY (PERCENT)
 HIGHEST    93           200 AM
 LOWEST     39           300 PM
 AVERAGE    66

..........................................................


THE SHREVEPORT CLIMATE NORMALS FOR TODAY
                         NORMAL    RECORD    YEAR
 MAXIMUM TEMPERATURE (F)   78        94      1987
 MINIMUM TEMPERATURE (F)   55        38      2013


SUNRISE AND SUNSET
APRIL 20 2014.........SUNRISE   640 AM CDT   SUNSET   749 PM CDT
APRIL 21 2014.........SUNRISE   639 AM CDT   SUNSET   749 PM CDT


-  INDICATES NEGATIVE NUMBERS.
R  INDICATES RECORD WAS SET OR TIED.
MM INDICATES DATA IS MISSING.
T  INDICATES TRACE AMOUNT.




$$
