861
CDUS44 KSHV 240738
CLISHV


CLIMATE REPORT
NATIONAL WEATHER SERVICE SHREVEPORT, LA
237 AM CDT WED MAY 24 2017


...................................

...THE SHREVEPORT CLIMATE SUMMARY FOR MAY 23 2017...

CLIMATE NORMAL PERIOD 1981 TO 2010
CLIMATE RECORD PERIOD 1874 TO 2017


WEATHER ITEM   OBSERVED TIME   RECORD YEAR NORMAL DEPARTURE LAST
                VALUE   (LST)  VALUE       VALUE  FROM      YEAR
                                                  NORMAL
..................................................................
TEMPERATURE (F)
 YESTERDAY
  MAXIMUM         78    247 PM  97    1886  86     -8       87
  MINIMUM         60   1159 PM  48    1963  65     -5       64
  AVERAGE         69                        75     -6       76

PRECIPITATION (IN)
  YESTERDAY        0.21          4.65 1955   0.17   0.04     0.00
  MONTH TO DATE    4.27                      3.67   0.60     1.48
  SINCE DEC 1     17.26                     25.72  -8.46    35.52
  SINCE JAN 1     14.12                     20.95  -6.83    32.63

SNOWFALL (IN)
  YESTERDAY        0.0
  MONTH TO DATE    0.0
  SINCE MAR 1      0.0
  SINCE JUL 1      0.0
  SNOW DEPTH       0

DEGREE DAYS
 HEATING
  YESTERDAY        0                         0      0        0
  MONTH TO DATE    5                         5      0        2
  SINCE MAR 1    169                       342   -173      148
  SINCE JUL 1   1200                      2224  -1024     1451

 COOLING
  YESTERDAY        4                        10     -6       11
  MONTH TO DATE  135                       174    -39      157
  SINCE MAR 1    391                       299     92      338
  SINCE JAN 1    461                       309    152      356
..................................................................


WIND (MPH)
  HIGHEST WIND SPEED    24   HIGHEST WIND DIRECTION    NW (310)
  HIGHEST GUST SPEED    35   HIGHEST GUST DIRECTION    NW (310)
  AVERAGE WIND SPEED     6.5


SKY COVER
  POSSIBLE SUNSHINE  MM
  AVERAGE SKY COVER 1.0


WEATHER CONDITIONS
 THE FOLLOWING WEATHER WAS RECORDED YESTERDAY.
  LIGHT RAIN
  FOG


RELATIVE HUMIDITY (PERCENT)
 HIGHEST   100          1200 AM
 LOWEST     64           200 PM
 AVERAGE    82

..........................................................


THE SHREVEPORT CLIMATE NORMALS FOR TODAY
                         NORMAL    RECORD    YEAR
 MAXIMUM TEMPERATURE (F)   86       101      1875
 MINIMUM TEMPERATURE (F)   65        54      1963
                                             1940
                                             1913


SUNRISE AND SUNSET
MAY 24 2017...........SUNRISE   612 AM CDT   SUNSET   813 PM CDT
MAY 25 2017...........SUNRISE   611 AM CDT   SUNSET   814 PM CDT


-  INDICATES NEGATIVE NUMBERS.
R  INDICATES RECORD WAS SET OR TIED.
MM INDICATES DATA IS MISSING.
T  INDICATES TRACE AMOUNT.




$$
