000
CDUS44 KSHV 260820 CCA
CLISHV

CLIMATE REPORT...CORRECTED TO ADD WIND DATA
NATIONAL WEATHER SERVICE SHREVEPORT, LA
320 AM CDT TUE JUL 26 2016


...................................

...THE SHREVEPORT CLIMATE SUMMARY FOR JULY 25 2016...

CLIMATE NORMAL PERIOD 1981 TO 2010
CLIMATE RECORD PERIOD 1874 TO 2016


WEATHER ITEM   OBSERVED TIME   RECORD YEAR NORMAL DEPARTURE LAST
                VALUE   (LST)  VALUE       VALUE  FROM      YEAR
                                                  NORMAL
..................................................................
TEMPERATURE (F)
 YESTERDAY
  MAXIMUM         96    336 PM 104    1923  94      2      101
  MINIMUM         74    232 AM  63    1911  73      1       78
  AVERAGE         85                        84      1       90

PRECIPITATION (IN)
  YESTERDAY        T             1.92 1933   0.11  -0.11     0.00
  MONTH TO DATE    2.05                      3.00  -0.95     0.59
  SINCE DEC 1     43.61                     35.38   8.23    46.49
  SINCE JAN 1     40.72                     30.61  10.11    42.74

SNOWFALL (IN)
  YESTERDAY        0.0
  MONTH TO DATE    0.0
  SINCE JUN 1      0.0
  SINCE JUL 1      0.0
  SNOW DEPTH       0

DEGREE DAYS
 HEATING
  YESTERDAY        0                         0      0        0
  MONTH TO DATE    0                         0      0        0
  SINCE JUN 1      0                         0      0        0
  SINCE JUL 1      0                         0      0        0

 COOLING
  YESTERDAY       20                        18      2       25
  MONTH TO DATE  536                       445     91      518
  SINCE JUN 1   1063                       889    174     1035
  SINCE JAN 1   1523                      1287    236     1507
..................................................................


WIND (MPH)
  HIGHEST WIND SPEED    12   HIGHEST WIND DIRECTION    E (100)
  HIGHEST GUST SPEED    14   HIGHEST GUST DIRECTION    E (100)
  AVERAGE WIND SPEED    5.0


SKY COVER
  POSSIBLE SUNSHINE  MM
  AVERAGE SKY COVER 0.6


WEATHER CONDITIONS
 THE FOLLOWING WEATHER WAS RECORDED YESTERDAY.
  LIGHT RAIN


RELATIVE HUMIDITY (PERCENT)
 HIGHEST   100           600 AM
 LOWEST     48           300 PM
 AVERAGE    74

..........................................................


THE SHREVEPORT CLIMATE NORMALS FOR TODAY
                         NORMAL    RECORD    YEAR
 MAXIMUM TEMPERATURE (F)   94       103      1925
 MINIMUM TEMPERATURE (F)   73        63      1911


SUNRISE AND SUNSET
JULY 26 2016..........SUNRISE   626 AM CDT   SUNSET   817 PM CDT
JULY 27 2016..........SUNRISE   627 AM CDT   SUNSET   816 PM CDT


-  INDICATES NEGATIVE NUMBERS.
R  INDICATES RECORD WAS SET OR TIED.
MM INDICATES DATA IS MISSING.
T  INDICATES TRACE AMOUNT.

$$

15
