000
CDUS44 KSHV 140853
CLISHV


CLIMATE REPORT
NATIONAL WEATHER SERVICE SHREVEPORT, LA
244 AM CST SUN FEB 14 2016


...................................

...THE SHREVEPORT CLIMATE SUMMARY FOR FEBRUARY 13 2016...

CLIMATE NORMAL PERIOD 1981 TO 2010
CLIMATE RECORD PERIOD 1874 TO 2016


WEATHER ITEM   OBSERVED TIME   RECORD YEAR NORMAL DEPARTURE LAST
                VALUE   (LST)  VALUE       VALUE  FROM      YEAR
                                                  NORMAL
..................................................................
TEMPERATURE (F)
 YESTERDAY
  MAXIMUM         59    428 PM  82    1962  61     -2       59
                                      1949
  MINIMUM         42    641 AM  -3    1899  39      3       30
  AVERAGE         51                        50      1       45

PRECIPITATION (IN)
  YESTERDAY        0.00          1.45 1915   0.17  -0.17     0.00
  MONTH TO DATE    T                         2.20  -2.20     0.38
  SINCE DEC 1      5.76                     11.17  -5.41    11.58
  SINCE JAN 1      2.87                      6.40  -3.53     7.83

SNOWFALL (IN)
  YESTERDAY        0.0
  MONTH TO DATE    0.0
  SINCE DEC 1      T
  SINCE JUL 1      T
  SNOW DEPTH       0

DEGREE DAYS
 HEATING
  YESTERDAY       14                        15     -1       20
  MONTH TO DATE  171                       211    -40      202
  SINCE DEC 1    998                      1312   -314     1251
  SINCE JUL 1   1175                      1683   -508     1655

 COOLING
  YESTERDAY        0                         0      0        0
  MONTH TO DATE    3                         0      3        0
  SINCE DEC 1     45                        11     34        2
  SINCE JAN 1      9                         4      5        0
..................................................................


WIND (MPH)
  HIGHEST WIND SPEED    18   HIGHEST WIND DIRECTION     E (90)
  HIGHEST GUST SPEED    24   HIGHEST GUST DIRECTION     E (110)
  AVERAGE WIND SPEED    10.0


SKY COVER
  POSSIBLE SUNSHINE  MM
  AVERAGE SKY COVER 0.3


WEATHER CONDITIONS
 THE FOLLOWING WEATHER WAS RECORDED YESTERDAY.
  NO SIGNIFICANT WEATHER WAS OBSERVED.


RELATIVE HUMIDITY (PERCENT)
 HIGHEST    65           200 AM
 LOWEST     33           300 PM
 AVERAGE    49

..........................................................


THE SHREVEPORT CLIMATE NORMALS FOR TODAY
                         NORMAL    RECORD    YEAR
 MAXIMUM TEMPERATURE (F)   61        83      1945
 MINIMUM TEMPERATURE (F)   39        11      1905


SUNRISE AND SUNSET
FEBRUARY 14 2016......SUNRISE   659 AM CST   SUNSET   600 PM CST
FEBRUARY 15 2016......SUNRISE   658 AM CST   SUNSET   601 PM CST


-  INDICATES NEGATIVE NUMBERS.
R  INDICATES RECORD WAS SET OR TIED.
MM INDICATES DATA IS MISSING.
T  INDICATES TRACE AMOUNT.




$$
