000
CDUS44 KSHV 070007
CLISHV


CLIMATE REPORT
NATIONAL WEATHER SERVICE SHREVEPORT, LA
707 PM CDT FRI MAY 6 2016


...................................

...THE SHREVEPORT CLIMATE SUMMARY FOR MAY 6 2016...
VALID TODAY AS OF 0700 PM LOCAL TIME.

CLIMATE NORMAL PERIOD 1981 TO 2010
CLIMATE RECORD PERIOD 1874 TO 2016


WEATHER ITEM   OBSERVED TIME   RECORD YEAR NORMAL DEPARTURE LAST
                VALUE   (LST)  VALUE       VALUE  FROM      YEAR
                                                  NORMAL
..................................................................
TEMPERATURE (F)
 TODAY
  MAXIMUM         81    221 PM  96    1875  82     -1       85
  MINIMUM         54    512 AM  47    1957  60     -6       63
  AVERAGE         68                        71     -3       74

PRECIPITATION (IN)
  TODAY            0.00          4.65 1978   0.17  -0.17     0.02
  MONTH TO DATE    1.23                      0.99   0.24     0.02
  SINCE DEC 1     35.27                     23.04  12.23    28.97
  SINCE JAN 1     32.38                     18.27  14.11    25.22

DEGREE DAYS
 HEATING
  TODAY            0                         0      0        0
  MONTH TO DATE    2                         5     -3        0
  SINCE MAR 1    148                       342   -194      291
  SINCE JUL 1   1451                      2224   -773     2291

 COOLING
  TODAY            3                         6     -3        9
  MONTH TO DATE   20                        34    -14       38
  SINCE MAR 1    201                       159     42      205
  SINCE JAN 1    219                       169     50      205
..................................................................


WIND (MPH)
  HIGHEST WIND SPEED    10   HIGHEST WIND DIRECTION    NW (330)
  HIGHEST GUST SPEED    19   HIGHEST GUST DIRECTION    NE (40)
  AVERAGE WIND SPEED     4.5


SKY COVER
  POSSIBLE SUNSHINE  MM
  AVERAGE SKY COVER 0.4


WEATHER CONDITIONS
 THE FOLLOWING WEATHER WAS RECORDED TODAY.
  NO SIGNIFICANT WEATHER WAS OBSERVED.


RELATIVE HUMIDITY (PERCENT)
 HIGHEST    93           500 AM
 LOWEST     30           200 PM
 AVERAGE    62

..........................................................


THE SHREVEPORT CLIMATE NORMALS FOR TOMORROW
                         NORMAL    RECORD    YEAR
 MAXIMUM TEMPERATURE (F)   82        94      1875
 MINIMUM TEMPERATURE (F)   60        44      1992


SUNRISE AND SUNSET
MAY  6 2016...........SUNRISE   624 AM CDT   SUNSET   801 PM CDT
MAY  7 2016...........SUNRISE   623 AM CDT   SUNSET   801 PM CDT


-  INDICATES NEGATIVE NUMBERS.
R  INDICATES RECORD WAS SET OR TIED.
MM INDICATES DATA IS MISSING.
T  INDICATES TRACE AMOUNT.




$$
