000
CDUS46 KMFR 280852
CLISIY


CLIMATE REPORT
NATIONAL WEATHER SERVICE MEDFORD, OR
1252 AM PST SUN DEC 28 2014


...................................

...THE MONTAGUE CA CLIMATE SUMMARY FOR DECEMBER 27 2014...

CLIMATE NORMAL PERIOD 1981 TO 2010
CLIMATE RECORD PERIOD 1948 TO 2014


WEATHER ITEM   OBSERVED TIME   RECORD YEAR NORMAL DEPARTURE LAST
                VALUE   (LST)  VALUE       VALUE  FROM      YEAR
                                                  NORMAL
..................................................................
TEMPERATURE (F)
 YESTERDAY
  MAXIMUM         39    440 PM  65    1980  44     -5       34
  MINIMUM         20    743 AM   4    1988  26     -6       15
  AVERAGE         30                        35     -5       25

PRECIPITATION (IN)
  YESTERDAY        0.00          1.49 2002   0.09  -0.09     0.00
  MONTH TO DATE    2.67                      2.37   0.30     0.09
  SINCE SEP 1      7.24                      7.18   0.06     1.38
  SINCE JAN 1     13.41                     18.18  -4.77     5.71

SNOWFALL (IN)
  YESTERDAY       MM                        MM     MM       MM
  MONTH TO DATE   MM                        MM     MM       MM
  SINCE JUL 1     MM                        MM     MM        0.0
  SNOW DEPTH      MM

DEGREE DAYS
 HEATING
  YESTERDAY       35                        30      5       40
  MONTH TO DATE  601                       808   -207     1026
  SINCE DEC 1    601                       808   -207     1026
  SINCE JUL 1   1606                      2114   -508     2346

 COOLING
  YESTERDAY        0                         0      0        0
  MONTH TO DATE    0                         0      0        0
  SINCE DEC 1      0                         0      0        0
  SINCE JAN 1    913                       544    369      776
..................................................................


WIND (MPH)
  HIGHEST WIND SPEED     8   HIGHEST WIND DIRECTION     S (200)
  HIGHEST GUST SPEED     9   HIGHEST GUST DIRECTION     S (200)
  AVERAGE WIND SPEED     1.6


SKY COVER
  POSSIBLE SUNSHINE  MM
  AVERAGE SKY COVER 0.4


WEATHER CONDITIONS
 THE FOLLOWING WEATHER WAS RECORDED YESTERDAY.
  FOG


RELATIVE HUMIDITY (PERCENT)
 HIGHEST    96           400 AM
 LOWEST     64           300 PM

..........................................................


THE MONTAGUE CA CLIMATE NORMALS FOR TODAY
                         NORMAL    RECORD    YEAR
 MAXIMUM TEMPERATURE (F)   44        57      2011
 MINIMUM TEMPERATURE (F)   26        10      1982


SUNRISE AND SUNSET
DECEMBER 28 2014......SUNRISE   737 AM PST   SUNSET   447 PM PST
DECEMBER 29 2014......SUNRISE   737 AM PST   SUNSET   447 PM PST


-  INDICATES NEGATIVE NUMBERS.
R  INDICATES RECORD WAS SET OR TIED.
MM INDICATES DATA IS MISSING.
T  INDICATES TRACE AMOUNT.




$$
