000
CDUS46 KMFR 110057
CLISIY


CLIMATE REPORT
NATIONAL WEATHER SERVICE MEDFORD, OR
447 PM PST SUN DEC 10 2017


...................................

...THE MONTAGUE CA CLIMATE SUMMARY FOR DECEMBER 10 2017...
VALID TODAY AS OF 0400 PM LOCAL TIME.

CLIMATE NORMAL PERIOD 1981 TO 2010
CLIMATE RECORD PERIOD 1948 TO 2017


WEATHER ITEM   OBSERVED TIME   RECORD YEAR NORMAL DEPARTURE LAST
                VALUE   (LST)  VALUE       VALUE  FROM      YEAR
                                                  NORMAL
..................................................................
TEMPERATURE (F)
 TODAY
  MAXIMUM         46    332 PM  63    1950  44      2       50
  MINIMUM         16    732 AM -10    1972  26    -10       28
  AVERAGE         31                        35     -4       39

PRECIPITATION (IN)
  TODAY            0.00          0.82 1996   0.08  -0.08     0.15
  MONTH TO DATE    0.17                      0.79  -0.62     0.44
  SINCE OCT 1      2.18                      4.96  -2.78     6.42
  SINCE JAN 1      9.95                     16.60  -6.65    16.65

SNOWFALL (IN)
  TODAY           MM                        MM     MM       MM
  MONTH TO DATE   MM                        MM     MM       MM
  SINCE JUL 1     MM                        MM     MM       MM
  SNOW DEPTH      MM

DEGREE DAYS
 HEATING
  TODAY           34                        30      4       26
  MONTH TO DATE  334                       298     36      295
  SINCE DEC 1    334                       298     36      295
  SINCE JUL 1   1564                      1604    -40     1425

 COOLING
  TODAY            0                         0      0        0
  MONTH TO DATE    0                         0      0        0
  SINCE DEC 1      0                         0      0        0
  SINCE JAN 1    902                       544    358      689
..................................................................


WIND (MPH)
  HIGHEST WIND SPEED     7   HIGHEST WIND DIRECTION     S (180)
  HIGHEST GUST SPEED    MM   HIGHEST GUST DIRECTION    NW (330)
  AVERAGE WIND SPEED     1.7


SKY COVER
  POSSIBLE SUNSHINE  MM
  AVERAGE SKY COVER 0.1


WEATHER CONDITIONS
 THE FOLLOWING WEATHER WAS RECORDED TODAY.
  FOG
  FOG W/VISIBILITY <= 1/4 MILE


RELATIVE HUMIDITY (PERCENT)
 HIGHEST   100           900 AM
 LOWEST     45           300 PM

..........................................................


THE MONTAGUE CA CLIMATE NORMALS FOR TOMORROW
                         NORMAL    RECORD    YEAR
 MAXIMUM TEMPERATURE (F)   44        60      1958
 MINIMUM TEMPERATURE (F)   26        -9      1972


SUNRISE AND SUNSET
DECEMBER 10 2017......SUNRISE   727 AM PST   SUNSET   439 PM PST
DECEMBER 11 2017......SUNRISE   727 AM PST   SUNSET   439 PM PST


-  INDICATES NEGATIVE NUMBERS.
R  INDICATES RECORD WAS SET OR TIED.
MM INDICATES DATA IS MISSING.
T  INDICATES TRACE AMOUNT.




$$
