000
CDUS46 KMFR 240036
CLISIY


CLIMATE REPORT
NATIONAL WEATHER SERVICE MEDFORD, OR
536 PM PDT TUE SEP 23 2014


...................................

...THE MONTAGUE CA CLIMATE SUMMARY FOR SEPTEMBER 23 2014...
VALID TODAY AS OF 0500 PM LOCAL TIME.

CLIMATE NORMAL PERIOD 1981 TO 2010
CLIMATE RECORD PERIOD 1948 TO 2014


WEATHER ITEM   OBSERVED TIME   RECORD YEAR NORMAL DEPARTURE LAST
                VALUE   (LST)  VALUE       VALUE  FROM      YEAR
                                                  NORMAL
..................................................................
TEMPERATURE (F)
 TODAY
  MAXIMUM         83   1249 PM  98    2009  79      4       74
  MINIMUM         54    637 AM  32    1955  41     13       46
  AVERAGE         69                        60      9       60

PRECIPITATION (IN)
  TODAY            0.00          0.43 1983   0.03  -0.03    MM
  MONTH TO DATE    T                         0.42  -0.42     0.02
  SINCE SEP 1      T                         0.42  -0.42     0.02
  SINCE JAN 1      6.17                     11.42  -5.25     4.35

SNOWFALL (IN)
  TODAY           MM                        MM     MM       MM
  MONTH TO DATE   MM                        MM     MM       MM
  SINCE JUL 1     MM                        MM     MM       MM
  SNOW DEPTH      MM

DEGREE DAYS
 HEATING
  TODAY            0                         6     -6        5
  MONTH TO DATE    0                        77    -77       61
  SINCE SEP 1      0                        77    -77       61
  SINCE JUL 1      0                        94    -94       61

 COOLING
  TODAY            4                         1      3        0
  MONTH TO DATE  112                        39     73       87
  SINCE SEP 1    112                        39     73       87
  SINCE JAN 1    913                       540    373      776
..................................................................


WIND (MPH)
  HIGHEST WIND SPEED    31   HIGHEST WIND DIRECTION     S (160)
  HIGHEST GUST SPEED    39   HIGHEST GUST DIRECTION    SE (150)
  AVERAGE WIND SPEED    13.5


SKY COVER
  POSSIBLE SUNSHINE  MM
  AVERAGE SKY COVER 0.0


WEATHER CONDITIONS
 THE FOLLOWING WEATHER WAS RECORDED TODAY.
  HAZE


RELATIVE HUMIDITY (PERCENT)
 HIGHEST    61           700 AM
 LOWEST     23           300 PM

..........................................................


THE MONTAGUE CA CLIMATE NORMALS FOR TOMORROW
                         NORMAL    RECORD    YEAR
 MAXIMUM TEMPERATURE (F)   79        95      2009
                                             2003
 MINIMUM TEMPERATURE (F)   41        30      2007
                                             1958


SUNRISE AND SUNSET
SEPTEMBER 23 2014.....SUNRISE   658 AM PDT   SUNSET   705 PM PDT
SEPTEMBER 24 2014.....SUNRISE   659 AM PDT   SUNSET   703 PM PDT


-  INDICATES NEGATIVE NUMBERS.
R  INDICATES RECORD WAS SET OR TIED.
MM INDICATES DATA IS MISSING.
T  INDICATES TRACE AMOUNT.




$$
