000
CDUS46 KMFR 280835
CLISIY


CLIMATE REPORT
NATIONAL WEATHER SERVICE MEDFORD, OR
135 AM PDT WED JUN 28 2017


...................................

...THE MONTAGUE CA CLIMATE SUMMARY FOR JUNE 27 2017...

CLIMATE NORMAL PERIOD 1981 TO 2010
CLIMATE RECORD PERIOD 1948 TO 2017


WEATHER ITEM   OBSERVED TIME   RECORD YEAR NORMAL DEPARTURE LAST
                VALUE   (LST)  VALUE       VALUE  FROM      YEAR
                                                  NORMAL
..................................................................
TEMPERATURE (F)
 YESTERDAY
  MAXIMUM         90    322 PM 104    2015  85      5       94
  MINIMUM         53    437 AM  38    1965  51      2       54
  AVERAGE         72                        68      4       74

PRECIPITATION (IN)
  YESTERDAY        0.00          0.82 1961   0.01  -0.01     0.00
  MONTH TO DATE    0.43                      0.66  -0.23     1.18
  SINCE OCT 1     15.89                     16.99  -1.10    15.07
  SINCE JAN 1      7.68                     10.16  -2.48     9.98

SNOWFALL (IN)
  YESTERDAY       MM                        MM     MM       MM
  MONTH TO DATE   MM                        MM     MM       MM
  SINCE JUL 1     MM                        MM     MM       MM
  SNOW DEPTH      MM

DEGREE DAYS
 HEATING
  YESTERDAY        0                         1     -1        0
  MONTH TO DATE   88                        91     -3       73
  SINCE JUN 1     88                        91     -3       73
  SINCE JUL 1   5415                      5480    -65     4646

 COOLING
  YESTERDAY        7                         4      3        9
  MONTH TO DATE  119                        46     73       99
  SINCE JUN 1    119                        46     73       99
  SINCE JAN 1    134                        59     75      103
..................................................................


WIND (MPH)
  HIGHEST WIND SPEED    18   HIGHEST WIND DIRECTION     N (20)
  HIGHEST GUST SPEED    25   HIGHEST GUST DIRECTION     N (20)
  AVERAGE WIND SPEED     7.2


SKY COVER
  POSSIBLE SUNSHINE  MM
  AVERAGE SKY COVER 0.0


WEATHER CONDITIONS
 THE FOLLOWING WEATHER WAS RECORDED YESTERDAY.
  NO SIGNIFICANT WEATHER WAS OBSERVED.


RELATIVE HUMIDITY (PERCENT)
 HIGHEST   100           500 AM
 LOWEST     14           200 PM

..........................................................


THE MONTAGUE CA CLIMATE NORMALS FOR TODAY
                         NORMAL    RECORD    YEAR
 MAXIMUM TEMPERATURE (F)   85       100      1973
 MINIMUM TEMPERATURE (F)   51        34      1949


SUNRISE AND SUNSET
JUNE 28 2017..........SUNRISE   538 AM PDT   SUNSET   849 PM PDT
JUNE 29 2017..........SUNRISE   538 AM PDT   SUNSET   849 PM PDT


-  INDICATES NEGATIVE NUMBERS.
R  INDICATES RECORD WAS SET OR TIED.
MM INDICATES DATA IS MISSING.
T  INDICATES TRACE AMOUNT.




$$
