001
CDUS46 KMFR 170845
CLISIY


CLIMATE REPORT
NATIONAL WEATHER SERVICE MEDFORD, OR
145 AM PDT THU AUG 17 2017


...................................

...THE MONTAGUE CA CLIMATE SUMMARY FOR AUGUST 16 2017...

CLIMATE NORMAL PERIOD 1981 TO 2010
CLIMATE RECORD PERIOD 1948 TO 2017


WEATHER ITEM   OBSERVED TIME   RECORD YEAR NORMAL DEPARTURE LAST
                VALUE   (LST)  VALUE       VALUE  FROM      YEAR
                                                  NORMAL
..................................................................
TEMPERATURE (F)
 YESTERDAY
  MAXIMUM         93    353 PM 103    2008  90      3      101
  MINIMUM         50    549 AM  41    1993  52     -2       57
  AVERAGE         72                        71      1       79

PRECIPITATION (IN)
  YESTERDAY        0.00          0.30 1993   0.01  -0.01     0.00
  MONTH TO DATE    0.02                      0.28  -0.26     0.02
  SINCE OCT 1     15.91                     17.77  -1.86    15.14
  SINCE JAN 1      7.70                     10.94  -3.24    10.05

SNOWFALL (IN)
  YESTERDAY       MM                        MM     MM       MM
  MONTH TO DATE   MM                        MM     MM       MM
  SINCE JUL 1     MM                        MM     MM       MM
  SNOW DEPTH      MM

DEGREE DAYS
 HEATING
  YESTERDAY        0                         0      0        0
  MONTH TO DATE    0                         0      0        0
  SINCE JUN 1     88                        97     -9       85
  SINCE JUL 1      0                         4     -4       12

 COOLING
  YESTERDAY        7                         6      1       14
  MONTH TO DATE  194                       122     72      134
  SINCE JUN 1    667                       422    245      512
  SINCE JAN 1    682                       435    247      516
..................................................................


WIND (MPH)
  HIGHEST WIND SPEED    22   HIGHEST WIND DIRECTION    NW (330)
  HIGHEST GUST SPEED    26   HIGHEST GUST DIRECTION     N (360)
  AVERAGE WIND SPEED     6.1


SKY COVER
  POSSIBLE SUNSHINE  MM
  AVERAGE SKY COVER 0.0


WEATHER CONDITIONS
 THE FOLLOWING WEATHER WAS RECORDED YESTERDAY.
  HAZE


RELATIVE HUMIDITY (PERCENT)
 HIGHEST    54           500 AM
 LOWEST     14           200 PM

..........................................................


THE MONTAGUE CA CLIMATE NORMALS FOR TODAY
                         NORMAL    RECORD    YEAR
 MAXIMUM TEMPERATURE (F)   90       103      1977
 MINIMUM TEMPERATURE (F)   52        40      1995


SUNRISE AND SUNSET
AUGUST 17 2017........SUNRISE   621 AM PDT   SUNSET   806 PM PDT
AUGUST 18 2017........SUNRISE   622 AM PDT   SUNSET   805 PM PDT


-  INDICATES NEGATIVE NUMBERS.
R  INDICATES RECORD WAS SET OR TIED.
MM INDICATES DATA IS MISSING.
T  INDICATES TRACE AMOUNT.




$$
