000
CDUS46 KMFR 120037
CLISIY


CLIMATE REPORT
NATIONAL WEATHER SERVICE MEDFORD, OR
537 PM PDT FRI JUL 11 2014


...................................

...THE MONTAGUE CA CLIMATE SUMMARY FOR JULY 11 2014...
VALID TODAY AS OF 0500 PM LOCAL TIME.

CLIMATE NORMAL PERIOD 1981 TO 2010
CLIMATE RECORD PERIOD 1948 TO 2014


WEATHER ITEM   OBSERVED TIME   RECORD YEAR NORMAL DEPARTURE LAST
                VALUE   (LST)  VALUE       VALUE  FROM      YEAR
                                                  NORMAL
..................................................................
TEMPERATURE (F)
 TODAY
  MAXIMUM         87    359 PM 109    2002  91     -4       92
  MINIMUM         68   1113 AM  42    1997  54     14       54
  AVERAGE         78                        72      6       73

PRECIPITATION (IN)
  TODAY            0.03          0.18 1995   0.00   0.03     0.00
  MONTH TO DATE    0.07                      0.09  -0.02      T
  SINCE SEP 1      7.48                     17.77 -10.29     8.62
  SINCE JAN 1      6.10                     10.30  -4.20     3.80

SNOWFALL (IN)
  TODAY           MM                        MM     MM       MM
  MONTH TO DATE   MM                        MM     MM       MM
  SINCE JUL 1     MM                        MM     MM       MM
  SNOW DEPTH      MM

DEGREE DAYS
 HEATING
  TODAY            0                         0      0        0
  MONTH TO DATE    0                         1     -1        0
  SINCE JUN 1     46                        94    -48       70
  SINCE JUL 1      0                         1     -1        0

 COOLING
  TODAY           13                         7      6        8
  MONTH TO DATE  163                        67     96      133
  SINCE JUN 1    246                       125    121      260
  SINCE JAN 1    253                       138    115      272
..................................................................


WIND (MPH)
  HIGHEST WIND SPEED    14   HIGHEST WIND DIRECTION     N (360)
  HIGHEST GUST SPEED    16   HIGHEST GUST DIRECTION     N (10)
  AVERAGE WIND SPEED     3.4


SKY COVER
  POSSIBLE SUNSHINE  MM
  AVERAGE SKY COVER 0.4


WEATHER CONDITIONS
 THE FOLLOWING WEATHER WAS RECORDED TODAY.
  LIGHT RAIN


RELATIVE HUMIDITY (PERCENT)
 HIGHEST    61           900 AM
 LOWEST     29           400 PM

..........................................................


THE MONTAGUE CA CLIMATE NORMALS FOR TOMORROW
                         NORMAL    RECORD    YEAR
 MAXIMUM TEMPERATURE (F)   91       103      2002
                                             1990
 MINIMUM TEMPERATURE (F)   54        36      1993


SUNRISE AND SUNSET
JULY 11 2014..........SUNRISE   545 AM PDT   SUNSET   845 PM PDT
JULY 12 2014..........SUNRISE   546 AM PDT   SUNSET   845 PM PDT


-  INDICATES NEGATIVE NUMBERS.
R  INDICATES RECORD WAS SET OR TIED.
MM INDICATES DATA IS MISSING.
T  INDICATES TRACE AMOUNT.




$$
