000
CDUS46 KMFR 190836
CLISIY


CLIMATE REPORT
NATIONAL WEATHER SERVICE MEDFORD, OR
1236 AM PST THU JAN 19 2017


...................................

...THE MONTAGUE CA CLIMATE SUMMARY FOR JANUARY 18 2017...

CLIMATE NORMAL PERIOD 1981 TO 2010
CLIMATE RECORD PERIOD 1948 TO 2017


WEATHER ITEM   OBSERVED TIME   RECORD YEAR NORMAL DEPARTURE LAST
                VALUE   (LST)  VALUE       VALUE  FROM      YEAR
                                                  NORMAL
..................................................................
TEMPERATURE (F)
 YESTERDAY
  MAXIMUM         44    227 AM  63    1986  44      0       50
  MINIMUM         35   1159 PM   0    1952  26      9       33
  AVERAGE         40                        35      5       42

PRECIPITATION (IN)
  YESTERDAY        0.14          1.07 1951   0.05   0.09     0.02
  MONTH TO DATE    1.49                      1.62  -0.13     2.06
  SINCE OCT 1      9.70                      8.45   1.25     7.15
  SINCE JAN 1      1.49                      1.62  -0.13     2.06

SNOWFALL (IN)
  YESTERDAY       MM                        MM     MM       MM
  MONTH TO DATE   MM                        MM     MM       MM
  SINCE JUL 1     MM                        MM     MM       MM
  SNOW DEPTH      MM

DEGREE DAYS
 HEATING
  YESTERDAY       25                        30     -5       23
  MONTH TO DATE  665                       540    125      517
  SINCE DEC 1   1679                      1467    212     1377
  SINCE JUL 1   2809                      2773     36     2460

 COOLING
  YESTERDAY        0                         0      0        0
  MONTH TO DATE    0                         0      0        0
  SINCE DEC 1      0                         0      0        0
  SINCE JAN 1      0                         0      0        0
..................................................................


WIND (MPH)
  HIGHEST WIND SPEED    44   HIGHEST WIND DIRECTION     S (170)
  HIGHEST GUST SPEED    54   HIGHEST GUST DIRECTION     S (170)
  AVERAGE WIND SPEED    23.4


SKY COVER
  POSSIBLE SUNSHINE  MM
  AVERAGE SKY COVER 0.9


WEATHER CONDITIONS
 THE FOLLOWING WEATHER WAS RECORDED YESTERDAY.
  LIGHT RAIN


RELATIVE HUMIDITY (PERCENT)
 HIGHEST    92          1000 PM
 LOWEST     58           100 AM

..........................................................


THE MONTAGUE CA CLIMATE NORMALS FOR TODAY
                         NORMAL    RECORD    YEAR
 MAXIMUM TEMPERATURE (F)   45        58      1997
 MINIMUM TEMPERATURE (F)   26         2      1952


SUNRISE AND SUNSET
JANUARY 19 2017.......SUNRISE   732 AM PST   SUNSET   509 PM PST
JANUARY 20 2017.......SUNRISE   732 AM PST   SUNSET   511 PM PST


-  INDICATES NEGATIVE NUMBERS.
R  INDICATES RECORD WAS SET OR TIED.
MM INDICATES DATA IS MISSING.
T  INDICATES TRACE AMOUNT.




$$
