000
CDUS46 KMFR 030036
CLISIY


CLIMATE REPORT
NATIONAL WEATHER SERVICE MEDFORD, OR
436 PM PST MON MAR 2 2015


...................................

...THE MONTAGUE CA CLIMATE SUMMARY FOR MARCH 2 2015...
VALID TODAY AS OF 0400 PM LOCAL TIME.

CLIMATE NORMAL PERIOD 1981 TO 2010
CLIMATE RECORD PERIOD 1948 TO 2015


WEATHER ITEM   OBSERVED TIME   RECORD YEAR NORMAL DEPARTURE LAST
                VALUE   (LST)  VALUE       VALUE  FROM      YEAR
                                                  NORMAL
..................................................................
TEMPERATURE (F)
 TODAY
  MAXIMUM         54    358 PM  73    1994  55     -1       61
  MINIMUM         34    317 AM  18    1971  29      5       42
  AVERAGE         44                        42      2       52

PRECIPITATION (IN)
  TODAY            0.00          1.05 1972   0.10  -0.10      T
  MONTH TO DATE    0.00                      0.21  -0.21     0.01
  SINCE OCT 1      9.80                     11.25  -1.45     3.09
  SINCE JAN 1      3.89                      4.42  -0.53     2.45

SNOWFALL (IN)
  TODAY           MM                        MM     MM       MM
  MONTH TO DATE   MM                        MM     MM       MM
  SINCE JUL 1     MM                        MM     MM        0.0
  SNOW DEPTH      MM

DEGREE DAYS
 HEATING
  TODAY           21                        23     -2       13
  MONTH TO DATE   47                        46      1       29
  SINCE MAR 1     47                        46      1       29
  SINCE JUL 1   3189                      3923   -734     4077

 COOLING
  TODAY            0                         0      0        0
  MONTH TO DATE    0                         0      0        0
  SINCE MAR 1      0                         0      0        0
  SINCE JAN 1      0                         0      0        0
..................................................................


WIND (MPH)
  HIGHEST WIND SPEED    12   HIGHEST WIND DIRECTION     N (20)
  HIGHEST GUST SPEED    14   HIGHEST GUST DIRECTION     N (20)
  AVERAGE WIND SPEED     4.7


SKY COVER
  POSSIBLE SUNSHINE  MM
  AVERAGE SKY COVER 0.3


WEATHER CONDITIONS
 THE FOLLOWING WEATHER WAS RECORDED TODAY.
  NO SIGNIFICANT WEATHER WAS OBSERVED.


RELATIVE HUMIDITY (PERCENT)
 HIGHEST    75
 LOWEST     29           300 PM

..........................................................


THE MONTAGUE CA CLIMATE NORMALS FOR TOMORROW
                         NORMAL    RECORD    YEAR
 MAXIMUM TEMPERATURE (F)   55        73      1986
 MINIMUM TEMPERATURE (F)   29        14      1989


SUNRISE AND SUNSET
MARCH  2 2015.........SUNRISE   643 AM PST   SUNSET   601 PM PST
MARCH  3 2015.........SUNRISE   642 AM PST   SUNSET   602 PM PST


-  INDICATES NEGATIVE NUMBERS.
R  INDICATES RECORD WAS SET OR TIED.
MM INDICATES DATA IS MISSING.
T  INDICATES TRACE AMOUNT.




$$
