000
CDUS46 KMTR 070036
CLISJC


CLIMATE REPORT
NATIONAL WEATHER SERVICE SAN FRANCISCO BAY AREA
536 PM PDT FRI MAY 6 2016


...................................

...THE SAN JOSE CA CLIMATE SUMMARY FOR MAY 6 2016...
VALID TODAY AS OF 0500 PM LOCAL TIME.

CLIMATE NORMAL PERIOD 1981 TO 2010
CLIMATE RECORD PERIOD 1893 TO 2016


WEATHER ITEM   OBSERVED TIME   RECORD YEAR NORMAL DEPARTURE LAST
                VALUE   (LST)  VALUE       VALUE  FROM      YEAR
                                                  NORMAL
..................................................................
TEMPERATURE (F)
 TODAY
  MAXIMUM         61    947 AM  99    1987  74    -13       71
  MINIMUM         57    512 AM  38    1896  51      6       48
  AVERAGE         59                        63     -4       60

PRECIPITATION (IN)
  TODAY            0.17          0.47 1961   0.01   0.16     0.00
  MONTH TO DATE    0.17                      0.13   0.04     0.00
  SINCE OCT 1     14.76                     14.32   0.44    12.76
  SINCE JAN 1     10.06                      9.54   0.52     2.81

SNOWFALL (IN)
  TODAY            0.0           0.0  1947
  MONTH TO DATE    0.0
  SINCE MAR 1      0.0
  SINCE JUL 1      0.0

DEGREE DAYS
 HEATING
  TODAY            6                         3      3        5
  MONTH TO DATE   12                        23    -11       23
  SINCE MAR 1    329                       464   -135      324
  SINCE JUL 1   1699                      1927   -228     1544

 COOLING
  TODAY            0                         1     -1        0
  MONTH TO DATE    4                         6     -2        6
  SINCE MAR 1     33                        25      8       27
  SINCE JAN 1     33                        25      8       27
..................................................................


WIND (MPH)
  RESULTANT WIND SPEED   1   RESULTANT WIND DIRECTION   N (20)
  HIGHEST WIND SPEED    15   HIGHEST WIND DIRECTION    NW (300)
  HIGHEST GUST SPEED    19   HIGHEST GUST DIRECTION    NW (310)
  AVERAGE WIND SPEED     6.4


SKY COVER
  POSSIBLE SUNSHINE  MM
  AVERAGE SKY COVER 1.0


WEATHER CONDITIONS
 THE FOLLOWING WEATHER WAS RECORDED TODAY.
  RAIN
  LIGHT RAIN
  FOG


RELATIVE HUMIDITY (PERCENT)
 HIGHEST    87           100 PM
 LOWEST     64           800 AM
 AVERAGE    76

..........................................................


THE SAN JOSE CA CLIMATE NORMALS FOR TOMORROW
                         NORMAL    RECORD    YEAR
 MAXIMUM TEMPERATURE (F)   74       100      1987
 MINIMUM TEMPERATURE (F)   51        35      1897


SUNRISE AND SUNSET
MAY  6 2016...........SUNRISE   607 AM PDT   SUNSET   802 PM PDT
MAY  7 2016...........SUNRISE   606 AM PDT   SUNSET   803 PM PDT


-  INDICATES NEGATIVE NUMBERS.
R  INDICATES RECORD WAS SET OR TIED.
MM INDICATES DATA IS MISSING.
T  INDICATES TRACE AMOUNT.




$$
