000
CDUS46 KMTR 250826
CLISJC


CLIMATE REPORT
NATIONAL WEATHER SERVICE SAN FRANCISCO BAY AREA
1226 AM PST SAT FEB 25 2017


...................................

...THE SAN JOSE AIRPORT CLIMATE SUMMARY FOR FEBRUARY 24 2017...

CLIMATE NORMAL PERIOD 1981 TO 2010
CLIMATE RECORD PERIOD 1893 TO 2017


WEATHER ITEM   OBSERVED TIME   RECORD YEAR NORMAL DEPARTURE LAST
                VALUE   (LST)  VALUE       VALUE  FROM      YEAR
                                                  NORMAL
..................................................................
TEMPERATURE (F)
 YESTERDAY
  MAXIMUM         56    316 PM  76    1947  64     -8       73
  MINIMUM         35    632 AM  26    1897  46    -11       44
  AVERAGE         46                        54     -8       59

PRECIPITATION (IN)
  YESTERDAY        0.00          0.98 1917   0.11  -0.11     0.00
  MONTH TO DATE    5.20                      2.67   2.53     0.31
  SINCE OCT 1     15.19                     10.83   4.36     9.10
  SINCE JAN 1     10.81                      5.74   5.07     4.40

SNOWFALL (IN)
  YESTERDAY        0.0                       0.0    0.0      0.0
  MONTH TO DATE    0.0                       0.0    0.0      0.0
  SINCE DEC 1      0.0                       0.0    0.0      0.0
  SINCE JUL 1      0.0                       0.0    0.0      0.0

DEGREE DAYS
 HEATING
  YESTERDAY       19                        10      9        6
  MONTH TO DATE  230                       287    -57      193
  SINCE DEC 1   1142                      1217    -75      987
  SINCE JUL 1   1365                      1624   -259     1352

 COOLING
  YESTERDAY        0                         0      0        0
  MONTH TO DATE    0                         0      0        0
  SINCE DEC 1      0                         0      0        0
  SINCE JAN 1      0                         0      0        0
..................................................................


WIND (MPH)
  RESULTANT WIND SPEED   1   RESULTANT WIND DIRECTION  NW (310)
  HIGHEST WIND SPEED    15   HIGHEST WIND DIRECTION    NW (310)
  HIGHEST GUST SPEED    19   HIGHEST GUST DIRECTION    NW (310)
  AVERAGE WIND SPEED     6.0


SKY COVER
  POSSIBLE SUNSHINE  MM
  AVERAGE SKY COVER 0.4


WEATHER CONDITIONS
 THE FOLLOWING WEATHER WAS RECORDED YESTERDAY.
  NO SIGNIFICANT WEATHER WAS OBSERVED.


RELATIVE HUMIDITY (PERCENT)
 HIGHEST    89           500 AM
 LOWEST     38           400 PM
 AVERAGE    64

..........................................................


THE SAN JOSE AIRPORT CLIMATE NORMALS FOR TODAY
                         NORMAL    RECORD    YEAR
 MAXIMUM TEMPERATURE (F)   64        78      1992
 MINIMUM TEMPERATURE (F)   46        28      1894


SUNRISE AND SUNSET
FEBRUARY 25 2017......SUNRISE   644 AM PST   SUNSET   558 PM PST
FEBRUARY 26 2017......SUNRISE   642 AM PST   SUNSET   559 PM PST


-  INDICATES NEGATIVE NUMBERS.
R  INDICATES RECORD WAS SET OR TIED.
MM INDICATES DATA IS MISSING.
T  INDICATES TRACE AMOUNT.




$$
