000
CDUS44 KSJT 150751
CLISJT


CLIMATE REPORT
NATIONAL WEATHER SERVICE SAN ANGELO TX
150 AM CST FRI DEC 15 2017


...................................

...THE SAN ANGELO CLIMATE SUMMARY FOR DECEMBER 14 2017...

CLIMATE NORMAL PERIOD 1981 TO 2010
CLIMATE RECORD PERIOD 1907 TO 2017


WEATHER ITEM   OBSERVED TIME   RECORD YEAR NORMAL DEPARTURE LAST
                VALUE   (LST)  VALUE       VALUE  FROM      YEAR
                                                  NORMAL
..................................................................
TEMPERATURE (F)
 YESTERDAY
  MAXIMUM         62    335 PM  82    2008  60      2       59
                                      1933
  MINIMUM         28    734 AM  10    1985  33     -5       32
  AVERAGE         45                        46     -1       46

PRECIPITATION (IN)
  YESTERDAY        0.00          0.63 1967   0.03  -0.03     0.00
  MONTH TO DATE    0.42                      0.36   0.06     0.73
  SINCE DEC 1      0.42                      0.36   0.06     0.73
  SINCE JAN 1     17.77                     20.76  -2.99    35.71

SNOWFALL (IN)
  YESTERDAY        0.0           0.5  1967   0.0    0.0      0.0
  MONTH TO DATE    T                         0.1   -0.1       T
  SINCE NOV 1      T                         0.4   -0.4       T
  SINCE JUL 1      T                         0.4   -0.4       T
  SNOW DEPTH       0

DEGREE DAYS
 HEATING
  YESTERDAY       20                        18      2       19
  MONTH TO DATE  202                       240    -38      253
  SINCE DEC 1    202                       240    -38      253
  SINCE JUL 1    502                       640   -138      421

 COOLING
  YESTERDAY        0                         0      0        0
  MONTH TO DATE    3                         0      3        0
  SINCE DEC 1      3                         0      3        0
  SINCE JAN 1   2876                      2502    374     2829
..................................................................


WIND (MPH)
  HIGHEST WIND SPEED    21   HIGHEST WIND DIRECTION    NE (30)
  HIGHEST GUST SPEED    26   HIGHEST GUST DIRECTION    NE (40)
  AVERAGE WIND SPEED    10.2


SKY COVER
  POSSIBLE SUNSHINE  MM
  AVERAGE SKY COVER 0.0


WEATHER CONDITIONS
 THE FOLLOWING WEATHER WAS RECORDED YESTERDAY.
  NO SIGNIFICANT WEATHER WAS OBSERVED.


RELATIVE HUMIDITY (PERCENT)
 HIGHEST    85           800 AM
 LOWEST     23           300 PM
 AVERAGE    54

..........................................................


THE SAN ANGELO CLIMATE NORMALS FOR TODAY
                         NORMAL    RECORD    YEAR
 MAXIMUM TEMPERATURE (F)   60        86      2010
 MINIMUM TEMPERATURE (F)   33        14      1958


SUNRISE AND SUNSET
DECEMBER 15 2017......SUNRISE   734 AM CST   SUNSET   541 PM CST
DECEMBER 16 2017......SUNRISE   734 AM CST   SUNSET   541 PM CST


-  INDICATES NEGATIVE NUMBERS.
R  INDICATES RECORD WAS SET OR TIED.
MM INDICATES DATA IS MISSING.
T  INDICATES TRACE AMOUNT.




$$
