000
CDUS44 KSJT 260751
CLISJT


CLIMATE REPORT
NATIONAL WEATHER SERVICE SAN ANGELO TX
250 AM CDT WED APR 26 2017


...................................

...THE SAN ANGELO CLIMATE SUMMARY FOR APRIL 25 2017...

CLIMATE NORMAL PERIOD 1981 TO 2010
CLIMATE RECORD PERIOD 1907 TO 2017


WEATHER ITEM   OBSERVED TIME   RECORD YEAR NORMAL DEPARTURE LAST
                VALUE   (LST)  VALUE       VALUE  FROM      YEAR
                                                  NORMAL
..................................................................
TEMPERATURE (F)
 YESTERDAY
  MAXIMUM         95    453 PM 104    2012  83     12       89
  MINIMUM         64    613 AM  34    1913  55      9       64
  AVERAGE         80                        69     11       77

PRECIPITATION (IN)
  YESTERDAY        0.00          0.99 1990   0.06  -0.06     0.00
  MONTH TO DATE    1.46                      1.13   0.33     5.09
  SINCE MAR 1      1.71                      2.63  -0.92     8.42
  SINCE JAN 1      4.42                      4.91  -0.49     9.22

SNOWFALL (IN)
  YESTERDAY        0.0           0.0  2002   0.0    0.0      0.0
  MONTH TO DATE    T                         0.0    0.0      0.0
  SINCE NOV 1      T                         2.2   -2.2      3.1
  SINCE JUL 1      T                         2.2   -2.2      3.1
  SNOW DEPTH       0

DEGREE DAYS
 HEATING
  YESTERDAY        0                         2     -2        0
  MONTH TO DATE   47                        83    -36       55
  SINCE MAR 1    167                       340   -173      210
  SINCE JUL 1   1491                      2301   -810     1803

 COOLING
  YESTERDAY       15                         5     10       12
  MONTH TO DATE  134                        88     46       61
  SINCE MAR 1    251                       121    130      103
  SINCE JAN 1    278                       126    152      113
..................................................................


WIND (MPH)
  HIGHEST WIND SPEED    24   HIGHEST WIND DIRECTION     S (190)
  HIGHEST GUST SPEED    34   HIGHEST GUST DIRECTION     S (190)
  AVERAGE WIND SPEED    13.7


SKY COVER
  POSSIBLE SUNSHINE  MM
  AVERAGE SKY COVER 0.0


WEATHER CONDITIONS
 THE FOLLOWING WEATHER WAS RECORDED YESTERDAY.
  NO SIGNIFICANT WEATHER WAS OBSERVED.


RELATIVE HUMIDITY (PERCENT)
 HIGHEST    63           600 AM
 LOWEST      9           700 PM
 AVERAGE    36

..........................................................


THE SAN ANGELO CLIMATE NORMALS FOR TODAY
                         NORMAL    RECORD    YEAR
 MAXIMUM TEMPERATURE (F)   83       105      2012
 MINIMUM TEMPERATURE (F)   55        38      2007


SUNRISE AND SUNSET
APRIL 26 2017.........SUNRISE   702 AM CDT   SUNSET   818 PM CDT
APRIL 27 2017.........SUNRISE   701 AM CDT   SUNSET   819 PM CDT


-  INDICATES NEGATIVE NUMBERS.
R  INDICATES RECORD WAS SET OR TIED.
MM INDICATES DATA IS MISSING.
T  INDICATES TRACE AMOUNT.




$$
