000
CDUS44 KSJT 230657
CLISJT


CLIMATE REPORT
NATIONAL WEATHER SERVICE SAN ANGELO TX
157 AM CDT SAT MAY 23 2015


...................................

...THE SAN ANGELO CLIMATE SUMMARY FOR MAY 22 2015...

CLIMATE NORMAL PERIOD 1981 TO 2010
CLIMATE RECORD PERIOD 1907 TO 2015


WEATHER ITEM   OBSERVED TIME   RECORD YEAR NORMAL DEPARTURE LAST
                VALUE   (LST)  VALUE       VALUE  FROM      YEAR
                                                  NORMAL
..................................................................
TEMPERATURE (F)
 YESTERDAY
  MAXIMUM         81    452 PM 107    1984  88     -7       91
  MINIMUM         61    446 AM  43    1928  64     -3       72
  AVERAGE         71                        76     -5       82

PRECIPITATION (IN)
  YESTERDAY        T             1.90 1909   0.11  -0.11     0.00
  MONTH TO DATE    6.73                      1.82   4.91     0.33
  SINCE MAR 1     10.21                      4.74   5.47     0.79
  SINCE JAN 1     12.47                      7.02   5.45     0.85

DEGREE DAYS
 HEATING
  YESTERDAY        0                         0      0        0
  MONTH TO DATE    8                         8      0       28
  SINCE MAR 1    338                       353    -15      377
  SINCE JUL 1   2185                      2314   -129     2497

 COOLING
  YESTERDAY        6                        11     -5       17
  MONTH TO DATE  193                       194     -1      257
  SINCE MAR 1    387                       345     42      507
  SINCE JAN 1    389                       350     39      510
..................................................................


WIND (MPH)
  HIGHEST WIND SPEED    20   HIGHEST WIND DIRECTION    SE (140)
  HIGHEST GUST SPEED    26   HIGHEST GUST DIRECTION    SE (150)
  AVERAGE WIND SPEED     8.5


SKY COVER
  POSSIBLE SUNSHINE  MM
  AVERAGE SKY COVER 0.8


WEATHER CONDITIONS
 THE FOLLOWING WEATHER WAS RECORDED YESTERDAY.
  LIGHT RAIN
  FOG


RELATIVE HUMIDITY (PERCENT)
 HIGHEST   100           400 AM
 LOWEST     62           400 PM
 AVERAGE    81

..........................................................


THE SAN ANGELO CLIMATE NORMALS FOR TODAY
                         NORMAL    RECORD    YEAR
 MAXIMUM TEMPERATURE (F)   89       105      2011
                                             2000
 MINIMUM TEMPERATURE (F)   64        50      1910


SUNRISE AND SUNSET
MAY 23 2015...........SUNRISE   642 AM CDT   SUNSET   836 PM CDT
MAY 24 2015...........SUNRISE   641 AM CDT   SUNSET   837 PM CDT


-  INDICATES NEGATIVE NUMBERS.
R  INDICATES RECORD WAS SET OR TIED.
MM INDICATES DATA IS MISSING.
T  INDICATES TRACE AMOUNT.




$$
