000
CDUS44 KSJT 060730
CLISJT


CLIMATE REPORT
NATIONAL WEATHER SERVICE SAN ANGELO TX
129 AM CST TUE DEC 6 2016


...................................

...THE SAN ANGELO CLIMATE SUMMARY FOR DECEMBER 5 2016...

CLIMATE NORMAL PERIOD 1981 TO 2010
CLIMATE RECORD PERIOD 1907 TO 2016


WEATHER ITEM   OBSERVED TIME   RECORD YEAR NORMAL DEPARTURE LAST
                VALUE   (LST)  VALUE       VALUE  FROM      YEAR
                                                  NORMAL
..................................................................
TEMPERATURE (F)
 YESTERDAY
  MAXIMUM         53    429 PM  83    1926  62     -9       63
  MINIMUM         41   1050 PM  20    1950  35      6       38
  AVERAGE         47                        48     -1       51

PRECIPITATION (IN)
  YESTERDAY        0.31          0.57 1969   0.03   0.28     0.00
  MONTH TO DATE    0.73                      0.12   0.61     0.00
  SINCE DEC 1      0.73                      0.12   0.61     0.00
  SINCE JAN 1     35.71                     20.52  15.19    24.52

SNOWFALL (IN)
  YESTERDAY        0.0           T    2011   0.0    0.0      0.0
                                      1984
  MONTH TO DATE    0.0                       0.0    0.0      0.0
  SINCE NOV 1      0.0                       0.3   -0.3      0.0
  SINCE JUL 1      0.0                       0.3   -0.3      0.0
  SNOW DEPTH       0

DEGREE DAYS
 HEATING
  YESTERDAY       18                        17      1       14
  MONTH TO DATE   83                        81      2       84
  SINCE DEC 1     83                        81      2       84
  SINCE JUL 1    251                       481   -230      370

 COOLING
  YESTERDAY        0                         0      0        0
  MONTH TO DATE    0                         0      0        0
  SINCE DEC 1      0                         0      0        0
  SINCE JAN 1   2829                      2502    327     2928
..................................................................


WIND (MPH)
  HIGHEST WIND SPEED    15   HIGHEST WIND DIRECTION    SW (220)
  HIGHEST GUST SPEED    19   HIGHEST GUST DIRECTION    SW (230)
  AVERAGE WIND SPEED     5.6


SKY COVER
  POSSIBLE SUNSHINE  MM
  AVERAGE SKY COVER 0.6


WEATHER CONDITIONS
 THE FOLLOWING WEATHER WAS RECORDED YESTERDAY.
  HEAVY RAIN
  RAIN
  LIGHT RAIN
  FOG


RELATIVE HUMIDITY (PERCENT)
 HIGHEST   100           600 AM
 LOWEST     86           100 AM
 AVERAGE    93

..........................................................


THE SAN ANGELO CLIMATE NORMALS FOR TODAY
                         NORMAL    RECORD    YEAR
 MAXIMUM TEMPERATURE (F)   61        81      2012
                                             1966
 MINIMUM TEMPERATURE (F)   35        11      1950


SUNRISE AND SUNSET
DECEMBER  6 2016......SUNRISE   728 AM CST   SUNSET   539 PM CST
DECEMBER  7 2016......SUNRISE   728 AM CST   SUNSET   539 PM CST


-  INDICATES NEGATIVE NUMBERS.
R  INDICATES RECORD WAS SET OR TIED.
MM INDICATES DATA IS MISSING.
T  INDICATES TRACE AMOUNT.




$$
