000
CDUS44 KSJT 230654
CLISJT


CLIMATE REPORT
NATIONAL WEATHER SERVICE SAN ANGELO TX
153 AM CDT WED APR 23 2014


...................................

...THE SAN ANGELO CLIMATE SUMMARY FOR APRIL 22 2014...

CLIMATE NORMAL PERIOD 1981 TO 2010
CLIMATE RECORD PERIOD 1907 TO 2014


WEATHER ITEM   OBSERVED TIME   RECORD YEAR NORMAL DEPARTURE LAST
                VALUE   (LST)  VALUE       VALUE  FROM      YEAR
                                                  NORMAL
..................................................................
TEMPERATURE (F)
 YESTERDAY
  MAXIMUM         88    418 PM  99    1925  82      6       90
                                      1924
  MINIMUM         53    614 AM  37    1998  54     -1       60
                                      1931
  AVERAGE         71                        68      3       75

PRECIPITATION (IN)
  YESTERDAY        0.00          2.63 1915   0.05  -0.05     0.00
  MONTH TO DATE    0.41                      0.97  -0.56     0.98
  SINCE MAR 1      0.46                      2.47  -2.01     0.99
  SINCE JAN 1      0.52                      4.75  -4.23     2.81

SNOWFALL (IN)
  YESTERDAY        0.0           0.0  2002   0.0    0.0      0.0
  MONTH TO DATE    0.0                       0.0    0.0       T
  SINCE NOV 1      1.6                       2.2   -0.6      2.8
  SINCE JUL 1      1.6                       2.2   -0.6      2.8
  SNOW DEPTH       0

DEGREE DAYS
 HEATING
  YESTERDAY        0                         2     -2        0
  MONTH TO DATE   65                        77    -12       79
  SINCE MAR 1    347                       334     13      266
  SINCE JUL 1   2467                      2295    172     1868

 COOLING
  YESTERDAY        6                         5      1       10
  MONTH TO DATE  124                        73     51      127
  SINCE MAR 1    179                       106     73      190
  SINCE JAN 1    182                       111     71      202
..................................................................


WIND (MPH)
  HIGHEST WIND SPEED    18   HIGHEST WIND DIRECTION     E (80)
  HIGHEST GUST SPEED    25   HIGHEST GUST DIRECTION     E (80)
  AVERAGE WIND SPEED     7.1


SKY COVER
  POSSIBLE SUNSHINE  MM
  AVERAGE SKY COVER 0.0


WEATHER CONDITIONS
 THE FOLLOWING WEATHER WAS RECORDED YESTERDAY.
  HAZE


RELATIVE HUMIDITY (PERCENT)
 HIGHEST    89           600 AM
 LOWEST     19           500 PM
 AVERAGE    54

..........................................................


THE SAN ANGELO CLIMATE NORMALS FOR TODAY
                         NORMAL    RECORD    YEAR
 MAXIMUM TEMPERATURE (F)   82        99      1943
 MINIMUM TEMPERATURE (F)   54        38      1928


SUNRISE AND SUNSET
APRIL 23 2014.........SUNRISE   705 AM CDT   SUNSET   816 PM CDT
APRIL 24 2014.........SUNRISE   704 AM CDT   SUNSET   817 PM CDT


-  INDICATES NEGATIVE NUMBERS.
R  INDICATES RECORD WAS SET OR TIED.
MM INDICATES DATA IS MISSING.
T  INDICATES TRACE AMOUNT.




$$
