000
CDUS44 KSJT 020758
CLISJT


CLIMATE REPORT
NATIONAL WEATHER SERVICE SAN ANGELO TX
158 AM CST MON MAR 2 2015


...................................

...THE SAN ANGELO CLIMATE SUMMARY FOR MARCH 1 2015...

CLIMATE NORMAL PERIOD 1981 TO 2010
CLIMATE RECORD PERIOD 1907 TO 2015


WEATHER ITEM   OBSERVED TIME   RECORD YEAR NORMAL DEPARTURE LAST
                VALUE   (LST)  VALUE       VALUE  FROM      YEAR
                                                  NORMAL
..................................................................
TEMPERATURE (F)
 YESTERDAY
  MAXIMUM         37    602 PM  95    2006  67    -30       87
  MINIMUM         31    317 AM  10    1922  41    -10       45
  AVERAGE         34                        54    -20       66

PRECIPITATION (IN)
  YESTERDAY        T             1.17 1921   0.05  -0.05     0.00
  MONTH TO DATE    T                         0.05  -0.05     0.00
  SINCE MAR 1      T                         0.05  -0.05     0.00
  SINCE JAN 1      2.26                      2.33  -0.07     0.06

SNOWFALL (IN)
  YESTERDAY        0.0           0.5  1958   0.0    0.0      0.0
  MONTH TO DATE    0.0                       0.0    0.0      0.0
  SINCE NOV 1      1.2                       2.1   -0.9      1.6
  SINCE JUL 1      1.2                       2.1   -0.9      1.6
  SNOW DEPTH       0

DEGREE DAYS
 HEATING
  YESTERDAY       31                        12     19        0
  MONTH TO DATE   31                        12     19        0
  SINCE MAR 1     31                        12     19        0
  SINCE JUL 1   1878                      1973    -95     2120

 COOLING
  YESTERDAY        0                         0      0        1
  MONTH TO DATE    0                         0      0        1
  SINCE MAR 1      0                         0      0        1
  SINCE JAN 1      2                         5     -3        4
..................................................................


WIND (MPH)
  HIGHEST WIND SPEED    14   HIGHEST WIND DIRECTION     N (20)
  HIGHEST GUST SPEED    18   HIGHEST GUST DIRECTION    NE (50)
  AVERAGE WIND SPEED     8.7


SKY COVER
  POSSIBLE SUNSHINE  MM
  AVERAGE SKY COVER 1.0


WEATHER CONDITIONS
 THE FOLLOWING WEATHER WAS RECORDED YESTERDAY.
  LIGHT RAIN
  LT FREEZING RAIN
  FOG


RELATIVE HUMIDITY (PERCENT)
 HIGHEST   100          1200 AM
 LOWEST     92           400 AM
 AVERAGE    96

..........................................................


THE SAN ANGELO CLIMATE NORMALS FOR TODAY
                         NORMAL    RECORD    YEAR
 MAXIMUM TEMPERATURE (F)   67        93      1974
 MINIMUM TEMPERATURE (F)   41         8      1980


SUNRISE AND SUNSET
MARCH  2 2015.........SUNRISE   708 AM CST   SUNSET   641 PM CST
MARCH  3 2015.........SUNRISE   707 AM CST   SUNSET   642 PM CST


-  INDICATES NEGATIVE NUMBERS.
R  INDICATES RECORD WAS SET OR TIED.
MM INDICATES DATA IS MISSING.
T  INDICATES TRACE AMOUNT.




$$
