000
CDCA42 TJSJ 240441
CLISJU


CLIMATE REPORT
NATIONAL WEATHER SERVICE SAN JUAN, PR
1241 AM AST MON NOV 24 2014


...................................

...THE SAN JUAN/P.R. CLIMATE SUMMARY FOR NOVEMBER 23 2014...

CLIMATE NORMAL PERIOD 1981 TO 2010
CLIMATE RECORD PERIOD 1898 TO 2014


WEATHER ITEM   OBSERVED TIME   RECORD YEAR NORMAL DEPARTURE LAST
                VALUE   (LST)  VALUE       VALUE  FROM      YEAR
                                                  NORMAL
..................................................................
TEMPERATURE (F)
 YESTERDAY
  MAXIMUM         87   1258 PM  89    1995  85      2       84
  MINIMUM         75    643 AM  68    1956  75      0       74
  AVERAGE         81                        80      1       79

PRECIPITATION (IN)
  YESTERDAY        0.07          1.96 1951   0.19  -0.12     0.00
  MONTH TO DATE    9.78                      5.03   4.75     4.30
  SINCE SEP 1     19.17                     16.39   2.78    15.15
  SINCE JAN 1     51.89                     50.01   1.88    72.78

SNOWFALL (IN)
  YESTERDAY        0.0
  MONTH TO DATE    0.0
  SINCE SEP 1      0.0
  SINCE JUL 1      0.0

DEGREE DAYS
 HEATING
  YESTERDAY        0                         0      0        0
  MONTH TO DATE    0                         0      0        0
  SINCE SEP 1      0                         0      0        0
  SINCE JUL 1      0                         0      0        0

 COOLING
  YESTERDAY       16                        15      1       14
  MONTH TO DATE  383                       363     20      373
  SINCE SEP 1   1541                      1465     76     1551
  SINCE JAN 1   5756                      5322    434     5467
..................................................................


WIND (MPH)
  RESULTANT WIND SPEED  11   RESULTANT WIND DIRECTION   E (80)
  HIGHEST WIND SPEED    25   HIGHEST WIND DIRECTION     E (70)
  HIGHEST GUST SPEED    31   HIGHEST GUST DIRECTION    NE (60)
  AVERAGE WIND SPEED    10.5


SKY COVER
  AVERAGE SKY COVER 0.5


WEATHER CONDITIONS
 THE FOLLOWING WEATHER WAS RECORDED YESTERDAY.
  LIGHT RAIN
  FOG


RELATIVE HUMIDITY (PERCENT)
 HIGHEST    94
 LOWEST     63
 AVERAGE    79

..........................................................


THE SAN JUAN/P.R. CLIMATE NORMALS FOR TODAY
                         NORMAL    RECORD    YEAR
 MAXIMUM TEMPERATURE (F)   85        93      1981
 MINIMUM TEMPERATURE (F)   75        66      1956


SUNRISE AND SUNSET
NOVEMBER 24 2014......SUNRISE   636 AM AST   SUNSET   546 PM AST
NOVEMBER 25 2014......SUNRISE   636 AM AST   SUNSET   546 PM AST


-  INDICATES NEGATIVE NUMBERS.
R  INDICATES RECORD WAS SET OR TIED.
MM INDICATES DATA IS MISSING.
T  INDICATES TRACE AMOUNT.




$$
