000
CDCA42 TJSJ 200445
CLISJU


CLIMATE REPORT
NATIONAL WEATHER SERVICE SAN JUAN, PR
1245 AM AST MON NOV 20 2017


...................................

...THE SAN JUAN AREA/PR CLIMATE SUMMARY FOR NOVEMBER 19 2017...

CLIMATE NORMAL PERIOD 1981 TO 2010
CLIMATE RECORD PERIOD 1898 TO 2017


WEATHER ITEM   OBSERVED TIME   RECORD YEAR NORMAL DEPARTURE LAST
                VALUE   (LST)  VALUE       VALUE  FROM      YEAR
                                                  NORMAL
..................................................................
TEMPERATURE (F)
 YESTERDAY
  MAXIMUM         86   1041 AM  91    1992  86      0       85
  MINIMUM         76    903 PM  67    1952  75      1       75
  AVERAGE         81                        80      1       80

PRECIPITATION (IN)
  YESTERDAY        2.05          3.32 1917   0.20   1.85     0.24
  MONTH TO DATE    9.96                      4.22   5.74     9.23
  SINCE SEP 1     32.36                     15.58  16.78    20.53
  SINCE JAN 1     71.04                     49.20  21.84    58.39

SNOWFALL (IN)
  YESTERDAY        0.0                       0.0    0.0      0.0
  MONTH TO DATE    0.0                       0.0    0.0      0.0
  SINCE SEP 1      0.0                       0.0    0.0      0.0
  SINCE JUL 1      0.0                       0.0    0.0      0.0

DEGREE DAYS
 HEATING
  YESTERDAY        0                         0      0        0
  MONTH TO DATE    0                         0      0        0
  SINCE SEP 1      0                         0      0        0
  SINCE JUL 1      0                         0      0        0

 COOLING
  YESTERDAY       16                        15      1       15
  MONTH TO DATE  323                       303     20      329
  SINCE SEP 1   1445                      1405     40     1484
  SINCE JAN 1   5477                      5262    215     5489
..................................................................


WIND (MPH)
  HIGHEST WIND SPEED    13   HIGHEST WIND DIRECTION    NE (60)
  HIGHEST GUST SPEED    16   HIGHEST GUST DIRECTION    NE (60)
  AVERAGE WIND SPEED     3.2


SKY COVER
  AVERAGE SKY COVER 0.6


WEATHER CONDITIONS
 THE FOLLOWING WEATHER WAS RECORDED YESTERDAY.
  THUNDERSTORM
  HEAVY RAIN
  RAIN
  LIGHT RAIN
  FOG


RELATIVE HUMIDITY (PERCENT)
 HIGHEST   100
 LOWEST     74
 AVERAGE    87

..........................................................


THE SAN JUAN AREA/PR CLIMATE NORMALS FOR TODAY
                         NORMAL    RECORD    YEAR
 MAXIMUM TEMPERATURE (F)   85        93      1994
 MINIMUM TEMPERATURE (F)   75        66      1969


SUNRISE AND SUNSET
NOVEMBER 20 2017......SUNRISE   633 AM AST   SUNSET   546 PM AST
NOVEMBER 21 2017......SUNRISE   634 AM AST   SUNSET   546 PM AST


-  INDICATES NEGATIVE NUMBERS.
R  INDICATES RECORD WAS SET OR TIED.
MM INDICATES DATA IS MISSING.
T  INDICATES TRACE AMOUNT.




$$
