000
CDCA42 TJSJ 220445
CLISJU


CLIMATE REPORT
NATIONAL WEATHER SERVICE SAN JUAN, PR
1245 AM AST SUN JAN 22 2017


...................................

...THE SAN JUAN AREA/PR CLIMATE SUMMARY FOR JANUARY 21 2017...

CLIMATE NORMAL PERIOD 1981 TO 2010
CLIMATE RECORD PERIOD 1898 TO 2017


WEATHER ITEM   OBSERVED TIME   RECORD YEAR NORMAL DEPARTURE LAST
                VALUE   (LST)  VALUE       VALUE  FROM      YEAR
                                                  NORMAL
..................................................................
TEMPERATURE (F)
 YESTERDAY
  MAXIMUM         81    403 PM  91    1995  83     -2       85
  MINIMUM         71    708 AM  62    1956  72     -1       72
  AVERAGE         76                        78     -2       79

PRECIPITATION (IN)
  YESTERDAY        0.00          2.60 2008   0.11  -0.11     0.01
  MONTH TO DATE    1.81                      2.76  -0.95     0.70
  SINCE DEC 1      6.11                      7.78  -1.67     4.17
  SINCE JAN 1      1.81                      2.76  -0.95     0.70

SNOWFALL (IN)
  YESTERDAY        0.0                       0.0    0.0      0.0
  MONTH TO DATE    0.0                       0.0    0.0      0.0
  SINCE DEC 1      0.0                       0.0    0.0      0.0
  SINCE JUL 1      0.0                       0.0    0.0      0.0

DEGREE DAYS
 HEATING
  YESTERDAY        0                         0      0        0
  MONTH TO DATE    0                         0      0        0
  SINCE DEC 1      0                         0      0        0
  SINCE JUL 1      0                         0      0        0

 COOLING
  YESTERDAY       11                        12     -1       14
  MONTH TO DATE  288                       270     18      289
  SINCE DEC 1    783                       693     90      761
  SINCE JAN 1    288                       270     18      289
..................................................................


WIND (MPH)
  HIGHEST WIND SPEED    14   HIGHEST WIND DIRECTION     N (360)
  HIGHEST GUST SPEED    22   HIGHEST GUST DIRECTION    NW (330)
  AVERAGE WIND SPEED     5.5


SKY COVER
  AVERAGE SKY COVER 0.3


WEATHER CONDITIONS
 THE FOLLOWING WEATHER WAS RECORDED YESTERDAY.
  NO SIGNIFICANT WEATHER WAS OBSERVED.


RELATIVE HUMIDITY (PERCENT)
 HIGHEST    87
 LOWEST     62
 AVERAGE    75

..........................................................


THE SAN JUAN AREA/PR CLIMATE NORMALS FOR TODAY
                         NORMAL    RECORD    YEAR
 MAXIMUM TEMPERATURE (F)   83        91      2014
 MINIMUM TEMPERATURE (F)   72        64      2005


SUNRISE AND SUNSET
JANUARY 22 2017.......SUNRISE   659 AM AST   SUNSET   612 PM AST
JANUARY 23 2017.......SUNRISE   659 AM AST   SUNSET   613 PM AST


-  INDICATES NEGATIVE NUMBERS.
R  INDICATES RECORD WAS SET OR TIED.
MM INDICATES DATA IS MISSING.
T  INDICATES TRACE AMOUNT.




$$
