000
CDCA42 TJSJ 020455
CLISJU


CLIMATE REPORT
NATIONAL WEATHER SERVICE SAN JUAN, PR
1254 AM AST MON MAR 2 2015


...................................

...THE SAN JUAN AREA/PR CLIMATE SUMMARY FOR MARCH 1 2015...

CLIMATE NORMAL PERIOD 1981 TO 2010
CLIMATE RECORD PERIOD 1898 TO 2015


WEATHER ITEM   OBSERVED TIME   RECORD YEAR NORMAL DEPARTURE LAST
                VALUE   (LST)  VALUE       VALUE  FROM      YEAR
                                                  NORMAL
..................................................................
TEMPERATURE (F)
 YESTERDAY
  MAXIMUM         84    251 PM  93    1983  84      0       85
  MINIMUM         74    257 AM  63    1956  72      2       74
  AVERAGE         79                        78      1       80

PRECIPITATION (IN)
  YESTERDAY        T             1.26 1906   0.07  -0.07      T
  MONTH TO DATE    T                         0.07  -0.07      T
  SINCE MAR 1      T                         0.07  -0.07      T
  SINCE JAN 1      8.23                      6.22   2.01     6.04

SNOWFALL (IN)
  YESTERDAY        0.0                       0.0    0.0      0.0
  MONTH TO DATE    0.0                       0.0    0.0      0.0
  SINCE MAR 1      0.0                       0.0    0.0      0.0
  SINCE JUL 1      0.0                       0.0    0.0      0.0

DEGREE DAYS
 HEATING
  YESTERDAY        0                         0      0        0
  MONTH TO DATE    0                         0      0        0
  SINCE MAR 1      0                         0      0        0
  SINCE JUL 1      0                         0      0        0

 COOLING
  YESTERDAY       14                        13      1       15
  MONTH TO DATE   14                        13      1       15
  SINCE MAR 1     14                        13      1       15
  SINCE JAN 1    854                       764     90      903
..................................................................


WIND (MPH)
  HIGHEST WIND SPEED    26   HIGHEST WIND DIRECTION     E (80)
  HIGHEST GUST SPEED    32   HIGHEST GUST DIRECTION     E (70)
  AVERAGE WIND SPEED    14.4


SKY COVER
  AVERAGE SKY COVER 0.5


WEATHER CONDITIONS
 THE FOLLOWING WEATHER WAS RECORDED YESTERDAY.
  LIGHT RAIN


RELATIVE HUMIDITY (PERCENT)
 HIGHEST    84
 LOWEST     63
 AVERAGE    74

..........................................................


THE SAN JUAN AREA/PR CLIMATE NORMALS FOR TODAY
                         NORMAL    RECORD    YEAR
 MAXIMUM TEMPERATURE (F)   84        91      1984
 MINIMUM TEMPERATURE (F)   72        62      1957


SUNRISE AND SUNSET
MARCH  2 2015.........SUNRISE   642 AM AST   SUNSET   630 PM AST
MARCH  3 2015.........SUNRISE   642 AM AST   SUNSET   630 PM AST


-  INDICATES NEGATIVE NUMBERS.
R  INDICATES RECORD WAS SET OR TIED.
MM INDICATES DATA IS MISSING.
T  INDICATES TRACE AMOUNT.




$$
