000
CDCA42 TJSJ 280452
CLISJU

CLIMATE REPORT
NATIONAL WEATHER SERVICE SAN JUAN, PR
1244 AM AST TUE FEB 28 2017


...................................

...THE SAN JUAN AREA/PR CLIMATE SUMMARY FOR FEBRUARY 27 2017...

CLIMATE NORMAL PERIOD 1981 TO 2010
CLIMATE RECORD PERIOD 1898 TO 2017


WEATHER ITEM   OBSERVED TIME   RECORD YEAR NORMAL DEPARTURE LAST
                VALUE   (LST)  VALUE       VALUE  FROM      YEAR
                                                  NORMAL
..................................................................
TEMPERATURE (F)
 YESTERDAY
  MAXIMUM         86    205 PM  96    1983  84      2       85
  MINIMUM         75    256 AM  64    1958  72      3       71
  AVERAGE         81                        78      3       78

PRECIPITATION (IN)
  YESTERDAY        0.23          2.13 1947   0.07   0.16     0.00
  MONTH TO DATE    1.68                      2.31  -0.63     3.58
  SINCE DEC 1      7.87                     11.09  -3.22     8.65
  SINCE JAN 1      3.57                      6.07  -2.50     5.18

SNOWFALL (IN)
  YESTERDAY        0.0                       0.0    0.0      0.0
  MONTH TO DATE    0.0                       0.0    0.0      0.0
  SINCE DEC 1      0.0                       0.0    0.0      0.0
  SINCE JUL 1      0.0                       0.0    0.0      0.0

DEGREE DAYS
 HEATING
  YESTERDAY        0                         0      0        0
  MONTH TO DATE    0                         0      0        0
  SINCE DEC 1      0                         0      0        0
  SINCE JUL 1      0                         0      0        0

 COOLING
  YESTERDAY       16                        13      3       13
  MONTH TO DATE  402                       351     51      385
  SINCE DEC 1   1330                      1165    165     1288
  SINCE JAN 1    835                       742     93      816
..................................................................


WIND (MPH)
  HIGHEST WIND SPEED    23   HIGHEST WIND DIRECTION     E (80)
  HIGHEST GUST SPEED    30   HIGHEST GUST DIRECTION     E (80)
  AVERAGE WIND SPEED    12.0


SKY COVER
  AVERAGE SKY COVER 0.5


WEATHER CONDITIONS
 THE FOLLOWING WEATHER WAS RECORDED YESTERDAY.
  LIGHT RAIN
  FOG


RELATIVE HUMIDITY (PERCENT)
 HIGHEST    94
 LOWEST     61
 AVERAGE    78

..........................................................


THE SAN JUAN AREA/PR CLIMATE NORMALS FOR TODAY
                         NORMAL    RECORD    YEAR
 MAXIMUM TEMPERATURE (F)   84        93      1983
 MINIMUM TEMPERATURE (F)   72        65      1956


SUNRISE AND SUNSET
FEBRUARY 28 2017......SUNRISE   643 AM AST   SUNSET   630 PM AST
MARCH  1 2017.........SUNRISE   643 AM AST   SUNSET   630 PM AST


-  INDICATES NEGATIVE NUMBERS.
R  INDICATES RECORD WAS SET OR TIED.
MM INDICATES DATA IS MISSING.
T  INDICATES TRACE AMOUNT.




$$
