000
CDUS45 KSLC 251236
CLISLC


CLIMATE REPORT
NATIONAL WEATHER SERVICE SALT LAKE CITY UT
635 AM MDT SAT MAR 25 2017


...................................

...THE SALT LAKE CITY UT CLIMATE SUMMARY FOR MARCH 24 2017...

CLIMATE NORMAL PERIOD 1981 TO 2010
CLIMATE RECORD PERIOD 1874 TO 2017


WEATHER ITEM   OBSERVED TIME   RECORD YEAR NORMAL DEPARTURE LAST
                VALUE   (LST)  VALUE       VALUE  FROM      YEAR
                                                  NORMAL
..................................................................
TEMPERATURE (F)
 YESTERDAY
  MAXIMUM         59    418 PM  78    1956  56      3       56
  MINIMUM         34    345 AM  18    1965  35     -1       37
  AVERAGE         47                        46      1       47

PRECIPITATION (IN)
  YESTERDAY        0.00          0.88 1916   0.06  -0.06     0.00
  MONTH TO DATE    2.43                      1.34   1.09     1.42
  SINCE OCT 1     10.73                      8.22   2.51     7.13
  SINCE JAN 1      6.09                      3.84   2.25     3.88

SNOWFALL (IN)
  YESTERDAY        0.0          12.0  1916   0.2   -0.2      0.0
  MONTH TO DATE    3.6                       5.2   -1.6      1.3
  SINCE OCT 1     50.3                      50.6   -0.3     32.9
  SINCE JUL 1     50.3                      50.6   -0.3     32.9
  SNOW DEPTH       0

DEGREE DAYS
 HEATING
  YESTERDAY       18                        19     -1       18
  MONTH TO DATE  330                       532   -202      400
  SINCE MAR 1    330                       532   -202      400
  SINCE JUL 1   4083                      4788   -705     4245

 COOLING
  YESTERDAY        0                         0      0        0
  MONTH TO DATE    2                         0      2        0
  SINCE MAR 1      2                         0      2        0
  SINCE JAN 1      2                         0      2        0
..................................................................


WIND (MPH)
  RESULTANT WIND SPEED   9   RESULTANT WIND DIRECTION   S (160)
  HIGHEST WIND SPEED    18   HIGHEST WIND DIRECTION     S (160)
  HIGHEST GUST SPEED    24   HIGHEST GUST DIRECTION     S (170)
  AVERAGE WIND SPEED     9.7


SKY COVER
  POSSIBLE SUNSHINE  MM
  AVERAGE SKY COVER 0.2


WEATHER CONDITIONS
 THE FOLLOWING WEATHER WAS RECORDED YESTERDAY.
  NO SIGNIFICANT WEATHER WAS OBSERVED.


RELATIVE HUMIDITY (PERCENT)
 HIGHEST   100           100 AM
 LOWEST     36           400 PM
 AVERAGE    68

..........................................................


THE SALT LAKE CITY UT CLIMATE NORMALS FOR TODAY
                         NORMAL    RECORD    YEAR
 MAXIMUM TEMPERATURE (F)   56        75      2014
                                             1956
 MINIMUM TEMPERATURE (F)   36        14      1965


SUNRISE AND SUNSET
MARCH 25 2017.........SUNRISE   722 AM MDT   SUNSET   746 PM MDT
MARCH 26 2017.........SUNRISE   721 AM MDT   SUNSET   747 PM MDT


-  INDICATES NEGATIVE NUMBERS.
R  INDICATES RECORD WAS SET OR TIED.
MM INDICATES DATA IS MISSING.
T  INDICATES TRACE AMOUNT.




$$
