000
CDUS45 KSLC 271241
CLISLC


CLIMATE REPORT
NATIONAL WEATHER SERVICE SALT LAKE CITY UT
641 AM MDT WED AUG 27 2014


...................................

...THE SALT LAKE CITY UT CLIMATE SUMMARY FOR AUGUST 26 2014...

CLIMATE NORMAL PERIOD 1981 TO 2010
CLIMATE RECORD PERIOD 1874 TO 2014


WEATHER ITEM   OBSERVED TIME   RECORD YEAR NORMAL DEPARTURE LAST
                VALUE   (LST)  VALUE       VALUE  FROM      YEAR
                                                  NORMAL
..................................................................
TEMPERATURE (F)
 YESTERDAY
  MAXIMUM         80    113 PM 101    1985  88     -8       84
  MINIMUM         60    937 PM  42    1992  61     -1       71
  AVERAGE         70                        74     -4       78

PRECIPITATION (IN)
  YESTERDAY        0.05          1.96 1932   0.03   0.02     0.00
  MONTH TO DATE    1.77                      0.55   1.22     0.08
  SINCE OCT 1     12.95                     14.75  -1.80    11.93
  SINCE JAN 1      9.94                     10.37  -0.43     7.36

SNOWFALL (IN)
  YESTERDAY        0.0          MM      MM   0.0    0.0      0.0
  MONTH TO DATE    0.0                       0.0    0.0      0.0
  SINCE OCT 1     35.5                      56.2  -20.7     69.9
  SINCE JUL 1      0.0                       0.0    0.0      0.0
  SNOW DEPTH       0

DEGREE DAYS
 HEATING
  YESTERDAY        0                         0      0        0
  MONTH TO DATE    1                         0      1        0
  SINCE JUN 1     40                        48     -8        4
  SINCE JUL 1      1                         2     -1        0

 COOLING
  YESTERDAY        5                        10     -5       13
  MONTH TO DATE  262                       330    -68      472
  SINCE JUN 1    957                       942     15     1394
  SINCE JAN 1   1019                       992     27     1464
..................................................................


WIND (MPH)
  RESULTANT WIND SPEED   1   RESULTANT WIND DIRECTION  SE (120)
  HIGHEST WIND SPEED    20   HIGHEST WIND DIRECTION     N (20)
  HIGHEST GUST SPEED    24   HIGHEST GUST DIRECTION    NE (30)
  AVERAGE WIND SPEED     8.4


SKY COVER
  POSSIBLE SUNSHINE  MM
  AVERAGE SKY COVER 0.4


WEATHER CONDITIONS
 THE FOLLOWING WEATHER WAS RECORDED YESTERDAY.
  THUNDERSTORM
  LIGHT RAIN


RELATIVE HUMIDITY (PERCENT)
 HIGHEST    84           900 PM
 LOWEST     27           500 PM
 AVERAGE    56

..........................................................


THE SALT LAKE CITY UT CLIMATE NORMALS FOR TODAY
                         NORMAL    RECORD    YEAR
 MAXIMUM TEMPERATURE (F)   88        99      1937
 MINIMUM TEMPERATURE (F)   61        42      1964


SUNRISE AND SUNSET
AUGUST 27 2014........SUNRISE   650 AM MDT   SUNSET   808 PM MDT
AUGUST 28 2014........SUNRISE   651 AM MDT   SUNSET   806 PM MDT


-  INDICATES NEGATIVE NUMBERS.
R  INDICATES RECORD WAS SET OR TIED.
MM INDICATES DATA IS MISSING.
T  INDICATES TRACE AMOUNT.




$$
