000
CDUS45 KSLC 061223
CLISLC


CLIMATE REPORT
NATIONAL WEATHER SERVICE SALT LAKE CITY UT
521 AM MST FRI MAR 6 2015


...................................

...THE SALT LAKE CITY UT CLIMATE SUMMARY FOR MARCH 5 2015...

CLIMATE NORMAL PERIOD 1981 TO 2010
CLIMATE RECORD PERIOD 1874 TO 2015


WEATHER ITEM   OBSERVED TIME   RECORD YEAR NORMAL DEPARTURE LAST
                VALUE   (LST)  VALUE       VALUE  FROM      YEAR
                                                  NORMAL
..................................................................
TEMPERATURE (F)
 YESTERDAY
  MAXIMUM         50    403 PM  68    1972  50      0       60
  MINIMUM         27    720 AM   5    1966  31     -4       39
  AVERAGE         39                        41     -2       50

PRECIPITATION (IN)
  YESTERDAY        0.00          0.82 1908   0.06  -0.06     0.00
  MONTH TO DATE    0.48                      0.26   0.22     0.21
  SINCE OCT 1      3.66                      7.14  -3.48     5.99
  SINCE JAN 1      1.65                      2.76  -1.11     2.98

SNOWFALL (IN)
  YESTERDAY        0.0           2.5  2010   0.2   -0.2      0.0
  MONTH TO DATE    2.8                       1.3    1.5      0.0
  SINCE OCT 1      9.6                      46.7  -37.1     35.0
  SINCE JUL 1      9.6                      46.7  -37.1     35.0
  SNOW DEPTH       0

DEGREE DAYS
 HEATING
  YESTERDAY       26                        24      2       15
  MONTH TO DATE  142                       125     17       72
  SINCE MAR 1    142                       125     17       72
  SINCE JUL 1   3489                      4381   -892     4059

 COOLING
  YESTERDAY        0                         0      0        0
  MONTH TO DATE    0                         0      0        0
  SINCE MAR 1      0                         0      0        0
  SINCE JAN 1      0                         0      0        0
..................................................................


WIND (MPH)
  RESULTANT WIND SPEED   5   RESULTANT WIND DIRECTION  SE (140)
  HIGHEST WIND SPEED    12   HIGHEST WIND DIRECTION     S (160)
  HIGHEST GUST SPEED    14   HIGHEST GUST DIRECTION     N (360)
  AVERAGE WIND SPEED     7.2


SKY COVER
  POSSIBLE SUNSHINE  MM
  AVERAGE SKY COVER 0.0


WEATHER CONDITIONS
 THE FOLLOWING WEATHER WAS RECORDED YESTERDAY.
  NO SIGNIFICANT WEATHER WAS OBSERVED.


RELATIVE HUMIDITY (PERCENT)
 HIGHEST    75           600 AM
 LOWEST     31           200 PM
 AVERAGE    53

..........................................................


THE SALT LAKE CITY UT CLIMATE NORMALS FOR TODAY
                         NORMAL    RECORD    YEAR
 MAXIMUM TEMPERATURE (F)   51        70      1879
 MINIMUM TEMPERATURE (F)   31        10      1966
                                             1964


SUNRISE AND SUNSET
MARCH  6 2015.........SUNRISE   654 AM MST   SUNSET   625 PM MST
MARCH  7 2015.........SUNRISE   653 AM MST   SUNSET   626 PM MST


-  INDICATES NEGATIVE NUMBERS.
R  INDICATES RECORD WAS SET OR TIED.
MM INDICATES DATA IS MISSING.
T  INDICATES TRACE AMOUNT.




$$
