000
CDUS45 KSLC 301216
CLISLC


CLIMATE REPORT
NATIONAL WEATHER SERVICE SALT LAKE CITY UT
516 AM MST FRI JAN 30 2015


...................................

...THE SALT LAKE CITY UT CLIMATE SUMMARY FOR JANUARY 29 2015...

CLIMATE NORMAL PERIOD 1981 TO 2010
CLIMATE RECORD PERIOD 1874 TO 2015


WEATHER ITEM   OBSERVED TIME   RECORD YEAR NORMAL DEPARTURE LAST
                VALUE   (LST)  VALUE       VALUE  FROM      YEAR
                                                  NORMAL
..................................................................
TEMPERATURE (F)
 YESTERDAY
  MAXIMUM         44    346 PM  55    1911  39      5       50
  MINIMUM         28    656 AM -12    1949  22      6       31
  AVERAGE         36                        30      6       41

PRECIPITATION (IN)
  YESTERDAY        0.00          0.51 2014   0.04  -0.04     0.51
  MONTH TO DATE    0.86                      1.17  -0.31     1.08
  SINCE OCT 1      2.87                      5.55  -2.68     4.09
  SINCE JAN 1      0.86                      1.17  -0.31     1.08

SNOWFALL (IN)
  YESTERDAY        0.0           9.9  1980   0.4   -0.4      1.0
  MONTH TO DATE    0.3                      11.8  -11.5      9.3
  SINCE OCT 1      6.8                      34.0  -27.2     32.0
  SINCE JUL 1      6.8                      34.0  -27.2     32.0
  SNOW DEPTH       0

DEGREE DAYS
 HEATING
  YESTERDAY       29                        35     -6       24
  MONTH TO DATE  893                      1034   -141     1002
  SINCE DEC 1   1743                      2110   -367     2246
  SINCE JUL 1   2713                      3328   -615     3293

 COOLING
  YESTERDAY        0                         0      0        0
  MONTH TO DATE    0                         0      0        0
  SINCE DEC 1      0                         0      0        0
  SINCE JAN 1      0                         0      0        0
..................................................................


WIND (MPH)
  RESULTANT WIND SPEED   1   RESULTANT WIND DIRECTION   W (280)
  HIGHEST WIND SPEED     9   HIGHEST WIND DIRECTION    NW (330)
  HIGHEST GUST SPEED    12   HIGHEST GUST DIRECTION    NW (320)
  AVERAGE WIND SPEED     3.7


SKY COVER
  POSSIBLE SUNSHINE  MM
  AVERAGE SKY COVER 0.2


WEATHER CONDITIONS
 THE FOLLOWING WEATHER WAS RECORDED YESTERDAY.
  FOG
  HAZE


RELATIVE HUMIDITY (PERCENT)
 HIGHEST   100           900 AM
 LOWEST     70           300 PM
 AVERAGE    85

..........................................................


THE SALT LAKE CITY UT CLIMATE NORMALS FOR TODAY
                         NORMAL    RECORD    YEAR
 MAXIMUM TEMPERATURE (F)   39        61      1971
 MINIMUM TEMPERATURE (F)   22        -6      1979


SUNRISE AND SUNSET
JANUARY 30 2015.......SUNRISE   740 AM MST   SUNSET   543 PM MST
JANUARY 31 2015.......SUNRISE   739 AM MST   SUNSET   544 PM MST


-  INDICATES NEGATIVE NUMBERS.
R  INDICATES RECORD WAS SET OR TIED.
MM INDICATES DATA IS MISSING.
T  INDICATES TRACE AMOUNT.




$$
