000
CDUS45 KSLC 281226
CLISLC


CLIMATE REPORT
NATIONAL WEATHER SERVICE SALT LAKE CITY UT
626 AM MDT WED SEP 28 2016


...................................

...THE SALT LAKE CITY UT CLIMATE SUMMARY FOR SEPTEMBER 27 2016...

CLIMATE NORMAL PERIOD 1981 TO 2010
CLIMATE RECORD PERIOD 1874 TO 2016


WEATHER ITEM   OBSERVED TIME   RECORD YEAR NORMAL DEPARTURE LAST
                VALUE   (LST)  VALUE       VALUE  FROM      YEAR
                                                  NORMAL
..................................................................
TEMPERATURE (F)
 YESTERDAY
  MAXIMUM         77    421 PM  91    2001  74      3       88
                                      1969
  MINIMUM         52    633 AM  31    1934  48      4       70
  AVERAGE         65                        61      4       79

PRECIPITATION (IN)
  YESTERDAY        0.00          1.25 2014   0.05  -0.05     0.00
  MONTH TO DATE    1.88                      1.07   0.81     1.74
  SINCE OCT 1     13.45                     15.96  -2.51    14.90
  SINCE JAN 1     10.20                     11.58  -1.38    12.89

SNOWFALL (IN)
  YESTERDAY        0.0          MM      MM   0.0    0.0      0.0
  MONTH TO DATE    0.0                       0.0    0.0      0.0
  SINCE OCT 1     34.3                      56.2  -21.9     15.4
  SINCE JUL 1      0.0                       0.0    0.0      0.0
  SNOW DEPTH       0

DEGREE DAYS
 HEATING
  YESTERDAY        0                         5     -5        0
  MONTH TO DATE   51                        66    -15       33
  SINCE SEP 1     51                        66    -15       33
  SINCE JUL 1     52                        71    -19       33

 COOLING
  YESTERDAY        0                         1     -1       14
  MONTH TO DATE  114                       113      1      186
  SINCE SEP 1    114                       113      1      186
  SINCE JAN 1   1591                      1149    442     1391
..................................................................


WIND (MPH)
  RESULTANT WIND SPEED   1   RESULTANT WIND DIRECTION  SE (150)
  HIGHEST WIND SPEED    12   HIGHEST WIND DIRECTION     W (290)
  HIGHEST GUST SPEED    15   HIGHEST GUST DIRECTION     W (290)
  AVERAGE WIND SPEED     5.1


SKY COVER
  POSSIBLE SUNSHINE  MM
  AVERAGE SKY COVER 0.0


WEATHER CONDITIONS
 THE FOLLOWING WEATHER WAS RECORDED YESTERDAY.
  NO SIGNIFICANT WEATHER WAS OBSERVED.


RELATIVE HUMIDITY (PERCENT)
 HIGHEST    83           200 AM
 LOWEST     36           400 PM
 AVERAGE    60

..........................................................


THE SALT LAKE CITY UT CLIMATE NORMALS FOR TODAY
                         NORMAL    RECORD    YEAR
 MAXIMUM TEMPERATURE (F)   73        91      1994
 MINIMUM TEMPERATURE (F)   48        31      1936


SUNRISE AND SUNSET
SEPTEMBER 28 2016.....SUNRISE   722 AM MDT   SUNSET   714 PM MDT
SEPTEMBER 29 2016.....SUNRISE   723 AM MDT   SUNSET   712 PM MDT


-  INDICATES NEGATIVE NUMBERS.
R  INDICATES RECORD WAS SET OR TIED.
MM INDICATES DATA IS MISSING.
T  INDICATES TRACE AMOUNT.




$$
