000
CDUS45 KSLC 310033
CLISLC


CLIMATE REPORT
NATIONAL WEATHER SERVICE SALT LAKE CITY UT
633 PM MDT SAT JUL 30 2016


...................................

...THE SALT LAKE CITY UT CLIMATE SUMMARY FOR JULY 30 2016...
VALID TODAY AS OF 0500 PM LOCAL TIME.

CLIMATE NORMAL PERIOD 1981 TO 2010
CLIMATE RECORD PERIOD 1874 TO 2016


WEATHER ITEM   OBSERVED TIME   RECORD YEAR NORMAL DEPARTURE LAST
                VALUE   (LST)  VALUE       VALUE  FROM      YEAR
                                                  NORMAL
..................................................................
TEMPERATURE (F)
 TODAY
  MAXIMUM        100    100 PM 103    1934  94      6       93
  MINIMUM         76    526 AM  48    1950  66     10       58
  AVERAGE         88                        80      8       76

PRECIPITATION (IN)
  TODAY            T             1.65 1945   0.02  -0.02     0.00
  MONTH TO DATE    T                         0.59  -0.59     1.22
  SINCE OCT 1     11.42                     14.18  -2.76    12.27
  SINCE JAN 1      8.17                      9.80  -1.63    10.26

SNOWFALL (IN)
  TODAY            0.0          MM      MM   0.0    0.0      0.0
  MONTH TO DATE    0.0                       0.0    0.0      0.0
  SINCE OCT 1     34.3                      56.2  -21.9     15.4
  SINCE JUL 1      0.0                       0.0    0.0      0.0
  SNOW DEPTH       0

DEGREE DAYS
 HEATING
  TODAY            0                         0      0        0
  MONTH TO DATE    1                         0      1        0
  SINCE JUN 1      1                        46    -45        0
  SINCE JUL 1      1                         0      1        0

 COOLING
  TODAY           23                        15      8       11
  MONTH TO DATE  548                       411    137      379
  SINCE JUN 1    928                       598    330      759
  SINCE JAN 1    975                       648    327      790
..................................................................


WIND (MPH)
  RESULTANT WIND SPEED   8   RESULTANT WIND DIRECTION  SE (140)
  HIGHEST WIND SPEED    32   HIGHEST WIND DIRECTION     S (190)
  HIGHEST GUST SPEED    41   HIGHEST GUST DIRECTION     S (200)
  AVERAGE WIND SPEED     9.0


SKY COVER
  POSSIBLE SUNSHINE  MM
  AVERAGE SKY COVER 0.6


WEATHER CONDITIONS
 THE FOLLOWING WEATHER WAS RECORDED TODAY.
  THUNDERSTORM
  HAZE


RELATIVE HUMIDITY (PERCENT)
 HIGHEST    33           500 AM
 LOWEST     13           100 PM
 AVERAGE    23

..........................................................


THE SALT LAKE CITY UT CLIMATE NORMALS FOR TOMORROW
                         NORMAL    RECORD    YEAR
 MAXIMUM TEMPERATURE (F)   94       102      2000
                                             1990
                                             1989
 MINIMUM TEMPERATURE (F)   66        45      1950


SUNRISE AND SUNSET
JULY 30 2016..........SUNRISE   623 AM MDT   SUNSET   845 PM MDT
JULY 31 2016..........SUNRISE   624 AM MDT   SUNSET   844 PM MDT


-  INDICATES NEGATIVE NUMBERS.
R  INDICATES RECORD WAS SET OR TIED.
MM INDICATES DATA IS MISSING.
T  INDICATES TRACE AMOUNT.




$$
