000
CDUS45 KSLC 221227
CLISLC


CLIMATE REPORT
NATIONAL WEATHER SERVICE SALT LAKE CITY UT
526 AM MST MON JAN 22 2018


...................................

...THE SALT LAKE CITY UT CLIMATE SUMMARY FOR JANUARY 21 2018...

CLIMATE NORMAL PERIOD 1981 TO 2010
CLIMATE RECORD PERIOD 1874 TO 2018


WEATHER ITEM   OBSERVED TIME   RECORD YEAR NORMAL DEPARTURE LAST
                VALUE   (LST)  VALUE       VALUE  FROM      YEAR
                                                  NORMAL
..................................................................
TEMPERATURE (F)
 YESTERDAY
  MAXIMUM         37    239 PM  57    1943  38     -1       36
  MINIMUM         24    409 AM -20    1937  22      2       29
  AVERAGE         31                        30      1       33

PRECIPITATION (IN)
  YESTERDAY        0.00          0.87 2012   0.04  -0.04     0.54
  MONTH TO DATE    0.78                      0.87  -0.09     1.71
  SINCE OCT 1      2.91                      5.25  -2.34     6.35
  SINCE JAN 1      0.78                      0.87  -0.09     1.71

SNOWFALL (IN)
  YESTERDAY        0.0           6.1  2017   0.4   -0.4      6.1
                                      2008
  MONTH TO DATE    9.2                       8.9    0.3     20.5
  SINCE OCT 1     16.9                      31.1  -14.2     37.3
  SINCE JUL 1     16.9                      31.1  -14.2     37.3
  SNOW DEPTH       0

DEGREE DAYS
 HEATING
  YESTERDAY       34                        35     -1       32
  MONTH TO DATE  554                       754   -200      775
  SINCE DEC 1   1539                      1830   -291     1868
  SINCE JUL 1   2561                      3048   -487     2667

 COOLING
  YESTERDAY        0                         0      0        0
  MONTH TO DATE    0                         0      0        0
  SINCE DEC 1      0                         0      0        0
  SINCE JAN 1      0                         0      0        0
..................................................................


WIND (MPH)
  RESULTANT WIND SPEED   3   RESULTANT WIND DIRECTION   N (350)
  HIGHEST WIND SPEED    12   HIGHEST WIND DIRECTION    SE (130)
  HIGHEST GUST SPEED    14   HIGHEST GUST DIRECTION    SE (130)
  AVERAGE WIND SPEED     6.1


SKY COVER
  POSSIBLE SUNSHINE  MM
  AVERAGE SKY COVER 0.4


WEATHER CONDITIONS
 THE FOLLOWING WEATHER WAS RECORDED YESTERDAY.
  NO SIGNIFICANT WEATHER WAS OBSERVED.


RELATIVE HUMIDITY (PERCENT)
 HIGHEST    81          1200 AM
 LOWEST     56           200 PM
 AVERAGE    69

..........................................................


THE SALT LAKE CITY UT CLIMATE NORMALS FOR TODAY
                         NORMAL    RECORD    YEAR
 MAXIMUM TEMPERATURE (F)   38        56      1970
 MINIMUM TEMPERATURE (F)   22       -14      1937
                                             1930


SUNRISE AND SUNSET
JANUARY 22 2018.......SUNRISE   746 AM MST   SUNSET   533 PM MST
JANUARY 23 2018.......SUNRISE   745 AM MST   SUNSET   535 PM MST


-  INDICATES NEGATIVE NUMBERS.
R  INDICATES RECORD WAS SET OR TIED.
MM INDICATES DATA IS MISSING.
T  INDICATES TRACE AMOUNT.




$$
