000
CDUS45 KSLC 281228
CLISLC


CLIMATE REPORT
NATIONAL WEATHER SERVICE SALT LAKE CITY UT
628 AM MDT FRI APR 28 2017


...................................

...THE SALT LAKE CITY UT CLIMATE SUMMARY FOR APRIL 27 2017...

CLIMATE NORMAL PERIOD 1981 TO 2010
CLIMATE RECORD PERIOD 1874 TO 2017


WEATHER ITEM   OBSERVED TIME   RECORD YEAR NORMAL DEPARTURE LAST
                VALUE   (LST)  VALUE       VALUE  FROM      YEAR
                                                  NORMAL
..................................................................
TEMPERATURE (F)
 YESTERDAY
  MAXIMUM         52    229 PM  85    2000  65    -13       59
                                      1987
  MINIMUM         39   1135 PM  30    1972  42     -3       45
                                      1966
                                      1957
  AVERAGE         46                        54     -8       52

PRECIPITATION (IN)
  YESTERDAY        0.13          0.75 1878   0.07   0.06     0.14
  MONTH TO DATE    3.17                      1.78   1.39     1.36
  SINCE OCT 1     14.98                     10.45   4.53     9.29
  SINCE JAN 1     10.34                      6.07   4.27     6.04

SNOWFALL (IN)
  YESTERDAY        0.0           6.3  1991   0.1   -0.1      0.0
  MONTH TO DATE    1.0                       3.8   -2.8       T
  SINCE OCT 1     51.3                      55.7   -4.4     34.3
  SINCE JUL 1     51.3                      55.7   -4.4     34.3
  SNOW DEPTH       0

DEGREE DAYS
 HEATING
  YESTERDAY       19                        12      7       13
  MONTH TO DATE  375                       405    -30      259
  SINCE MAR 1    831                      1067   -236      805
  SINCE JUL 1   4584                      5323   -739     4650

 COOLING
  YESTERDAY        0                         0      0        0
  MONTH TO DATE    0                         0      0       10
  SINCE MAR 1      2                         0      2       10
  SINCE JAN 1      2                         0      2       10
..................................................................


WIND (MPH)
  RESULTANT WIND SPEED  15   RESULTANT WIND DIRECTION  NW (300)
  HIGHEST WIND SPEED    26   HIGHEST WIND DIRECTION    NW (310)
  HIGHEST GUST SPEED    35   HIGHEST GUST DIRECTION     W (290)
  AVERAGE WIND SPEED    14.9


SKY COVER
  POSSIBLE SUNSHINE  MM
  AVERAGE SKY COVER 0.6


WEATHER CONDITIONS
 THE FOLLOWING WEATHER WAS RECORDED YESTERDAY.
  HEAVY RAIN
  RAIN
  FOG


RELATIVE HUMIDITY (PERCENT)
 HIGHEST    92           200 AM
 LOWEST     32           600 PM
 AVERAGE    62

..........................................................


THE SALT LAKE CITY UT CLIMATE NORMALS FOR TODAY
                         NORMAL    RECORD    YEAR
 MAXIMUM TEMPERATURE (F)   66        85      1987
 MINIMUM TEMPERATURE (F)   43        28      1966


SUNRISE AND SUNSET
APRIL 28 2017.........SUNRISE   630 AM MDT   SUNSET   821 PM MDT
APRIL 29 2017.........SUNRISE   629 AM MDT   SUNSET   822 PM MDT


-  INDICATES NEGATIVE NUMBERS.
R  INDICATES RECORD WAS SET OR TIED.
MM INDICATES DATA IS MISSING.
T  INDICATES TRACE AMOUNT.




$$
