000
CDUS46 KPQR 300226
CLISLE


CLIMATE REPORT
NATIONAL WEATHER SERVICE PORTLAND OREGON
725 PM PDT SAT APR 29 2017


...................................

...THE SALEM OR CLIMATE SUMMARY FOR APRIL 29 2017...
VALID TODAY AS OF 0700 PM LOCAL TIME.

CLIMATE NORMAL PERIOD 1981 TO 2010
CLIMATE RECORD PERIOD 1892 TO 2017


WEATHER ITEM   OBSERVED TIME   RECORD YEAR NORMAL DEPARTURE LAST
                VALUE   (LST)  VALUE       VALUE  FROM      YEAR
                                                  NORMAL
..................................................................
TEMPERATURE (F)
 TODAY
  MAXIMUM         66    357 PM  88    1957  64      2       59
  MINIMUM         36    456 AM  28    1982  41     -5       46
                                      1954
                                      1952
  AVERAGE         51                        53     -2       53

PRECIPITATION (IN)
  TODAY            0.00          0.90 1896   0.07  -0.07     0.03
  MONTH TO DATE    4.37                      2.74   1.63     2.05
  SINCE OCT 1     54.17                     33.64  20.53    42.69
  SINCE JAN 1     30.87                     17.25  13.62    19.14

DEGREE DAYS
 HEATING
  TODAY           14                        13      1       12
  MONTH TO DATE  420                       428     -8      236
  SINCE MAR 1    939                       991    -52      714
  SINCE JUL 1   4097                      4231   -134     3370

 COOLING
  TODAY            0                         0      0        0
  MONTH TO DATE    0                         0      0        7
  SINCE MAR 1      0                         0      0        7
  SINCE JAN 1      0                         0      0        7
..................................................................


WIND (MPH)
  HIGHEST WIND SPEED    13   HIGHEST WIND DIRECTION    SW (240)
  HIGHEST GUST SPEED    17   HIGHEST GUST DIRECTION    SW (230)
  AVERAGE WIND SPEED     4.8


SKY COVER
  POSSIBLE SUNSHINE  MM
  AVERAGE SKY COVER 0.3


WEATHER CONDITIONS
 THE FOLLOWING WEATHER WAS RECORDED TODAY.
  NO SIGNIFICANT WEATHER WAS OBSERVED.


RELATIVE HUMIDITY (PERCENT)
 HIGHEST    92           300 AM
 LOWEST     34           600 PM
 AVERAGE    63

..........................................................


THE SALEM OR CLIMATE NORMALS FOR TOMORROW
                         NORMAL    RECORD    YEAR
 MAXIMUM TEMPERATURE (F)   64        86      2014
 MINIMUM TEMPERATURE (F)   41        27      1972


SUNRISE AND SUNSET
APRIL 29 2017.........SUNRISE   604 AM PDT   SUNSET   815 PM PDT
APRIL 30 2017.........SUNRISE   602 AM PDT   SUNSET   817 PM PDT


-  INDICATES NEGATIVE NUMBERS.
R  INDICATES RECORD WAS SET OR TIED.
MM INDICATES DATA IS MISSING.
T  INDICATES TRACE AMOUNT.




$$
