000
CDUS46 KPQR 231143
CLISLE


CLIMATE REPORT
NATIONAL WEATHER SERVICE PORTLAND OREGON
442 AM PDT SAT MAY 23 2015


...................................

...THE SALEM OR CLIMATE SUMMARY FOR MAY 22 2015...

CLIMATE NORMAL PERIOD 1981 TO 2010
CLIMATE RECORD PERIOD 1892 TO 2015


WEATHER ITEM   OBSERVED TIME   RECORD YEAR NORMAL DEPARTURE LAST
                VALUE   (LST)  VALUE       VALUE  FROM      YEAR
                                                  NORMAL
..................................................................
TEMPERATURE (F)
 YESTERDAY
  MAXIMUM         63    215 PM  93    2001  69     -6       82
  MINIMUM         54   1159 PM  31    1960  46      8       51
  AVERAGE         59                        58      1       67

PRECIPITATION (IN)
  YESTERDAY        0.03          0.68 1942   0.07  -0.04     0.00
  MONTH TO DATE    0.72                      1.55  -0.83     1.90
  SINCE OCT 1     32.14                     35.26  -3.12    25.78
  SINCE JAN 1     14.60                     18.87  -4.27    21.20

DEGREE DAYS
 HEATING
  YESTERDAY        6                         8     -2        0
  MONTH TO DATE  139                       216    -77      129
  SINCE MAR 1    966                      1219   -253      970
  SINCE JUL 1   3436                      4459  -1023     4256

 COOLING
  YESTERDAY        0                         0      0        2
  MONTH TO DATE    0                         0      0       15
  SINCE MAR 1      0                         0      0       16
  SINCE JAN 1      0                         0      0       16
..................................................................


WIND (MPH)
  HIGHEST WIND SPEED    10   HIGHEST WIND DIRECTION     W (260)
  HIGHEST GUST SPEED    15   HIGHEST GUST DIRECTION     W (290)
  AVERAGE WIND SPEED     4.2


SKY COVER
  POSSIBLE SUNSHINE  MM
  AVERAGE SKY COVER 0.9


WEATHER CONDITIONS
 THE FOLLOWING WEATHER WAS RECORDED YESTERDAY.
  LIGHT RAIN


RELATIVE HUMIDITY (PERCENT)
 HIGHEST    86           300 AM
 LOWEST     69           300 PM
 AVERAGE    78

..........................................................


THE SALEM OR CLIMATE NORMALS FOR TODAY
                         NORMAL    RECORD    YEAR
 MAXIMUM TEMPERATURE (F)   69        93      1947
 MINIMUM TEMPERATURE (F)   46        32      1935


SUNRISE AND SUNSET
MAY 23 2015...........SUNRISE   535 AM PDT   SUNSET   843 PM PDT
MAY 24 2015...........SUNRISE   535 AM PDT   SUNSET   844 PM PDT


-  INDICATES NEGATIVE NUMBERS.
R  INDICATES RECORD WAS SET OR TIED.
MM INDICATES DATA IS MISSING.
T  INDICATES TRACE AMOUNT.




$$
