000
CDUS46 KPQR 311150
CLISLE


CLIMATE REPORT
NATIONAL WEATHER SERVICE PORTLAND OREGON
449 AM PDT TUE MAY 31 2016


...................................

...THE SALEM OR CLIMATE SUMMARY FOR MAY 30 2016...

CLIMATE NORMAL PERIOD 1981 TO 2010
CLIMATE RECORD PERIOD 1892 TO 2016


WEATHER ITEM   OBSERVED TIME   RECORD YEAR NORMAL DEPARTURE LAST
                VALUE   (LST)  VALUE       VALUE  FROM      YEAR
                                                  NORMAL
..................................................................
TEMPERATURE (F)
 YESTERDAY
  MAXIMUM         78    418 PM  91    1986  71      7       80
                                      1922
  MINIMUM         47    416 AM  31    1920  47      0       50
  AVERAGE         63                        59      4       65

PRECIPITATION (IN)
  YESTERDAY        0.00          1.01 1894   0.08  -0.08     0.00
  MONTH TO DATE    1.17                      2.15  -0.98     0.72
  SINCE OCT 1     43.85                     35.86   7.99    32.14
  SINCE JAN 1     20.30                     19.47   0.83    14.60

DEGREE DAYS
 HEATING
  YESTERDAY        2                         7     -5        0
  MONTH TO DATE  144                       273   -129      159
  SINCE MAR 1    870                      1276   -406      986
  SINCE JUL 1   3526                      4516   -990     3456

 COOLING
  YESTERDAY        0                         0      0        0
  MONTH TO DATE   10                         0     10        7
  SINCE MAR 1     17                         0     17        7
  SINCE JAN 1     17                         0     17        7
..................................................................


WIND (MPH)
  HIGHEST WIND SPEED    15   HIGHEST WIND DIRECTION     N (10)
  HIGHEST GUST SPEED    18   HIGHEST GUST DIRECTION     N (20)
  AVERAGE WIND SPEED     8.3


SKY COVER
  POSSIBLE SUNSHINE  MM
  AVERAGE SKY COVER 0.0


WEATHER CONDITIONS
 THE FOLLOWING WEATHER WAS RECORDED YESTERDAY.
  NO SIGNIFICANT WEATHER WAS OBSERVED.


RELATIVE HUMIDITY (PERCENT)
 HIGHEST    77           300 AM
 LOWEST     27           300 PM
 AVERAGE    52

..........................................................


THE SALEM OR CLIMATE NORMALS FOR TODAY
                         NORMAL    RECORD    YEAR
 MAXIMUM TEMPERATURE (F)   71        94      1922
 MINIMUM TEMPERATURE (F)   47        34      1953
                                             1920


SUNRISE AND SUNSET
MAY 31 2016...........SUNRISE   529 AM PDT   SUNSET   851 PM PDT
JUNE  1 2016..........SUNRISE   529 AM PDT   SUNSET   852 PM PDT


-  INDICATES NEGATIVE NUMBERS.
R  INDICATES RECORD WAS SET OR TIED.
MM INDICATES DATA IS MISSING.
T  INDICATES TRACE AMOUNT.




$$
