433
CDUS46 KPQR 271143
CLISLE


CLIMATE REPORT
NATIONAL WEATHER SERVICE PORTLAND OREGON
343 AM PST MON FEB 27 2017


...................................

...THE SALEM OR CLIMATE SUMMARY FOR FEBRUARY 26 2017...

CLIMATE NORMAL PERIOD 1981 TO 2010
CLIMATE RECORD PERIOD 1892 TO 2017


WEATHER ITEM   OBSERVED TIME   RECORD YEAR NORMAL DEPARTURE LAST
                VALUE   (LST)  VALUE       VALUE  FROM      YEAR
                                                  NORMAL
..................................................................
TEMPERATURE (F)
 YESTERDAY
  MAXIMUM         44    144 PM  70    1968  53     -9       57
  MINIMUM         36   1024 AM  10    1962  35      1       40
  AVERAGE         40                        44     -4       49

PRECIPITATION (IN)
  YESTERDAY        0.23          1.01 2000   0.15   0.08     0.28
  MONTH TO DATE   13.22                      4.25   8.97     2.59
  SINCE OCT 1     41.92                     26.60  15.32    33.96
  SINCE JAN 1     18.62                     10.21   8.41    10.41

DEGREE DAYS
 HEATING
  YESTERDAY       25                        21      4       16
  MONTH TO DATE  562                       573    -11      427
  SINCE DEC 1   2308                      2083    225     1729
  SINCE JUL 1   3112                      3200    -88     2609

 COOLING
  YESTERDAY        0                         0      0        0
  MONTH TO DATE    0                         0      0        0
  SINCE DEC 1      0                         0      0        0
  SINCE JAN 1      0                         0      0        0
..................................................................


WIND (MPH)
  HIGHEST WIND SPEED    25   HIGHEST WIND DIRECTION    SW (210)
  HIGHEST GUST SPEED    31   HIGHEST GUST DIRECTION     S (200)
  AVERAGE WIND SPEED    11.9


SKY COVER
  POSSIBLE SUNSHINE  MM
  AVERAGE SKY COVER 0.9


WEATHER CONDITIONS
 THE FOLLOWING WEATHER WAS RECORDED YESTERDAY.
  LIGHT RAIN
  FOG


RELATIVE HUMIDITY (PERCENT)
 HIGHEST    92          1100 AM
 LOWEST     76           100 PM
 AVERAGE    84

..........................................................


THE SALEM OR CLIMATE NORMALS FOR TODAY
                         NORMAL    RECORD    YEAR
 MAXIMUM TEMPERATURE (F)   54        70      1986
                                             1968
 MINIMUM TEMPERATURE (F)   35        16      1960


SUNRISE AND SUNSET
FEBRUARY 27 2017......SUNRISE   653 AM PST   SUNSET   557 PM PST
FEBRUARY 28 2017......SUNRISE   651 AM PST   SUNSET   559 PM PST


-  INDICATES NEGATIVE NUMBERS.
R  INDICATES RECORD WAS SET OR TIED.
MM INDICATES DATA IS MISSING.
T  INDICATES TRACE AMOUNT.




$$
