000
CDUS46 KPQR 010222
CLISLE


CLIMATE REPORT
NATIONAL WEATHER SERVICE PORTLAND OREGON
722 PM PDT FRI SEP 30 2016


...................................

...THE SALEM OR CLIMATE SUMMARY FOR SEPTEMBER 30 2016...
VALID TODAY AS OF 0700 PM LOCAL TIME.

CLIMATE NORMAL PERIOD 1981 TO 2010
CLIMATE RECORD PERIOD 1892 TO 2016


WEATHER ITEM   OBSERVED TIME   RECORD YEAR NORMAL DEPARTURE LAST
                VALUE   (LST)  VALUE       VALUE  FROM      YEAR
                                                  NORMAL
..................................................................
TEMPERATURE (F)
 TODAY
  MAXIMUM         68    122 PM  90    1975  72     -4       74
  MINIMUM         41    545 AM  33    1983  45     -4       45
  AVERAGE         55                        58     -3       60

PRECIPITATION (IN)
  TODAY            T             1.29 1951   0.06  -0.06     0.00
  MONTH TO DATE    1.54                      1.28   0.26     1.13
  SINCE OCT 1     47.25                     39.67   7.58    34.66
  SINCE JAN 1     23.70                     23.28   0.42    17.12

DEGREE DAYS
 HEATING
  TODAY           10                         7      3        5
  MONTH TO DATE   90                       109    -19       96
  SINCE SEP 1     90                       109    -19       96
  SINCE JUL 1    105                       165    -60       98

 COOLING
  TODAY            0                         0      0        0
  MONTH TO DATE   19                        37    -18       43
  SINCE SEP 1     19                        37    -18       43
  SINCE JAN 1    465                       289    176      680
..................................................................


WIND (MPH)
  HIGHEST WIND SPEED    16   HIGHEST WIND DIRECTION     W (260)
  HIGHEST GUST SPEED    21   HIGHEST GUST DIRECTION     W (290)
  AVERAGE WIND SPEED     2.9


SKY COVER
  POSSIBLE SUNSHINE  MM
  AVERAGE SKY COVER 0.2


WEATHER CONDITIONS
 THE FOLLOWING WEATHER WAS RECORDED TODAY.
  NO SIGNIFICANT WEATHER WAS OBSERVED.


RELATIVE HUMIDITY (PERCENT)
 HIGHEST    89           300 AM
 LOWEST     51           500 PM
 AVERAGE    70

..........................................................


THE SALEM OR CLIMATE NORMALS FOR TOMORROW
                         NORMAL    RECORD    YEAR
 MAXIMUM TEMPERATURE (F)   71        92      1988
 MINIMUM TEMPERATURE (F)   45        31      1950


SUNRISE AND SUNSET
SEPTEMBER 30 2016.....SUNRISE   709 AM PDT   SUNSET   653 PM PDT
OCTOBER  1 2016.......SUNRISE   711 AM PDT   SUNSET   651 PM PDT


-  INDICATES NEGATIVE NUMBERS.
R  INDICATES RECORD WAS SET OR TIED.
MM INDICATES DATA IS MISSING.
T  INDICATES TRACE AMOUNT.




$$
