000
CDUS46 KPQR 011146
CLISLE


CLIMATE REPORT
NATIONAL WEATHER SERVICE PORTLAND OREGON
445 AM PDT TUE SEP 1 2015


...................................

...THE SALEM OR CLIMATE SUMMARY FOR AUGUST 31 2015...

CLIMATE NORMAL PERIOD 1981 TO 2010
CLIMATE RECORD PERIOD 1892 TO 2015


WEATHER ITEM   OBSERVED TIME   RECORD YEAR NORMAL DEPARTURE LAST
                VALUE   (LST)  VALUE       VALUE  FROM      YEAR
                                                  NORMAL
..................................................................
TEMPERATURE (F)
 YESTERDAY
  MAXIMUM         76    321 PM 100    1987  81     -5       77
  MINIMUM         57    626 AM  37    1920  51      6       56
  AVERAGE         67                        66      1       67

PRECIPITATION (IN)
  YESTERDAY        0.00          1.14 1971   0.03  -0.03     0.00
  MONTH TO DATE    0.71                      0.45   0.26     0.35
  SINCE OCT 1     33.53                     38.39  -4.86    27.40
  SINCE JAN 1     15.99                     22.00  -6.01    22.82

DEGREE DAYS
 HEATING
  YESTERDAY        0                         1     -1        0
  MONTH TO DATE    0                        28    -28        1
  SINCE JUN 1     24                       186   -162       70
  SINCE JUL 1      2                        56    -54        4

 COOLING
  YESTERDAY        2                         2      0        2
  MONTH TO DATE  203                       106     97      241
  SINCE JUN 1    624                       243    381      502
  SINCE JAN 1    637                       252    385      518
..................................................................


WIND (MPH)
  HIGHEST WIND SPEED    14   HIGHEST WIND DIRECTION    NW (310)
  HIGHEST GUST SPEED    18   HIGHEST GUST DIRECTION     W (260)
  AVERAGE WIND SPEED     7.6


SKY COVER
  POSSIBLE SUNSHINE  MM
  AVERAGE SKY COVER 0.8


WEATHER CONDITIONS
 THE FOLLOWING WEATHER WAS RECORDED YESTERDAY.
  NO SIGNIFICANT WEATHER WAS OBSERVED.


RELATIVE HUMIDITY (PERCENT)
 HIGHEST    86          1200 AM
 LOWEST     46           200 PM
 AVERAGE    66

..........................................................


THE SALEM OR CLIMATE NORMALS FOR TODAY
                         NORMAL    RECORD    YEAR
 MAXIMUM TEMPERATURE (F)   80       102      1988
 MINIMUM TEMPERATURE (F)   51        37      1973


SUNRISE AND SUNSET
SEPTEMBER  1 2015.....SUNRISE   634 AM PDT   SUNSET   749 PM PDT
SEPTEMBER  2 2015.....SUNRISE   635 AM PDT   SUNSET   747 PM PDT


-  INDICATES NEGATIVE NUMBERS.
R  INDICATES RECORD WAS SET OR TIED.
MM INDICATES DATA IS MISSING.
T  INDICATES TRACE AMOUNT.




$$
