000
CDUS46 KPQR 241141
CLISLE


CLIMATE REPORT
NATIONAL WEATHER SERVICE PORTLAND OREGON
441 AM PDT FRI MAR 24 2017


...................................

...THE SALEM OR CLIMATE SUMMARY FOR MARCH 23 2017...

CLIMATE NORMAL PERIOD 1981 TO 2010
CLIMATE RECORD PERIOD 1892 TO 2017


WEATHER ITEM   OBSERVED TIME   RECORD YEAR NORMAL DEPARTURE LAST
                VALUE   (LST)  VALUE       VALUE  FROM      YEAR
                                                  NORMAL
..................................................................
TEMPERATURE (F)
 YESTERDAY
  MAXIMUM         57    342 PM  71    1940  58     -1       54
  MINIMUM         35    508 AM  27    1973  38     -3       44
                                      1951
                                      1948
  AVERAGE         46                        48     -2       49

PRECIPITATION (IN)
  YESTERDAY        0.33          1.35 1938   0.12   0.21     0.06
  MONTH TO DATE    6.10                      3.05   3.05     6.09
  SINCE OCT 1     48.21                     29.96  18.25    40.37
  SINCE JAN 1     24.91                     13.57  11.34    16.82

DEGREE DAYS
 HEATING
  YESTERDAY       19                        17      2       16
  MONTH TO DATE  394                       428    -34      358
  SINCE MAR 1    394                       428    -34      358
  SINCE JUL 1   3552                      3668   -116     3014

 COOLING
  YESTERDAY        0                         0      0        0
  MONTH TO DATE    0                         0      0        0
  SINCE MAR 1      0                         0      0        0
  SINCE JAN 1      0                         0      0        0
..................................................................


WIND (MPH)
  HIGHEST WIND SPEED    20   HIGHEST WIND DIRECTION     S (190)
  HIGHEST GUST SPEED    24   HIGHEST GUST DIRECTION     S (180)
  AVERAGE WIND SPEED     7.1


SKY COVER
  POSSIBLE SUNSHINE  MM
  AVERAGE SKY COVER 0.5


WEATHER CONDITIONS
 THE FOLLOWING WEATHER WAS RECORDED YESTERDAY.
  LIGHT RAIN
  FOG
  HAZE


RELATIVE HUMIDITY (PERCENT)
 HIGHEST    93          1100 PM
 LOWEST     47           300 PM
 AVERAGE    70

..........................................................


THE SALEM OR CLIMATE NORMALS FOR TODAY
                         NORMAL    RECORD    YEAR
 MAXIMUM TEMPERATURE (F)   58        70      2014
                                             1979
 MINIMUM TEMPERATURE (F)   38        28      1969
                                             1899


SUNRISE AND SUNSET
MARCH 24 2017.........SUNRISE   707 AM PDT   SUNSET   730 PM PDT
MARCH 25 2017.........SUNRISE   705 AM PDT   SUNSET   731 PM PDT


-  INDICATES NEGATIVE NUMBERS.
R  INDICATES RECORD WAS SET OR TIED.
MM INDICATES DATA IS MISSING.
T  INDICATES TRACE AMOUNT.




$$
