000
CDUS41 KBTV 260538
CLISLK


CLIMATE REPORT
NATIONAL WEATHER SERVICE BURLINGTON VT
136 AM EDT MON JUN 26 2017


...................................

...THE SARANAC LAKE NY CLIMATE SUMMARY FOR JUNE 25 2017...

CLIMATE NORMAL PERIOD 1981 TO 2010
CLIMATE RECORD PERIOD 9999 TO 9999


WEATHER ITEM   OBSERVED TIME   NORMAL DEPARTURE LAST
                VALUE   (LST)  VALUE  FROM      YEAR
                                      NORMAL
......................................................
TEMPERATURE (F)
 YESTERDAY
  MAXIMUM         71    204 PM  75     -4       78
  MINIMUM         48    307 AM  50     -2       41
  AVERAGE         60            62     -2       60

PRECIPITATION (IN)
  YESTERDAY        0.00          0.13  -0.13     0.00
  MONTH TO DATE    5.04          3.24   1.80     3.04
  SINCE JUN 1      5.04          3.24   1.80     3.04
  SINCE JAN 1     21.13         15.59   5.54    15.55

DEGREE DAYS
 HEATING
  YESTERDAY        5             4      1        5
  MONTH TO DATE  173           166      7      211
  SINCE JUN 1    173           166      7      211
  SINCE JUL 1   8398          9400  -1002     8156

 COOLING
  YESTERDAY        0             1     -1        0
  MONTH TO DATE   16            24     -8        2
  SINCE JUN 1     16            24     -8        2
  SINCE JAN 1     22            27     -5       20
......................................................


WIND (MPH)
  HIGHEST WIND SPEED    23   HIGHEST WIND DIRECTION    SW (220)
  HIGHEST GUST SPEED    33   HIGHEST GUST DIRECTION    SW (210)
  AVERAGE WIND SPEED     8.7


SKY COVER
  AVERAGE SKY COVER 0.5


WEATHER CONDITIONS
 THE FOLLOWING WEATHER WAS RECORDED YESTERDAY.
  FOG


RELATIVE HUMIDITY (PERCENT)
 HIGHEST   100           100 AM
 LOWEST     37           400 PM
 AVERAGE    69

..........................................................


THE SARANAC LAKE NY CLIMATE NORMALS FOR TODAY
                         NORMAL    RECORD    YEAR
 MAXIMUM TEMPERATURE (F)   75        90      2003
 MINIMUM TEMPERATURE (F)   50        35      2004


SUNRISE AND SUNSET
JUNE 26 2017..........SUNRISE   514 AM EDT   SUNSET   845 PM EDT
JUNE 27 2017..........SUNRISE   514 AM EDT   SUNSET   845 PM EDT


-  INDICATES NEGATIVE NUMBERS.
R  INDICATES RECORD WAS SET OR TIED.
MM INDICATES DATA IS MISSING.
T  INDICATES TRACE AMOUNT.




$$
