000
CDUS41 KBTV 200604
CLISLK


CLIMATE REPORT
NATIONAL WEATHER SERVICE BURLINGTON VT
104 AM EST THU NOV 20 2014


...................................

...THE SARANAC LAKE NY CLIMATE SUMMARY FOR NOVEMBER 19 2014...

CLIMATE NORMAL PERIOD 1981 TO 2010
CLIMATE RECORD PERIOD 9999 TO 9999


WEATHER ITEM   OBSERVED TIME   NORMAL DEPARTURE LAST
                VALUE   (LST)  VALUE  FROM      YEAR
                                      NORMAL
......................................................
TEMPERATURE (F)
 YESTERDAY
  MAXIMUM         21    254 PM  41    -20       31
  MINIMUM          9    647 PM  21    -12       17
  AVERAGE         15            31    -16       24

PRECIPITATION (IN)
  YESTERDAY        0.03          0.11  -0.08     0.01
  MONTH TO DATE    1.07          2.18  -1.11     2.69
  SINCE SEP 1      6.30          9.52  -3.22     8.72
  SINCE JAN 1     32.26         34.06  -1.80    37.60

DEGREE DAYS
 HEATING
  YESTERDAY       50            34     16       41
  MONTH TO DATE  545           578    -33      617
  SINCE SEP 1   1469          1630   -161     1651
  SINCE JUL 1   1748          1870   -122     1864

 COOLING
  YESTERDAY        0             0      0        0
  MONTH TO DATE    0             0      0        0
  SINCE SEP 1     15             7      8       16
  SINCE JAN 1     83           114    -31      187
......................................................


WIND (MPH)
  HIGHEST WIND SPEED    22   HIGHEST WIND DIRECTION    SW (220)
  HIGHEST GUST SPEED    29   HIGHEST GUST DIRECTION    SW (210)
  AVERAGE WIND SPEED     8.8


SKY COVER
  AVERAGE SKY COVER 0.9


WEATHER CONDITIONS
 THE FOLLOWING WEATHER WAS RECORDED YESTERDAY.
  HEAVY SNOW
  SNOW
  LIGHT SNOW
  FOG
  HAZE


RELATIVE HUMIDITY (PERCENT)
 HIGHEST    84           200 AM
 LOWEST     67           100 PM
 AVERAGE    76

..........................................................


THE SARANAC LAKE NY CLIMATE NORMALS FOR TODAY
                         NORMAL    RECORD    YEAR
 MAXIMUM TEMPERATURE (F)   40        MM        MM
 MINIMUM TEMPERATURE (F)   21        MM        MM


SUNRISE AND SUNSET
NOVEMBER 20 2014......SUNRISE   659 AM EST   SUNSET   425 PM EST
NOVEMBER 21 2014......SUNRISE   701 AM EST   SUNSET   424 PM EST


-  INDICATES NEGATIVE NUMBERS.
R  INDICATES RECORD WAS SET OR TIED.
MM INDICATES DATA IS MISSING.
T  INDICATES TRACE AMOUNT.




$$
