000
CDUS41 KBTV 210558
CLISLK


CLIMATE REPORT
NATIONAL WEATHER SERVICE BURLINGTON VT
157 AM EDT THU AUG 21 2014


...................................

...THE SARANAC LAKE NY CLIMATE SUMMARY FOR AUGUST 20 2014...

CLIMATE NORMAL PERIOD 1981 TO 2010
CLIMATE RECORD PERIOD 9999 TO 9999


WEATHER ITEM   OBSERVED TIME   NORMAL DEPARTURE LAST
                VALUE   (LST)  VALUE  FROM      YEAR
                                      NORMAL
......................................................
TEMPERATURE (F)
 YESTERDAY
  MAXIMUM         79    259 PM  74      5       78
  MINIMUM         42    248 AM  48     -6       48
  AVERAGE         61            61      0       63

PRECIPITATION (IN)
  YESTERDAY        0.04          0.14  -0.10     0.00
  MONTH TO DATE    2.71          2.65   0.06     2.55
  SINCE JUN 1     13.55         10.69   2.86    17.27
  SINCE JAN 1     25.71         23.04   2.67    28.27

DEGREE DAYS
 HEATING
  YESTERDAY        4             5     -1        2
  MONTH TO DATE  111            84     27      114
  SINCE JUN 1    413           362     51      404
  SINCE JUL 1    246           178     68      184

 COOLING
  YESTERDAY        0             1     -1        0
  MONTH TO DATE    1            20    -19        9
  SINCE JUN 1     60            92    -32      145
  SINCE JAN 1     61            95    -34      155
......................................................


WIND (MPH)
  HIGHEST WIND SPEED    10   HIGHEST WIND DIRECTION    NE (60)
  HIGHEST GUST SPEED    15   HIGHEST GUST DIRECTION    SW (220)
  AVERAGE WIND SPEED     2.3


SKY COVER
  AVERAGE SKY COVER 0.3


WEATHER CONDITIONS
 THE FOLLOWING WEATHER WAS RECORDED YESTERDAY.
  RAIN
  FOG


RELATIVE HUMIDITY (PERCENT)
 HIGHEST   100          1200 AM
 LOWEST     56           100 PM
 AVERAGE    78

..........................................................


THE SARANAC LAKE NY CLIMATE NORMALS FOR TODAY
                         NORMAL    RECORD    YEAR
 MAXIMUM TEMPERATURE (F)   74        MM        MM
 MINIMUM TEMPERATURE (F)   48        MM        MM


SUNRISE AND SUNSET
AUGUST 21 2014........SUNRISE   607 AM EDT   SUNSET   752 PM EDT
AUGUST 22 2014........SUNRISE   608 AM EDT   SUNSET   751 PM EDT


-  INDICATES NEGATIVE NUMBERS.
R  INDICATES RECORD WAS SET OR TIED.
MM INDICATES DATA IS MISSING.
T  INDICATES TRACE AMOUNT.




$$
