000
CDUS43 KICT 210650
CLISLN


CLIMATE REPORT
NATIONAL WEATHER SERVICE WICHITA KS
1250 AM CST WED FEB 21 2018


...................................

...THE SALINA KS CLIMATE SUMMARY FOR FEBRUARY 20 2018...

CLIMATE NORMAL PERIOD 1981 TO 2010
CLIMATE RECORD PERIOD 1894 TO 2018


WEATHER ITEM   OBSERVED TIME   RECORD YEAR NORMAL DEPARTURE LAST
                VALUE   (LST)  VALUE       VALUE  FROM      YEAR
                                                  NORMAL
..................................................................
TEMPERATURE (F)
 YESTERDAY
  MAXIMUM         28    527 PM  80    1981  48    -20       72
  MINIMUM         17   1159 PM   0    1918  26     -9       44
  AVERAGE         23                        37    -14       58

PRECIPITATION (IN)
  YESTERDAY        0.01          0.79 1937   0.05  -0.04     0.01
  MONTH TO DATE    0.01                      0.79  -0.78     0.04
  SINCE DEC 1      0.40                      2.36  -1.96     2.91
  SINCE JAN 1      0.35                      1.42  -1.07     2.06

DEGREE DAYS
 HEATING
  YESTERDAY       42                        28     14        7
  MONTH TO DATE  633                       613     20      422
  SINCE DEC 1   2594                      2677    -83     1985
  SINCE JUL 1   3350                      3629   -279     2528

 COOLING
  YESTERDAY        0                         0      0        0
  MONTH TO DATE    0                         0      0        0
  SINCE DEC 1      0                         0      0        0
  SINCE JAN 1      0                         0      0        0
..................................................................


WIND (MPH)
  HIGHEST WIND SPEED    25   HIGHEST WIND DIRECTION    NW (330)
  HIGHEST GUST SPEED    31   HIGHEST GUST DIRECTION     N (350)
  AVERAGE WIND SPEED    18.4


SKY COVER
  POSSIBLE SUNSHINE  MM
  AVERAGE SKY COVER 0.7


WEATHER CONDITIONS
 THE FOLLOWING WEATHER WAS RECORDED YESTERDAY.
  THUNDERSTORM
  LT FREEZING RAIN
  LIGHT SNOW
  FOG


RELATIVE HUMIDITY (PERCENT)
 HIGHEST   100           200 AM
 LOWEST     62           700 PM
 AVERAGE    81

..........................................................


THE SALINA KS CLIMATE NORMALS FOR TODAY
                         NORMAL    RECORD    YEAR
 MAXIMUM TEMPERATURE (F)   48        80      1977
 MINIMUM TEMPERATURE (F)   26        -3      1939


SUNRISE AND SUNSET
FEBRUARY 21 2018......SUNRISE   714 AM CST   SUNSET   615 PM CST
FEBRUARY 22 2018......SUNRISE   713 AM CST   SUNSET   616 PM CST


-  INDICATES NEGATIVE NUMBERS.
R  INDICATES RECORD WAS SET OR TIED.
MM INDICATES DATA IS MISSING.
T  INDICATES TRACE AMOUNT.




$$
