000
CDUS43 KICT 210619
CLISLN


CLIMATE REPORT
NATIONAL WEATHER SERVICE WICHITA KS
119 AM CDT THU AUG 21 2014


...................................

...THE SALINA KS CLIMATE SUMMARY FOR AUGUST 20 2014...

CLIMATE NORMAL PERIOD 1981 TO 2010
CLIMATE RECORD PERIOD 1894 TO 2014


WEATHER ITEM   OBSERVED TIME   RECORD YEAR NORMAL DEPARTURE LAST
                VALUE   (LST)  VALUE       VALUE  FROM      YEAR
                                                  NORMAL
..................................................................
TEMPERATURE (F)
 YESTERDAY
  MAXIMUM         97    415 PM 106    2003  91      6       91
  MINIMUM         72    548 AM  46    1950  68      4       68
  AVERAGE         85                        79      6       80

PRECIPITATION (IN)
  YESTERDAY        0.00          1.41 1964   0.12  -0.12     0.00
  MONTH TO DATE    2.07                      2.62  -0.55     5.00
  SINCE JUN 1     10.99                     11.02  -0.03    13.00
  SINCE JAN 1     18.38                     23.01  -4.63    26.24

DEGREE DAYS
 HEATING
  YESTERDAY        0                         0      0        0
  MONTH TO DATE    0                         0      0        0
  SINCE JUN 1      1                         7     -6       10
  SINCE JUL 1      0                         0      0        3

 COOLING
  YESTERDAY       20                        14      6       15
  MONTH TO DATE  316                       310      6      216
  SINCE JUN 1   1116                      1136    -20     1046
  SINCE JAN 1   1348                      1264     84     1187
..................................................................


WIND (MPH)
  HIGHEST WIND SPEED    26   HIGHEST WIND DIRECTION     S (160)
  HIGHEST GUST SPEED    35   HIGHEST GUST DIRECTION     S (160)
  AVERAGE WIND SPEED    15.0


SKY COVER
  POSSIBLE SUNSHINE  MM
  AVERAGE SKY COVER 0.0


WEATHER CONDITIONS
 THE FOLLOWING WEATHER WAS RECORDED YESTERDAY.
  NO SIGNIFICANT WEATHER WAS OBSERVED.


RELATIVE HUMIDITY (PERCENT)
 HIGHEST    79           500 AM
 LOWEST     40           300 PM
 AVERAGE    60

..........................................................


THE SALINA KS CLIMATE NORMALS FOR TODAY
                         NORMAL    RECORD    YEAR
 MAXIMUM TEMPERATURE (F)   91       108      1922
 MINIMUM TEMPERATURE (F)   68        46      1956


SUNRISE AND SUNSET
AUGUST 21 2014........SUNRISE   650 AM CDT   SUNSET   817 PM CDT
AUGUST 22 2014........SUNRISE   651 AM CDT   SUNSET   816 PM CDT


-  INDICATES NEGATIVE NUMBERS.
R  INDICATES RECORD WAS SET OR TIED.
MM INDICATES DATA IS MISSING.
T  INDICATES TRACE AMOUNT.




$$
