000
CDUS46 KLOX 011154
CLISMX


CLIMATE REPORT
NATIONAL WEATHER SERVICE LOS ANGELES/OXNARD CA
453 AM PDT SAT AUG 1 2015


...................................

...THE SANTA MARIA AIRPORT CA CLIMATE SUMMARY FOR JULY 31 2015...

CLIMATE NORMAL PERIOD 1981 TO 2010
CLIMATE RECORD PERIOD 1906 TO 2015


WEATHER ITEM   OBSERVED TIME   RECORD YEAR NORMAL DEPARTURE LAST
                VALUE   (LST)  VALUE       VALUE  FROM      YEAR
                                                  NORMAL
..................................................................
TEMPERATURE (F)
 YESTERDAY
  MAXIMUM         80    205 PM  91    1977  73      7       75
  MINIMUM         61    512 AM  42    1924  54      7       61
  AVERAGE         71                        64      7       68

PRECIPITATION (IN)
  YESTERDAY        0.00          T    1986   0.00   0.00     0.00
                                      1977
                                      1976
  MONTH TO DATE    0.14                      0.03   0.11      T
  SINCE OCT 1      7.78                     13.79  -6.01     4.50
  SINCE JAN 1      2.22                      9.74  -7.52     4.01

SNOWFALL (IN)
  YESTERDAY        0.0
  MONTH TO DATE    0.0
  SINCE JUN 1      0.0
  SINCE JUL 1      0.0

DEGREE DAYS
 HEATING
  YESTERDAY        0                         2     -2
  MONTH TO DATE    0                        73    -73
  SINCE JUN 1     43                       216   -173
  SINCE JUL 1      0                        75    -75

 COOLING
  YESTERDAY        6                         1      5
  MONTH TO DATE  119                        19    100
  SINCE JUN 1    139                        25    114
  SINCE JAN 1    167                        35    132
..................................................................


WIND (MPH)
  HIGHEST WIND SPEED    17   HIGHEST WIND DIRECTION    NW (330)
  HIGHEST GUST SPEED    23   HIGHEST GUST DIRECTION    NW (320)
  AVERAGE WIND SPEED     5.9


SKY COVER
  POSSIBLE SUNSHINE  MM
  AVERAGE SKY COVER 0.4


WEATHER CONDITIONS
 THE FOLLOWING WEATHER WAS RECORDED YESTERDAY.
  FOG
  HAZE


RELATIVE HUMIDITY (PERCENT)
 HIGHEST    93           600 AM
 LOWEST     48           200 PM
 AVERAGE    71

..........................................................


THE SANTA MARIA AIRPORT CA CLIMATE NORMALS FOR TODAY
                         NORMAL    RECORD    YEAR
 MAXIMUM TEMPERATURE (F)   73        89      1993
 MINIMUM TEMPERATURE (F)   54        47      1919


SUNRISE AND SUNSET
AUGUST  1 2015........SUNRISE   611 AM PDT   SUNSET   804 PM PDT
AUGUST  2 2015........SUNRISE   612 AM PDT   SUNSET   804 PM PDT


-  INDICATES NEGATIVE NUMBERS.
R  INDICATES RECORD WAS SET OR TIED.
MM INDICATES DATA IS MISSING.
T  INDICATES TRACE AMOUNT.




$$
