170
CDUS46 KLOX 281246
CLISMX


CLIMATE REPORT
NATIONAL WEATHER SERVICE LOS ANGELES/OXNARD CA
546 AM PDT WED SEP 28 2016


...................................

...THE SANTA MARIA AIRPORT CA CLIMATE SUMMARY FOR SEPTEMBER 27 2016...

CLIMATE NORMAL PERIOD 1981 TO 2010
CLIMATE RECORD PERIOD 1906 TO 2016


WEATHER ITEM   OBSERVED TIME   RECORD YEAR NORMAL DEPARTURE LAST
                VALUE   (LST)  VALUE       VALUE  FROM      YEAR
                                                  NORMAL
..................................................................
TEMPERATURE (F)
 YESTERDAY
  MAXIMUM        101   1036 AM 105    2010  74     27       79
  MINIMUM         57    556 AM  39    1929  52      5       58
  AVERAGE         79                        63     16       69

PRECIPITATION (IN)
  YESTERDAY        0.00          0.05 1967   0.00   0.00     0.00
  MONTH TO DATE    0.00                      0.11  -0.11     0.09
  SINCE OCT 1      9.00                     13.92  -4.92     7.87
  SINCE JAN 1      7.12                      9.87  -2.75     2.31

SNOWFALL (IN)
  YESTERDAY        0.0
  MONTH TO DATE    0.0
  SINCE SEP 1      0.0
  SINCE JUL 1      0.0

DEGREE DAYS
 HEATING
  YESTERDAY        0                         3     -3
  MONTH TO DATE   63                        71     -8
  SINCE SEP 1     63                        71     -8
  SINCE JUL 1    199                       207     -8

 COOLING
  YESTERDAY       14                         1     13
  MONTH TO DATE   54                        27     27
  SINCE SEP 1     54                        27     27
  SINCE JAN 1    106                        82     24
..................................................................


WIND (MPH)
  HIGHEST WIND SPEED    24   HIGHEST WIND DIRECTION    NW (310)
  HIGHEST GUST SPEED    30   HIGHEST GUST DIRECTION    NW (310)
  AVERAGE WIND SPEED     5.8


SKY COVER
  POSSIBLE SUNSHINE  MM
  AVERAGE SKY COVER 0.1


WEATHER CONDITIONS
 THE FOLLOWING WEATHER WAS RECORDED YESTERDAY.
  HAZE


RELATIVE HUMIDITY (PERCENT)
 HIGHEST    78          1000 PM
 LOWEST     13          1200 PM
 AVERAGE    46

..........................................................


THE SANTA MARIA AIRPORT CA CLIMATE NORMALS FOR TODAY
                         NORMAL    RECORD    YEAR
 MAXIMUM TEMPERATURE (F)   74        98      2010
                                             1984
                                             1970
 MINIMUM TEMPERATURE (F)   52        38      1948
                                             1925


SUNRISE AND SUNSET
SEPTEMBER 28 2016.....SUNRISE   655 AM PDT   SUNSET   649 PM PDT
SEPTEMBER 29 2016.....SUNRISE   655 AM PDT   SUNSET   648 PM PDT


-  INDICATES NEGATIVE NUMBERS.
R  INDICATES RECORD WAS SET OR TIED.
MM INDICATES DATA IS MISSING.
T  INDICATES TRACE AMOUNT.




$$
