000
CDUS46 KLOX 281157
CLISMX


CLIMATE REPORT
NATIONAL WEATHER SERVICE LOS ANGELES/OXNARD CA
457 AM PDT FRI JUL 28 2017


...................................

...THE SANTA MARIA AIRPORT CA CLIMATE SUMMARY FOR JULY 27 2017...

CLIMATE NORMAL PERIOD 1981 TO 2010
CLIMATE RECORD PERIOD 1906 TO 2017


WEATHER ITEM   OBSERVED TIME   RECORD YEAR NORMAL DEPARTURE LAST
                VALUE   (LST)  VALUE       VALUE  FROM      YEAR
                                                  NORMAL
..................................................................
TEMPERATURE (F)
 YESTERDAY
  MAXIMUM         74   1232 PM  89    1996  73      1       79
  MINIMUM         57   1159 PM  44    1912  54      3       53
  AVERAGE         66                        64      2       66

PRECIPITATION (IN)
  YESTERDAY        0.00          0.35 1996   0.00   0.00     0.00
  MONTH TO DATE    0.00                      0.03  -0.03      T
  SINCE OCT 1     18.44                     13.79   4.65     9.00
  SINCE JAN 1     13.64                      9.74   3.90     7.12

SNOWFALL (IN)
  YESTERDAY        0.0
  MONTH TO DATE    0.0
  SINCE JUN 1      0.0
  SINCE JUL 1      0.0

DEGREE DAYS
 HEATING
  YESTERDAY        0                         2     -2
  MONTH TO DATE   29                        65    -36
  SINCE JUN 1    136                       206    -70
  SINCE JUL 1     29                        65    -36

 COOLING
  YESTERDAY        1                         1      0
  MONTH TO DATE   28                        22      6
  SINCE JUN 1     36                        28      8
  SINCE JAN 1     50                        38     12
..................................................................


WIND (MPH)
  HIGHEST WIND SPEED    13   HIGHEST WIND DIRECTION     W (250)
  HIGHEST GUST SPEED    MM   HIGHEST GUST DIRECTION    MM
  AVERAGE WIND SPEED     5.3


SKY COVER
  POSSIBLE SUNSHINE  MM
  AVERAGE SKY COVER 0.6


WEATHER CONDITIONS
 THE FOLLOWING WEATHER WAS RECORDED YESTERDAY.
  FOG
  HAZE


RELATIVE HUMIDITY (PERCENT)
 HIGHEST   100           800 PM
 LOWEST     61          1200 PM
 AVERAGE    81

..........................................................


THE SANTA MARIA AIRPORT CA CLIMATE NORMALS FOR TODAY
                         NORMAL    RECORD    YEAR
 MAXIMUM TEMPERATURE (F)   73        90      1996
 MINIMUM TEMPERATURE (F)   54        43      1932
                                             1930


SUNRISE AND SUNSET
JULY 28 2017..........SUNRISE   609 AM PDT   SUNSET   807 PM PDT
JULY 29 2017..........SUNRISE   609 AM PDT   SUNSET   807 PM PDT


-  INDICATES NEGATIVE NUMBERS.
R  INDICATES RECORD WAS SET OR TIED.
MM INDICATES DATA IS MISSING.
T  INDICATES TRACE AMOUNT.




$$
