000
CDUS46 KLOX 170905
CLISMX


CLIMATE REPORT
NATIONAL WEATHER SERVICE LOS ANGELES/OXNARD CA
104 AM PST WED DEC 17 2014


...................................

...THE SANTA MARIA AIRPORT CA CLIMATE SUMMARY FOR DECEMBER 16 2014...

CLIMATE NORMAL PERIOD 1981 TO 2010
CLIMATE RECORD PERIOD 1906 TO 2014


WEATHER ITEM   OBSERVED TIME   RECORD YEAR NORMAL DEPARTURE LAST
                VALUE   (LST)  VALUE       VALUE  FROM      YEAR
                                                  NORMAL
..................................................................
TEMPERATURE (F)
 YESTERDAY
  MAXIMUM         65    108 PM  83    2013  63      2       83
                                      1980
  MINIMUM         48    708 AM  28    1971  39      9       44
  AVERAGE         57                        51      6       64

PRECIPITATION (IN)
  YESTERDAY        0.26          1.10 2002   0.07   0.19     0.00
  MONTH TO DATE    4.24                      0.95   3.29     0.15
  SINCE JUL 1      5.56                      3.07   2.49     0.47
  SINCE JAN 1      9.57                     12.78  -3.21     2.96

SNOWFALL (IN)
  YESTERDAY       MM
  MONTH TO DATE    0.0
  SINCE DEC 1      0.0
  SINCE JUL 1      0.0

DEGREE DAYS
 HEATING
  YESTERDAY        8                        14     -6
  MONTH TO DATE   77                       214   -137
  SINCE DEC 1     77                       214   -137
  SINCE JUL 1    175                       860   -685

 COOLING
  YESTERDAY        0                         0      0
  MONTH TO DATE    2                         0      2
  SINCE DEC 1      2                         0      2
  SINCE JAN 1    568                       104    464
..................................................................


WIND (MPH)
  HIGHEST WIND SPEED    15   HIGHEST WIND DIRECTION    SE (120)
  HIGHEST GUST SPEED    16   HIGHEST GUST DIRECTION     E (110)
  AVERAGE WIND SPEED     4.7


SKY COVER
  POSSIBLE SUNSHINE  MM
  AVERAGE SKY COVER 0.6


WEATHER CONDITIONS
 THE FOLLOWING WEATHER WAS RECORDED YESTERDAY.
  HEAVY RAIN
  RAIN
  LIGHT RAIN
  FOG


RELATIVE HUMIDITY (PERCENT)
 HIGHEST    86           700 AM
 LOWEST     60          1200 PM
 AVERAGE    73

..........................................................


THE SANTA MARIA AIRPORT CA CLIMATE NORMALS FOR TODAY
                         NORMAL    RECORD    YEAR
 MAXIMUM TEMPERATURE (F)   63        83      1979
 MINIMUM TEMPERATURE (F)   39        28      1984
                                             1965


SUNRISE AND SUNSET
DECEMBER 17 2014......SUNRISE   703 AM PST   SUNSET   453 PM PST
DECEMBER 18 2014......SUNRISE   704 AM PST   SUNSET   453 PM PST


-  INDICATES NEGATIVE NUMBERS.
R  INDICATES RECORD WAS SET OR TIED.
MM INDICATES DATA IS MISSING.
T  INDICATES TRACE AMOUNT.




$$
