000
CDUS46 KLOX 010113
CLISMX


CLIMATE REPORT
NATIONAL WEATHER SERVICE LOS ANGELES/OXNARD CA
613 PM PDT SAT APR 30 2016


...................................

...THE SANTA MARIA AIRPORT CA CLIMATE SUMMARY FOR APRIL 30 2016...
VALID TODAY AS OF 0600 PM LOCAL TIME.

CLIMATE NORMAL PERIOD 1981 TO 2010
CLIMATE RECORD PERIOD 1906 TO 2016


WEATHER ITEM   OBSERVED TIME   RECORD YEAR NORMAL DEPARTURE LAST
                VALUE   (LST)  VALUE       VALUE  FROM      YEAR
                                                  NORMAL
..................................................................
TEMPERATURE (F)
 TODAY
  MAXIMUM         74   1142 AM  98    2014  68      6       79
  MINIMUM         47    529 AM  33    1967  46      1       48
  AVERAGE         61                        57      4       64

PRECIPITATION (IN)
  TODAY            0.00          0.67 1955   0.02  -0.02     0.00
  MONTH TO DATE    0.52                      0.98  -0.46     0.67
  SINCE OCT 1      8.76                     13.41  -4.65     7.37
  SINCE JAN 1      6.88                      9.36  -2.48     1.81

SNOWFALL (IN)
  TODAY            0.0
  MONTH TO DATE    0.0
  SINCE MAR 1      0.0
  SINCE JUL 1      0.0

DEGREE DAYS
 HEATING
  TODAY            4                         8     -4
  MONTH TO DATE  128                       284   -156
  SINCE MAR 1    329                       626   -297
  SINCE JUL 1   1452                      2459  -1007

 COOLING
  TODAY            0                         0      0
  MONTH TO DATE   18                         4     14
  SINCE MAR 1     20                         5     15
  SINCE JAN 1     38                         6     32
..................................................................


WIND (MPH)
  HIGHEST WIND SPEED    24   HIGHEST WIND DIRECTION    NW (310)
  HIGHEST GUST SPEED    29   HIGHEST GUST DIRECTION    NW (320)
  AVERAGE WIND SPEED     9.4


SKY COVER
  POSSIBLE SUNSHINE  MM
  AVERAGE SKY COVER 0.2


WEATHER CONDITIONS
 THE FOLLOWING WEATHER WAS RECORDED TODAY.
  FOG
  HAZE


RELATIVE HUMIDITY (PERCENT)
 HIGHEST    93           600 AM
 LOWEST     38          1200 PM
 AVERAGE    66

..........................................................


THE SANTA MARIA AIRPORT CA CLIMATE NORMALS FOR TOMORROW
                         NORMAL    RECORD    YEAR
 MAXIMUM TEMPERATURE (F)   68        96      2014
 MINIMUM TEMPERATURE (F)   46        34      1964


SUNRISE AND SUNSET
APRIL 30 2016.........SUNRISE   612 AM PDT   SUNSET   747 PM PDT
MAY  1 2016...........SUNRISE   611 AM PDT   SUNSET   748 PM PDT


-  INDICATES NEGATIVE NUMBERS.
R  INDICATES RECORD WAS SET OR TIED.
MM INDICATES DATA IS MISSING.
T  INDICATES TRACE AMOUNT.




$$
