000
CDUS46 KLOX 230902
CLISMX


CLIMATE REPORT
NATIONAL WEATHER SERVICE LOS ANGELES/OXNARD CA
102 AM PST MON JAN 23 2017


...................................

...THE SANTA MARIA AIRPORT CA CLIMATE SUMMARY FOR JANUARY 22 2017...

CLIMATE NORMAL PERIOD 1981 TO 2010
CLIMATE RECORD PERIOD 1906 TO 2017


WEATHER ITEM   OBSERVED TIME   RECORD YEAR NORMAL DEPARTURE LAST
                VALUE   (LST)  VALUE       VALUE  FROM      YEAR
                                                  NORMAL
..................................................................
TEMPERATURE (F)
 YESTERDAY
  MAXIMUM         59    230 PM  80    2014  64     -5       68
                                      1934
  MINIMUM         49   1141 PM  27    1945  40      9       51
                                      1937
  AVERAGE         54                        52      2       60

PRECIPITATION (IN)
  YESTERDAY        0.47          2.71 1943   0.09   0.38      T
  MONTH TO DATE    5.55                      1.92   3.63     2.01
  SINCE OCT 1     10.35                      5.97   4.38     3.89
  SINCE JAN 1      5.55                      1.92   3.63     2.01

SNOWFALL (IN)
  YESTERDAY       MM
  MONTH TO DATE    0.0
  SINCE DEC 1      0.0
  SINCE JUL 1      0.0

DEGREE DAYS
 HEATING
  YESTERDAY       11                        13     -2
  MONTH TO DATE  301                       303     -2
  SINCE DEC 1    716                       729    -13
  SINCE JUL 1   1267                      1375   -108

 COOLING
  YESTERDAY        0                         0      0
  MONTH TO DATE    0                         0      0
  SINCE DEC 1      0                         0      0
  SINCE JAN 1      0                         0      0
..................................................................


WIND (MPH)
  HIGHEST WIND SPEED    45   HIGHEST WIND DIRECTION    SE (140)
  HIGHEST GUST SPEED    52   HIGHEST GUST DIRECTION    SE (140)
  AVERAGE WIND SPEED    17.3


SKY COVER
  POSSIBLE SUNSHINE  MM
  AVERAGE SKY COVER 1.0


WEATHER CONDITIONS
 THE FOLLOWING WEATHER WAS RECORDED YESTERDAY.
  HEAVY RAIN
  RAIN
  LIGHT RAIN
  FOG


RELATIVE HUMIDITY (PERCENT)
 HIGHEST    93           200 AM
 LOWEST     83           600 AM
 AVERAGE    88

..........................................................


THE SANTA MARIA AIRPORT CA CLIMATE NORMALS FOR TODAY
                         NORMAL    RECORD    YEAR
 MAXIMUM TEMPERATURE (F)   64        83      1946
 MINIMUM TEMPERATURE (F)   40        24      1937


SUNRISE AND SUNSET
JANUARY 23 2017.......SUNRISE   706 AM PST   SUNSET   522 PM PST
JANUARY 24 2017.......SUNRISE   705 AM PST   SUNSET   523 PM PST


-  INDICATES NEGATIVE NUMBERS.
R  INDICATES RECORD WAS SET OR TIED.
MM INDICATES DATA IS MISSING.
T  INDICATES TRACE AMOUNT.




$$
