000
CDUS46 KSGX 220024
CLISNA


CLIMATE REPORT
NATIONAL WEATHER SERVICE SAN DIEGO, CA
424 PM PST FRI NOV 21 2014


...................................

...THE JOHN WAYNE AIRPORT CA CLIMATE SUMMARY FOR NOVEMBER 21 2014...
VALID TODAY AS OF 0400 PM LOCAL TIME.

CLIMATE NORMAL PERIOD 1981 TO 2010
CLIMATE RECORD PERIOD 1999 TO 2014


WEATHER ITEM   OBSERVED TIME   RECORD YEAR NORMAL DEPARTURE LAST
                VALUE   (LST)  VALUE       VALUE  FROM      YEAR
                                                  NORMAL
..................................................................
TEMPERATURE (F)
 TODAY
  MAXIMUM         73   1243 PM  85    2002  70      3       64
  MINIMUM         59    614 AM  45    2004  51      8       57
  AVERAGE         66                        60      6       61

PRECIPITATION (IN)
  TODAY            0.00          0.59 2004   0.04  -0.04     0.15
  MONTH TO DATE    0.19                      0.94  -0.75     0.26
  SINCE JUL 1      0.22                      1.98  -1.76     0.58
  SINCE JAN 1      2.81                     10.94  -8.13     2.55

SNOWFALL (IN)
  TODAY            0.0
  MONTH TO DATE    0.0
  SINCE JAN 1      0.0
  SINCE JUL 1      0.0
  SNOW DEPTH       0

DEGREE DAYS
 HEATING
  TODAY            0                         5     -5        4
  MONTH TO DATE    3                        70    -67       26
  SINCE SEP 1      3                        97    -94       44
  SINCE JUL 1      3                        97    -94       44

 COOLING
  TODAY            1                         0      1        0
  MONTH TO DATE   72                        22     50       26
  SINCE SEP 1    771                       305    466      453
  SINCE JAN 1   2015                       876   1139     1157
..................................................................


WIND (MPH)
  RESULTANT WIND SPEED   1   RESULTANT WIND DIRECTION  SE (140)
  HIGHEST WIND SPEED    10   HIGHEST WIND DIRECTION    SW (220)
  HIGHEST GUST SPEED    28   HIGHEST GUST DIRECTION     E (100)
  AVERAGE WIND SPEED     2.5


SKY COVER
  POSSIBLE SUNSHINE  MM
  AVERAGE SKY COVER 0.5


WEATHER CONDITIONS
 THE FOLLOWING WEATHER WAS RECORDED TODAY.
  NO SIGNIFICANT WEATHER WAS OBSERVED.


RELATIVE HUMIDITY (PERCENT)
 HIGHEST    78           100 AM
 LOWEST     38          1200 PM
 AVERAGE    58

..........................................................


THE JOHN WAYNE AIRPORT CA CLIMATE NORMALS FOR TOMORROW
                         NORMAL    RECORD    YEAR
 MAXIMUM TEMPERATURE (F)   70        79      2005
 MINIMUM TEMPERATURE (F)   50        45      2011


SUNRISE AND SUNSET
NOVEMBER 21 2014......SUNRISE   629 AM PST   SUNSET   446 PM PST
NOVEMBER 22 2014......SUNRISE   630 AM PST   SUNSET   445 PM PST


-  INDICATES NEGATIVE NUMBERS.
R  INDICATES RECORD WAS SET OR TIED.
MM INDICATES DATA IS MISSING.
T  INDICATES TRACE AMOUNT.




$$
