000
CDUS46 KSGX 010017
CLISNA


CLIMATE REPORT
NATIONAL WEATHER SERVICE SAN DIEGO, CA
517 PM PDT THU JUL 31 2014


...................................

...THE JOHN WAYNE AIRPORT CA CLIMATE SUMMARY FOR JULY 31 2014...
VALID TODAY AS OF 0500 PM LOCAL TIME.

CLIMATE NORMAL PERIOD 1981 TO 2010
CLIMATE RECORD PERIOD 1999 TO 2014


WEATHER ITEM   OBSERVED TIME   RECORD YEAR NORMAL DEPARTURE LAST
                VALUE   (LST)  VALUE       VALUE  FROM      YEAR
                                                  NORMAL
..................................................................
TEMPERATURE (F)
 TODAY
  MAXIMUM         85   1210 PM  86    2000  79      6       76
  MINIMUM         70    535 AM  62    1999  65      5       64
  AVERAGE         78                        72      6       70

PRECIPITATION (IN)
  TODAY            0.00          0.03 2011   0.00   0.00     0.00
  MONTH TO DATE    T                         0.04  -0.04     0.12
  SINCE JUL 1      T                         0.04  -0.04     0.12
  SINCE JAN 1      2.59                      9.00  -6.41     2.09

SNOWFALL (IN)
  TODAY            0.0
  MONTH TO DATE    0.0
  SINCE JAN 1      0.0
  SINCE JUL 1      0.0
  SNOW DEPTH       0

DEGREE DAYS
 HEATING
  TODAY            0                         0      0        0
  MONTH TO DATE    0                         0      0        0
  SINCE JUN 1      0                         7     -7        0
  SINCE JUL 1      0                         0      0        0

 COOLING
  TODAY           13                         7      6        5
  MONTH TO DATE  349                       191    158      226
  SINCE JUN 1    539                       267    272      341
  SINCE JAN 1    876                       334    542      421
..................................................................


WIND (MPH)
  RESULTANT WIND SPEED   4   RESULTANT WIND DIRECTION  SW (230)
  HIGHEST WIND SPEED    12   HIGHEST WIND DIRECTION    SW (230)
  HIGHEST GUST SPEED    17   HIGHEST GUST DIRECTION     N (10)
  AVERAGE WIND SPEED     5.0


SKY COVER
  POSSIBLE SUNSHINE  MM
  AVERAGE SKY COVER 0.3


WEATHER CONDITIONS
 THE FOLLOWING WEATHER WAS RECORDED TODAY.
  NO SIGNIFICANT WEATHER WAS OBSERVED.


RELATIVE HUMIDITY (PERCENT)
 HIGHEST    84           500 AM
 LOWEST     44          1200 PM
 AVERAGE    64

..........................................................


THE JOHN WAYNE AIRPORT CA CLIMATE NORMALS FOR TOMORROW
                         NORMAL    RECORD    YEAR
 MAXIMUM TEMPERATURE (F)   79        87      2011
 MINIMUM TEMPERATURE (F)   65        63      1999


SUNRISE AND SUNSET
JULY 31 2014..........SUNRISE   603 AM PDT   SUNSET   752 PM PDT
AUGUST  1 2014........SUNRISE   604 AM PDT   SUNSET   752 PM PDT


-  INDICATES NEGATIVE NUMBERS.
R  INDICATES RECORD WAS SET OR TIED.
MM INDICATES DATA IS MISSING.
T  INDICATES TRACE AMOUNT.




$$
