000
CDUS46 KSGX 221417
CLISNA


CLIMATE REPORT
NATIONAL WEATHER SERVICE SAN DIEGO, CA
717 AM PDT WED OCT 22 2014


...................................

...THE JOHN WAYNE AIRPORT CA CLIMATE SUMMARY FOR OCTOBER 21 2014...

CLIMATE NORMAL PERIOD 1981 TO 2010
CLIMATE RECORD PERIOD 1999 TO 2014


WEATHER ITEM   OBSERVED TIME   RECORD YEAR NORMAL DEPARTURE LAST
                VALUE   (LST)  VALUE       VALUE  FROM      YEAR
                                                  NORMAL
..................................................................
TEMPERATURE (F)
 YESTERDAY
  MAXIMUM         79    122 PM  89    2003  75      4       72
                                      1999
  MINIMUM         65    413 AM  54    2004  58      7       59
  AVERAGE         72                        66      6       66

PRECIPITATION (IN)
  YESTERDAY        0.00          0.02 2010   0.03  -0.03     0.00
  MONTH TO DATE    0.00                      0.42  -0.42     0.20
  SINCE JUL 1      0.03                      0.71  -0.68     0.32
  SINCE JAN 1      2.62                      9.67  -7.05     2.29

SNOWFALL (IN)
  YESTERDAY        0.0
  MONTH TO DATE    0.0
  SINCE JAN 1      0.0
  SINCE JUL 1      0.0
  SNOW DEPTH       0

DEGREE DAYS
 HEATING
  YESTERDAY        0                         1     -1        0
  MONTH TO DATE    0                         8     -8        9
  SINCE SEP 1      0                         9     -9        9
  SINCE JUL 1      0                         9     -9        9

 COOLING
  YESTERDAY        7                         2      5        1
  MONTH TO DATE  216                        66    150       90
  SINCE SEP 1    632                       263    369      421
  SINCE JAN 1   1876                       834   1042     1125
..................................................................


WIND (MPH)
  RESULTANT WIND SPEED   1   RESULTANT WIND DIRECTION  SE (140)
  HIGHEST WIND SPEED     9   HIGHEST WIND DIRECTION    SW (220)
  HIGHEST GUST SPEED    13   HIGHEST GUST DIRECTION    SW (220)
  AVERAGE WIND SPEED     2.3


SKY COVER
  POSSIBLE SUNSHINE  MM
  AVERAGE SKY COVER 0.4


WEATHER CONDITIONS
 THE FOLLOWING WEATHER WAS RECORDED YESTERDAY.
  FOG


RELATIVE HUMIDITY (PERCENT)
 HIGHEST    84           400 AM
 LOWEST     52           100 PM
 AVERAGE    68

..........................................................


THE JOHN WAYNE AIRPORT CA CLIMATE NORMALS FOR TODAY
                         NORMAL    RECORD    YEAR
 MAXIMUM TEMPERATURE (F)   75        99      2008
 MINIMUM TEMPERATURE (F)   58        55      2011
                                             2004


SUNRISE AND SUNSET
OCTOBER 22 2014.......SUNRISE   702 AM PDT   SUNSET   609 PM PDT
OCTOBER 23 2014.......SUNRISE   703 AM PDT   SUNSET   608 PM PDT


-  INDICATES NEGATIVE NUMBERS.
R  INDICATES RECORD WAS SET OR TIED.
MM INDICATES DATA IS MISSING.
T  INDICATES TRACE AMOUNT.




$$
