000
CDUS46 KSGX 251417
CLISNA


CLIMATE REPORT
NATIONAL WEATHER SERVICE SAN DIEGO, CA
617 AM PST SUN JAN 25 2015


...................................

...THE JOHN WAYNE AIRPORT CA CLIMATE SUMMARY FOR JANUARY 24 2015...

CLIMATE NORMAL PERIOD 1981 TO 2010
CLIMATE RECORD PERIOD 1999 TO 2015


WEATHER ITEM   OBSERVED TIME   RECORD YEAR NORMAL DEPARTURE LAST
                VALUE   (LST)  VALUE       VALUE  FROM      YEAR
                                                  NORMAL
..................................................................
TEMPERATURE (F)
 YESTERDAY
  MAXIMUM         84R   107 PM  79    2006  67     17       72
  MINIMUM         63   1152 PM  41    2010  48     15       55
  AVERAGE         74                        57     17       64

PRECIPITATION (IN)
  YESTERDAY        0.00          0.61 2013   0.06  -0.06     0.00
  MONTH TO DATE    0.69                      2.57  -1.88     0.00
  SINCE OCT 1      4.49                      6.65  -2.16     0.93
  SINCE JAN 1      0.69                      2.57  -1.88     0.00

SNOWFALL (IN)
  YESTERDAY        0.0
  MONTH TO DATE    0.0
  SINCE JAN 1      0.0
  SINCE JUL 1      0.0
  SNOW DEPTH       0

DEGREE DAYS
 HEATING
  YESTERDAY        0                         8     -8        1
  MONTH TO DATE   89                       203   -114       87
  SINCE DEC 1    199                       482   -283      283
  SINCE JUL 1    203                       635   -432      356

 COOLING
  YESTERDAY        9                         0      9        0
  MONTH TO DATE   15                         0     15       27
  SINCE DEC 1     33                         1     32       31
  SINCE JAN 1     15                         0     15       27
..................................................................


WIND (MPH)
  RESULTANT WIND SPEED  15   RESULTANT WIND DIRECTION  NE (50)
  HIGHEST WIND SPEED    32   HIGHEST WIND DIRECTION     E (80)
  HIGHEST GUST SPEED    48   HIGHEST GUST DIRECTION     E (70)
  AVERAGE WIND SPEED    14.9


SKY COVER
  POSSIBLE SUNSHINE  MM
  AVERAGE SKY COVER 0.0


WEATHER CONDITIONS
 THE FOLLOWING WEATHER WAS RECORDED YESTERDAY.
  NO SIGNIFICANT WEATHER WAS OBSERVED.


RELATIVE HUMIDITY (PERCENT)
 HIGHEST    16          1200 AM
 LOWEST      9           100 AM
 AVERAGE    13

..........................................................


THE JOHN WAYNE AIRPORT CA CLIMATE NORMALS FOR TODAY
                         NORMAL    RECORD    YEAR
 MAXIMUM TEMPERATURE (F)   67        85      2012
 MINIMUM TEMPERATURE (F)   48        41      2002


SUNRISE AND SUNSET
JANUARY 25 2015.......SUNRISE   652 AM PST   SUNSET   516 PM PST
JANUARY 26 2015.......SUNRISE   652 AM PST   SUNSET   517 PM PST


-  INDICATES NEGATIVE NUMBERS.
R  INDICATES RECORD WAS SET OR TIED.
MM INDICATES DATA IS MISSING.
T  INDICATES TRACE AMOUNT.




$$
