000
CDAK48 PAFC 221303
CLISNP


CLIMATE REPORT
NATIONAL WEATHER SERVICE ANCHORAGE, AK
502 AM AKDT SUN OCT 22 2017


...................................

...THE SAINT PAUL ISLAND CLIMATE SUMMARY FOR OCTOBER 21 2017...

CLIMATE NORMAL PERIOD 1981 TO 2010
CLIMATE RECORD PERIOD 1892 TO 2017


WEATHER ITEM   OBSERVED TIME   RECORD YEAR NORMAL DEPARTURE LAST
                VALUE   (LST)  VALUE       VALUE  FROM      YEAR
                                                  NORMAL
..................................................................
TEMPERATURE (F)
 YESTERDAY
  MAXIMUM         38        MM  47    2012  42     -4       45
                                      1989
                                      1981
  MINIMUM         24        MM  20    1962  34    -10       32
  AVERAGE         31                        38     -7       39

PRECIPITATION (IN)
  YESTERDAY        0.10          0.67 1960   0.11  -0.01      T
  MONTH TO DATE    1.56                      2.11  -0.55     2.42
  SINCE SEP 1      3.27                      5.10  -1.83     6.87
  SINCE JAN 1     15.94                     17.53  -1.59    17.61

SNOWFALL (IN)
  YESTERDAY        0.3           1.6  1998   0.1    0.2      0.0
  MONTH TO DATE    0.3                       0.9   -0.6       T
  SINCE SEP 1      0.3                       0.9   -0.6       T
  SINCE JUL 1      0.3                       0.9   -0.6       T
  SNOW DEPTH       0

DEGREE DAYS
 HEATING
  YESTERDAY       34                        27      7       26
  MONTH TO DATE  481                       532    -51      407
  SINCE SEP 1   1049                      1122    -73      825
  SINCE JUL 1   2040                      2175   -135     1438

 COOLING
  YESTERDAY        0                         0      0        0
  MONTH TO DATE    0                         0      0        0
  SINCE SEP 1      0                         0      0        0
  SINCE JAN 1      0                         0      0        0
..................................................................


WIND (MPH)
  RESULTANT WIND SPEED  12   RESULTANT WIND DIRECTION  NW (320)
  HIGHEST WIND SPEED    21   HIGHEST WIND DIRECTION    NW (330)
  HIGHEST GUST SPEED    32   HIGHEST GUST DIRECTION    NW (320)
  AVERAGE WIND SPEED    12.9



WEATHER CONDITIONS
 THE FOLLOWING WEATHER WAS RECORDED YESTERDAY.
  LIGHT SNOW
  FOG


..........................................................


THE SAINT PAUL ISLAND CLIMATE NORMALS FOR TODAY
                         NORMAL    RECORD    YEAR
 MAXIMUM TEMPERATURE (F)   41        47      1989
                                             1978
 MINIMUM TEMPERATURE (F)   33        18      1962


SUNRISE AND SUNSET
OCTOBER 22 2017.......SUNRISE  1011 AM AKDT  SUNSET   759 PM AKDT
OCTOBER 23 2017.......SUNRISE  1013 AM AKDT  SUNSET   756 PM AKDT


-  INDICATES NEGATIVE NUMBERS.
R  INDICATES RECORD WAS SET OR TIED.
MM INDICATES DATA IS MISSING.
T  INDICATES TRACE AMOUNT.




$$
