000
CDAK48 PASN 011036
CLISNP

CLIMATE REPORT
NATIONAL WEATHER SERVICE ST PAUL, AK
236 AM AKDT FRI AUG 1 2014

...................................
...THE ST PAUL AIRPORT CLIMATE SUMMARY FOR JULY 31 2014...

CLIMATE NORMAL PERIOD  1981 TO  2010
CLIMATE RECORD PERIOD  1892 TO  2014

WEATHER ITEM   OBSERVED TIME    RECORD YEAR NORMAL DEPARTURE LAST
               VALUE    (LST)   VALUE       VALUE  FROM      YEAR
                                                   NORMAL
...................................................................
TEMPERATURE
YESTERDAY
 MAXIMUM            63  0501 PM    63  1969     52      11     54
 MINIMUM            44  0620 AM    37  2000     45      -1     48
 AVERAGE            54                          48       6     51

PRECIPITATION
(INCHES)
 YESTERDAY        0.00           0.96  1950   0.07   -0.07   0.21
 MONTH TO DATE    1.07                        1.85   -0.78   1.62
 SINCE JUN 1      2.09                        3.20   -1.11   3.17
 SINCE JAN 1      9.23                        9.36   -0.13  10.35

SNOWFALL
(INCHES)
 YESTERDAY         0.0            0.0  2014    0.0     0.0    0.0
 MONTH TO DATE     0.0                         0.0     0.0    0.0
 SINCE JUN 1       0.0                         0.0     0.0    0.0
 SINCE JUL 1       0.0                         0.0     0.0    0.0
 SNOW DEPTH (IN)     0                                          0

DEGREE DAYS
 HEATING
  YESTERDAY         11                          17      -6     14
  MONTH TO DATE    446                         553    -107    551
  SINCE JUN 1     1074                        1232    -158   1261
  SINCE JUL 1      446                         553    -107    551

 COOLING
  YESTERDAY          0                           0       0      0
  MONTH TO DATE      0                           0       0      0
  SINCE JUN 1        0                           0       0      0
  SINCE JAN 1        0                           0       0      0
...................................................................

WIND (MPH)
 HIGHEST WIND SPEED    12     HIGHEST WIND DIRECTION     90
 HIGHEST GUST SPEED    13     HIGHEST GUST DIRECTION    110
 AVERAGE WIND SPEED   5.7

SKY COVER
  POSSIBLE SUNSHINE    MM          AVERAGE SKY COVER     MM

WEATHER CONDITIONS
 THE FOLLOWING WEATHER WAS RECORDED YESTERDAY.
 DENSE FOG
 FOG

RELATIVE HUMIDITY
 HIGHEST RH     MM PERCENT       MM
 LOWEST  RH     MM PERCENT       MM
 AVERAGE RH     MM PERCENT       MM
...................................................................

THE ST PAUL CLIMATE NORMALS FOR TODAY
                           NORMAL    RECORD   YEAR
 MAXIMUM TEMPERATURE (F)     52        60     1977
 MINIMUM TEMPERATURE (F)     45        37     1990

SUNRISE AND SUNSET
 AUG 1 2014..........SUNRISE  7:20 AM      SUNSET 11:34 PM
 AUG 2 2014..........SUNRISE  7:22 AM      SUNSET 11:32 PM

-  INDICATES NEGATIVE NUMBERS.
R  INDICATES RECORD HAS BEEN SET OR TIED.
MM INDICATES DATA IS MISSING.
T  INDICATES TRACE OF PRECIPITATION.

&&
-------------------------------------------------------------------

AMOUNT OF DAYLIGHT TODAY  (HOUR:MIN)........16 HOURS 14 MINUTES
GAIN/LOSS SINCE YESTERDAY (HOUR:MIN:SEC)....-0:04:06

$$
HCH AUG 14
