000
CDAK48 PASN 250953
CLISNP

CLIMATE REPORT
NATIONAL WEATHER SERVICE ST PAUL, AK
153 AM AKDT SAT OCT 25 2014

...................................
...THE ST PAUL AIRPORT CLIMATE SUMMARY FOR OCTOBER 24 2014...

CLIMATE NORMAL PERIOD  1981 TO  2010
CLIMATE RECORD PERIOD  1949 TO  2014

WEATHER ITEM   OBSERVED TIME    RECORD YEAR NORMAL DEPARTURE LAST
               VALUE    (LST)   VALUE       VALUE  FROM      YEAR
                                                   NORMAL
...................................................................
TEMPERATURE
YESTERDAY
 MAXIMUM            45  0244 PM    47  1969     41       4     42
 MINIMUM            28  0729 AM    20  2008     33      -5     37
 AVERAGE            37                          37       0     40

PRECIPITATION
(INCHES)
 YESTERDAY           T           0.60  2007   0.10   -0.10   0.33
 MONTH TO DATE    0.73                        2.41   -1.68   2.81
 SINCE SEP 1      4.30                        5.40   -1.10   5.82
 SINCE JAN 1     17.53                       17.83   -0.30  19.85

SNOWFALL
(INCHES)
 YESTERDAY         0.0            1.3  1968    0.1    -0.1      T
 MONTH TO DATE       T                         1.1    -1.1      T
 SINCE SEP 1       0.0                         1.1    -1.1    0.0
 SINCE JUL 1         T                         1.1    -1.1      T
 SNOW DEPTH (IN)     0                                          0

DEGREE DAYS
 HEATING
  YESTERDAY         28                          28       0     25
  MONTH TO DATE    613                         616      -3    561
  SINCE SEP 1     1072                        1207    -135   1153
  SINCE JUL 1     1889                        2259    -370   2196

 COOLING
  YESTERDAY          0                           0       0      0
  MONTH TO DATE      0                           0       0      0
  SINCE SEP 1        0                           0       0      0
  SINCE JAN 1        0                           0       0      0
...................................................................

WIND (MPH)
 HIGHEST WIND SPEED    20     HIGHEST WIND DIRECTION    230
 HIGHEST GUST SPEED    24     HIGHEST GUST DIRECTION    240
 AVERAGE WIND SPEED  10.4

SKY COVER
  POSSIBLE SUNSHINE    MM          AVERAGE SKY COVER     MM

WEATHER CONDITIONS
 THE FOLLOWING WEATHER WAS RECORDED YESTERDAY.
  RAIN


RELATIVE HUMIDITY
 HIGHEST RH     MM PERCENT       MM
 LOWEST  RH     MM PERCENT       MM
 AVERAGE RH     MM PERCENT       MM
...................................................................

THE ST PAUL CLIMATE NORMALS FOR TODAY
                           NORMAL    RECORD   YEAR
 MAXIMUM TEMPERATURE (F)     41        46     1981
 MINIMUM TEMPERATURE (F)     33        18     2008

SUNRISE AND SUNSET
 OCT 25 2014..........SUNRISE 10:17 AM      SUNSET  7:52 PM
 OCT 26 2014..........SUNRISE 10:20 AM      SUNSET  7:50 PM

-  INDICATES NEGATIVE NUMBERS.
R  INDICATES RECORD HAS BEEN SET OR TIED.
MM INDICATES DATA IS MISSING.
T  INDICATES TRACE OF PRECIPITATION.

&&
-------------------------------------------------------------------

AMOUNT OF DAYLIGHT TODAY  (HOUR:MIN)........9 HOURS 35 MINUTES
GAIN/LOSS SINCE YESTERDAY (HOUR:MIN:SEC)....-0:04:39

$$
TR OCT 14
