000
CDAK48 PASN 122341
CLISNP

CLIMATE REPORT
NATIONAL WEATHER SERVICE ST PAUL, AK
341 PM AKDT SAT JUL 12 2014

...................................
...THE ST PAUL AIRPORT CLIMATE SUMMARY FOR JULY 12 2014...
VALID TODAY AS OF 2:00 PM LOCAL TIME

CLIMATE NORMAL PERIOD  1981 TO  2010
CLIMATE RECORD PERIOD  1949 TO  2014

WEATHER ITEM   OBSERVED TIME    RECORD YEAR NORMAL DEPARTURE LAST
               VALUE    (LST)   VALUE       VALUE  FROM      YEAR
                                                   NORMAL
...................................................................
TEMPERATURE
TODAY
 MAXIMUM            56  0105 PM    62  2010     51       5     48
 MINIMUM            47  0114 AM    33  1961     43       4     44
 AVERAGE            52                          47       5     46

PRECIPITATION
(INCHES)
 TODAY            0.00           0.53  1993   0.05   -0.05   0.01
 MONTH TO DATE    0.68                        0.63    0.05   0.69
 SINCE JUN 1      1.70                        1.98   -0.28   2.24
 SINCE JAN 1      8.84                        8.14    0.70   9.42

SNOWFALL
(INCHES)
 TODAY             0.0            0.0  2014    0.0     0.0    0.0
 MONTH TO DATE     0.0                         0.0     0.0    0.0
 SINCE JUN 1       0.0                         0.0     0.0    0.0
 SINCE JUL 1       0.0                         0.0     0.0    0.0
 SNOW DEPTH (IN)     0                                          0

DEGREE DAYS
 HEATING
  TODAY             13                          18      -5     19
  MONTH TO DATE    189                         225     -36    252
  SINCE JUN 1      817                         904     -87    962
  SINCE JUL 1      189                         225     -36    252

 COOLING
  TODAY              0                           0       0      0
  MONTH TO DATE      0                           0       0      0
  SINCE JUN 1        0                           0       0      0
  SINCE JAN 1        0                           0       0      0
...................................................................

WIND (MPH)
 HIGHEST WIND SPEED    30     HIGHEST WIND DIRECTION    340
 HIGHEST GUST SPEED    35     HIGHEST GUST DIRECTION    360
 AVERAGE WIND SPEED    MM

SKY COVER
  POSSIBLE SUNSHINE  MM            AVERAGE SKY COVER MM

WEATHER CONDITIONS
 THE FOLLOWING WEATHER WAS RECORDED TODAY.
FOG


RELATIVE HUMIDITY
 HIGHEST RH     MM PERCENT       MM
 LOWEST  RH     MM PERCENT       MM
 AVERAGE RH     MM PERCENT       MM
...................................................................

THE ST PAUL CLIMATE NORMALS FOR TOMORROW
                        NORMAL    RECORD   YEAR
 MAXIMUM TEMPERATURE      51        57     2005
 MINIMUM TEMPERATURE      43        28     1961

SUNRISE AND SUNSET
 JUL 12 2014..........SUNRISE  6:44 AM      SUNSET 12:09 AM
 JUL 13 2014..........SUNRISE  6:46 AM      SUNSET 12:08 AM

-  INDICATES NEGATIVE NUMBERS.
R  INDICATES RECORD HAS BEEN SET OR TIED.
MM INDICATES DATA IS MISSING.
T  INDICATES TRACE OF PRECIPITATION.

&&
-------------------------------------------------------------------

AMOUNT OF DAYLIGHT TODAY  (HOUR:MIN)........17 HOURS 25 MINUTES
GAIN/LOSS SINCE YESTERDAY (HOUR:MIN:SEC)....-0:02:37

$$
WIW JUL 14
