449
CDAK48 PAFC 161252
CLISNP


CLIMATE REPORT
NATIONAL WEATHER SERVICE ANCHORAGE, AK
351 AM AKST TUE JAN 16 2018


...................................

...THE SAINT PAUL ISLAND CLIMATE SUMMARY FOR JANUARY 15 2018...

CLIMATE NORMAL PERIOD 1981 TO 2010
CLIMATE RECORD PERIOD 1892 TO 2018


WEATHER ITEM   OBSERVED TIME   RECORD YEAR NORMAL DEPARTURE LAST
                VALUE   (LST)  VALUE       VALUE  FROM      YEAR
                                                  NORMAL
..................................................................
TEMPERATURE (F)
 YESTERDAY
  MAXIMUM         34        MM  41    1963  29      5       23
  MINIMUM         27        MM  -7    1975  21      6        4
  AVERAGE         31                        25      6       14

PRECIPITATION (IN)
  YESTERDAY        0.06          0.46 2006   0.05   0.01     0.13
  MONTH TO DATE    0.74                      0.82  -0.08     0.49
  SINCE SEP 1     15.60                     12.06   3.54    17.02
  SINCE JAN 1      0.74                      0.82  -0.08     0.49

SNOWFALL (IN)
  YESTERDAY        T            MM      MM   0.4   -0.4      1.3
  MONTH TO DATE    T                         6.2   -6.2      5.6
  SINCE SEP 1      5.3                      28.6  -23.3     15.8
  SINCE JUL 1      5.3                      28.6  -23.3     15.8
  SNOW DEPTH       1

DEGREE DAYS
 HEATING
  YESTERDAY       34                        40     -6       51
  MONTH TO DATE  452                       587   -135      548
  SINCE DEC 1   1476                      1708   -232     1504
  SINCE JUL 1   4554                      5129   -575     4073

 COOLING
  YESTERDAY        0                         0      0        0
  MONTH TO DATE    0                         0      0        0
  SINCE DEC 1      0                         0      0        0
  SINCE JAN 1      0                         0      0        0
..................................................................


WIND (MPH)
  RESULTANT WIND SPEED  12   RESULTANT WIND DIRECTION  NW (300)
  HIGHEST WIND SPEED    16   HIGHEST WIND DIRECTION     W (290)
  HIGHEST GUST SPEED    23   HIGHEST GUST DIRECTION     W (280)
  AVERAGE WIND SPEED    12.7



WEATHER CONDITIONS
 THE FOLLOWING WEATHER WAS RECORDED YESTERDAY.
  LIGHT SNOW
  FOG


..........................................................


THE SAINT PAUL ISLAND CLIMATE NORMALS FOR TODAY
                         NORMAL    RECORD    YEAR
 MAXIMUM TEMPERATURE (F)   29        42      1963
 MINIMUM TEMPERATURE (F)   21        -8      1893


SUNRISE AND SUNSET
JANUARY 16 2018.......SUNRISE  1047 AM AKST  SUNSET   615 PM AKST
JANUARY 17 2018.......SUNRISE  1046 AM AKST  SUNSET   617 PM AKST


-  INDICATES NEGATIVE NUMBERS.
R  INDICATES RECORD WAS SET OR TIED.
MM INDICATES DATA IS MISSING.
T  INDICATES TRACE AMOUNT.




$$
