310
CDAK48 PASN 270903
CLISNP

CLIMATE REPORT
NATIONAL WEATHER SERVICE ST PAUL, AK
103 AM AKDT SAT AUG 27 2016

...................................
...THE ST PAUL AIRPORT CLIMATE SUMMARY FOR AUGUST 26 2016...

CLIMATE NORMAL PERIOD  1981 TO  2010
CLIMATE RECORD PERIOD  1892 TO  2016

WEATHER ITEM   OBSERVED TIME    RECORD YEAR NORMAL DEPARTURE LAST
               VALUE    (LST)   VALUE       VALUE  FROM      YEAR
                                                   NORMAL
...................................................................
TEMPERATURE
YESTERDAY
 MAXIMUM            53  0718 PM    64  1987     52       1     55
 MINIMUM            51  0954 AM    30  1963     46       5     51
 AVERAGE            52                          49       3     53

PRECIPITATION
(INCHES)
 YESTERDAY        0.15           1.47  1953   0.10    0.05   0.02
 MONTH TO DATE    2.81                        2.53    0.28   1.08
 SINCE JUN 1      5.28                        5.73   -0.45   3.84
 SINCE JAN 1     11.20                       11.89   -0.69  10.12

SNOWFALL
(INCHES)
 YESTERDAY         0.0            0.0  2016    0.0     0.0    0.0
 MONTH TO DATE     0.0                         0.0     0.0    0.0
 SINCE JUN 1       0.0                         0.0     0.0    0.0
 SINCE JUL 1       0.0                         0.0     0.0    0.0
 SNOW DEPTH (IN)     0                                          0

DEGREE DAYS
 HEATING
  YESTERDAY         13                          16      -3     12
  MONTH TO DATE    318                         417     -99    360
  SINCE JUN 1     1242                        1649    -407   1458
  SINCE JUL 1      710                         970    -260    838

 COOLING
  YESTERDAY          0                           0       0      0
  MONTH TO DATE      0                           0       0      0
  SINCE JUN 1        0                           0       0      0
  SINCE JAN 1        0                           0       0      0
...................................................................

WIND (MPH)
 HIGHEST WIND SPEED    22     HIGHEST WIND DIRECTION    180
 HIGHEST GUST SPEED    28     HIGHEST GUST DIRECTION    180
 AVERAGE WIND SPEED    MM

SKY COVER
  POSSIBLE SUNSHINE    MM          AVERAGE SKY COVER     MM

WEATHER CONDITIONS
 THE FOLLOWING WEATHER WAS RECORDED YESTERDAY.
  FOG
RAIN


RELATIVE HUMIDITY
 HIGHEST RH     MM PERCENT       MM
 LOWEST  RH     MM PERCENT       MM
 AVERAGE RH     MM PERCENT       MM
...................................................................

THE ST PAUL CLIMATE NORMALS FOR TODAY
                           NORMAL    RECORD   YEAR
 MAXIMUM TEMPERATURE (F)     52        63     1977
 MINIMUM TEMPERATURE (F)     45        36     1956

SUNRISE AND SUNSET
 AUG 27 2016..........SUNRISE  8:15 AM      SUNSET 10:29 PM
 AUG 28 2016..........SUNRISE  8:17 AM      SUNSET 10:27 PM

-  INDICATES NEGATIVE NUMBERS.
R  INDICATES RECORD HAS BEEN SET OR TIED.
MM INDICATES DATA IS MISSING.
T  INDICATES TRACE OF PRECIPITATION.

&&
-------------------------------------------------------------------

AMOUNT OF DAYLIGHT TODAY  (HOUR:MIN)........14 HOURS 14 MINUTES
GAIN/LOSS SINCE YESTERDAY (HOUR:MIN:SEC)....-0:04:43

$$
*** AUG 16
