414
CDAK48 PAFC 190054
CLISNP


CLIMATE REPORT
NATIONAL WEATHER SERVICE ANCHORAGE, AK
453 PM AKDT FRI AUG 18 2017


...................................

...THE SAINT PAUL ISLAND CLIMATE SUMMARY FOR AUGUST 18 2017...
VALID TODAY AS OF 0400 PM LOCAL TIME.

CLIMATE NORMAL PERIOD 1981 TO 2010
CLIMATE RECORD PERIOD 1892 TO 2017


WEATHER ITEM   OBSERVED TIME   RECORD YEAR NORMAL DEPARTURE LAST
                VALUE   (LST)  VALUE       VALUE  FROM      YEAR
                                                  NORMAL
..................................................................
TEMPERATURE (F)
 TODAY
  MAXIMUM         52        MM  58    2014  52      0       55
  MINIMUM         49        MM  33    1960  46      3       49
  AVERAGE         51                        49      2       52

PRECIPITATION (IN)
  TODAY            0.05          1.02 1998   0.10  -0.05     0.00
  MONTH TO DATE    1.31                      1.70  -0.39     1.98
  SINCE JUN 1      6.07                      4.90   1.17     4.11
  SINCE JAN 1     11.88                     11.06   0.82     9.80

SNOWFALL (IN)
  TODAY            0.0          MM      MM   0.0    0.0      0.0
  MONTH TO DATE    0.0                       0.0    0.0      0.0
  SINCE JUN 1      0.0                       T      0.0      0.0
  SINCE JUL 1      0.0                       0.0    0.0      0.0
  SNOW DEPTH       0

DEGREE DAYS
 HEATING
  TODAY           14                        16     -2       13
  MONTH TO DATE  251                       289    -38      187
  SINCE JUN 1   1331                      1519   -188      940
  SINCE JUL 1    777                       841    -64      478

 COOLING
  TODAY            0                         0      0        0
  MONTH TO DATE    0                         0      0        0
  SINCE JUN 1      0                         0      0        0
  SINCE JAN 1      0                         0      0        0
..................................................................


WIND (MPH)
  RESULTANT WIND SPEED   8   RESULTANT WIND DIRECTION   E (100)
  HIGHEST WIND SPEED    14   HIGHEST WIND DIRECTION     E (110)
  HIGHEST GUST SPEED    MM   HIGHEST GUST DIRECTION    MM
  AVERAGE WIND SPEED     7.8



WEATHER CONDITIONS
 THE FOLLOWING WEATHER WAS RECORDED TODAY.
  LIGHT RAIN
  FOG


..........................................................


THE SAINT PAUL ISLAND CLIMATE NORMALS FOR TOMORROW
                         NORMAL    RECORD    YEAR
 MAXIMUM TEMPERATURE (F)   52        58      2014
 MINIMUM TEMPERATURE (F)   46        33      1986


SUNRISE AND SUNSET
AUGUST 18 2017........SUNRISE   755 AM AKDT  SUNSET  1053 PM AKDT
AUGUST 19 2017........SUNRISE   757 AM AKDT  SUNSET  1050 PM AKDT


-  INDICATES NEGATIVE NUMBERS.
R  INDICATES RECORD WAS SET OR TIED.
MM INDICATES DATA IS MISSING.
T  INDICATES TRACE AMOUNT.




$$
