852
CDUS46 KMTR 220826
CLISNS


CLIMATE REPORT
NATIONAL WEATHER SERVICE SAN FRANCISCO BAY AREA
1226 AM PST SUN JAN 22 2017


...................................

...THE SALINAS AIRPORT CLIMATE SUMMARY FOR JANUARY 21 2017...

CLIMATE NORMAL PERIOD 1981 TO 2010
CLIMATE RECORD PERIOD 1930 TO 2017


WEATHER ITEM   OBSERVED TIME   RECORD YEAR NORMAL DEPARTURE LAST
                VALUE   (LST)  VALUE       VALUE  FROM      YEAR
                                                  NORMAL
..................................................................
TEMPERATURE (F)
 YESTERDAY
  MAXIMUM         55    455 PM  76    2014  62     -7       65
  MINIMUM         43    815 AM  18    1937  42      1       50
  AVERAGE         49                        52     -3       58

PRECIPITATION (IN)
  YESTERDAY        0.19          1.50 1943   0.08   0.11     0.00
  MONTH TO DATE    4.84                      1.74   3.10     3.16
  SINCE OCT 1      8.84                      5.65   3.19     8.06
  SINCE JAN 1      4.84                      1.74   3.10     3.16

DEGREE DAYS
 HEATING
  YESTERDAY       16                        13      3        7
  MONTH TO DATE  307                       293     14      249
  SINCE DEC 1    752                       728     24      732
  SINCE JUL 1   1322                      1346    -24     1092

 COOLING
  YESTERDAY        0                         0      0        0
  MONTH TO DATE    0                         0      0        0
  SINCE DEC 1      0                         0      0        0
  SINCE JAN 1      0                         0      0        0
..................................................................


WIND (MPH)
  RESULTANT WIND SPEED  11   RESULTANT WIND DIRECTION  SE (120)
  HIGHEST WIND SPEED    31   HIGHEST WIND DIRECTION     E (110)
  HIGHEST GUST SPEED    39   HIGHEST GUST DIRECTION     E (100)
  AVERAGE WIND SPEED    12.0


SKY COVER
  POSSIBLE SUNSHINE  MM
  AVERAGE SKY COVER 0.8


WEATHER CONDITIONS
 THE FOLLOWING WEATHER WAS RECORDED YESTERDAY.
  RAIN


RELATIVE HUMIDITY (PERCENT)
 HIGHEST    92           200 AM
 LOWEST     66           200 PM
 AVERAGE    79

..........................................................


THE SALINAS AIRPORT CLIMATE NORMALS FOR TODAY
                         NORMAL    RECORD    YEAR
 MAXIMUM TEMPERATURE (F)   62        80      1968
 MINIMUM TEMPERATURE (F)   42        23      1937


SUNRISE AND SUNSET
JANUARY 22 2017.......SUNRISE   715 AM PST   SUNSET   522 PM PST
JANUARY 23 2017.......SUNRISE   714 AM PST   SUNSET   523 PM PST


-  INDICATES NEGATIVE NUMBERS.
R  INDICATES RECORD WAS SET OR TIED.
MM INDICATES DATA IS MISSING.
T  INDICATES TRACE AMOUNT.




$$
