000
CDUS46 KMTR 260842
CLISNS


CLIMATE REPORT
NATIONAL WEATHER SERVICE SAN FRANCISCO BAY AREA
1242 AM PST MON JAN 26 2015


...................................

...THE SALINAS AIRPORT CLIMATE SUMMARY FOR JANUARY 25 2015...

CLIMATE NORMAL PERIOD 1981 TO 2010
CLIMATE RECORD PERIOD 1930 TO 2015


WEATHER ITEM   OBSERVED TIME   RECORD YEAR NORMAL DEPARTURE LAST
                VALUE   (LST)  VALUE       VALUE  FROM      YEAR
                                                  NORMAL
..................................................................
TEMPERATURE (F)
 YESTERDAY
  MAXIMUM         83R   423 PM  78    2014  62     21       78
  MINIMUM         49    920 PM  26    1949  42      7       45
  AVERAGE         66                        52     14       62

PRECIPITATION (IN)
  YESTERDAY        0.00          0.74 1969   0.08  -0.08     0.00
  MONTH TO DATE    0.01                      2.07  -2.06     0.01
  SINCE JUL 1      8.11                      6.18   1.93     0.95
  SINCE JAN 1      0.01                      2.07  -2.06     0.01

DEGREE DAYS
 HEATING
  YESTERDAY        0                        13    -13        3
  MONTH TO DATE  198                       345   -147      198
  SINCE DEC 1    454                       780   -326      601
  SINCE JUL 1    668                      1398   -730     1127

 COOLING
  YESTERDAY        1                         0      1        0
  MONTH TO DATE    1                         0      1        2
  SINCE DEC 1      2                         0      2        2
  SINCE JAN 1      1                         0      1        2
..................................................................


WIND (MPH)
  RESULTANT WIND SPEED  10   RESULTANT WIND DIRECTION   E (100)
  HIGHEST WIND SPEED    24   HIGHEST WIND DIRECTION     E (100)
  HIGHEST GUST SPEED    29   HIGHEST GUST DIRECTION     E (100)
  AVERAGE WIND SPEED    10.1


SKY COVER
  POSSIBLE SUNSHINE  MM
  AVERAGE SKY COVER 0.0


WEATHER CONDITIONS
 THE FOLLOWING WEATHER WAS RECORDED YESTERDAY.
  NO SIGNIFICANT WEATHER WAS OBSERVED.


RELATIVE HUMIDITY (PERCENT)
 HIGHEST    59           200 AM
 LOWEST     15           300 PM
 AVERAGE    37

..........................................................


THE SALINAS AIRPORT CLIMATE NORMALS FOR TODAY
                         NORMAL    RECORD    YEAR
 MAXIMUM TEMPERATURE (F)   62        76      2011
                                             1986
 MINIMUM TEMPERATURE (F)   42        28      1949


SUNRISE AND SUNSET
JANUARY 26 2015.......SUNRISE   713 AM PST   SUNSET   526 PM PST
JANUARY 27 2015.......SUNRISE   712 AM PST   SUNSET   527 PM PST


-  INDICATES NEGATIVE NUMBERS.
R  INDICATES RECORD WAS SET OR TIED.
MM INDICATES DATA IS MISSING.
T  INDICATES TRACE AMOUNT.




$$
