000
CDUS46 KMTR 010845
CLISNS


CLIMATE REPORT
NATIONAL WEATHER SERVICE SAN FRANCISCO BAY AREA
145 AM PDT SAT AUG 1 2015


...................................

...THE SALINAS AIRPORT CLIMATE SUMMARY FOR JULY 31 2015...

CLIMATE NORMAL PERIOD 1981 TO 2010
CLIMATE RECORD PERIOD 1930 TO 2015


WEATHER ITEM   OBSERVED TIME   RECORD YEAR NORMAL DEPARTURE LAST
                VALUE   (LST)  VALUE       VALUE  FROM      YEAR
                                                  NORMAL
..................................................................
TEMPERATURE (F)
 YESTERDAY
  MAXIMUM         73    127 PM  96    1993  71      2       74
  MINIMUM         61    652 AM  47    1982  56      5       59
  AVERAGE         67                        63      4       67

PRECIPITATION (IN)
  YESTERDAY        T             0.01 2004   0.00   0.00     0.00
  MONTH TO DATE    0.01                      T      0.01     0.01
  SINCE OCT 1      9.82                     12.63  -2.81     5.81
  SINCE JAN 1      1.83                      8.72  -6.89     4.98

DEGREE DAYS
 HEATING
  YESTERDAY        0                         2     -2        0
  MONTH TO DATE    2                        82    -80       38
  SINCE JUN 1     83                       191   -108      152
  SINCE JUL 1      2                        78    -76       38

 COOLING
  YESTERDAY        2                         0      2        2
  MONTH TO DATE   54                        18     36       43
  SINCE JUN 1     66                        30     36       43
  SINCE JAN 1     97                        46     51       93
..................................................................


WIND (MPH)
  RESULTANT WIND SPEED   8   RESULTANT WIND DIRECTION   W (280)
  HIGHEST WIND SPEED    17   HIGHEST WIND DIRECTION     W (290)
  HIGHEST GUST SPEED    24   HIGHEST GUST DIRECTION    NW (300)
  AVERAGE WIND SPEED     8.3


SKY COVER
  POSSIBLE SUNSHINE  MM
  AVERAGE SKY COVER 0.7


WEATHER CONDITIONS
 THE FOLLOWING WEATHER WAS RECORDED YESTERDAY.
  LIGHT RAIN
  FOG


RELATIVE HUMIDITY (PERCENT)
 HIGHEST    90           300 AM
 LOWEST     66          1100 AM
 AVERAGE    78

..........................................................


THE SALINAS AIRPORT CLIMATE NORMALS FOR TODAY
                         NORMAL    RECORD    YEAR
 MAXIMUM TEMPERATURE (F)   71        97      1993
 MINIMUM TEMPERATURE (F)   56        47      1969


SUNRISE AND SUNSET
AUGUST  1 2015........SUNRISE   512 AM PST   SUNSET   713 PM PST
AUGUST  2 2015........SUNRISE   513 AM PST   SUNSET   712 PM PST


-  INDICATES NEGATIVE NUMBERS.
R  INDICATES RECORD WAS SET OR TIED.
MM INDICATES DATA IS MISSING.
T  INDICATES TRACE AMOUNT.




$$
