000
CDUS46 KMTR 280825
CLISNS


CLIMATE REPORT
NATIONAL WEATHER SERVICE SAN FRANCISCO BAY AREA
1225 AM PST TUE FEB 28 2017


...................................

...THE SALINAS AIRPORT CLIMATE SUMMARY FOR FEBRUARY 27 2017...

CLIMATE NORMAL PERIOD 1981 TO 2010
CLIMATE RECORD PERIOD 1930 TO 2017


WEATHER ITEM   OBSERVED TIME   RECORD YEAR NORMAL DEPARTURE LAST
                VALUE   (LST)  VALUE       VALUE  FROM      YEAR
                                                  NORMAL
..................................................................
TEMPERATURE (F)
 YESTERDAY
  MAXIMUM         56    307 PM  82    1992  64     -8       70
  MINIMUM         42   1157 PM  29    1962  44     -2       51
  AVERAGE         49                        54     -5       61

PRECIPITATION (IN)
  YESTERDAY        0.09          1.23 1940   0.09   0.00     0.00
  MONTH TO DATE    4.43                      2.41   2.02     0.45
  SINCE OCT 1     14.29                      8.92   5.37     9.39
  SINCE JAN 1     10.29                      5.01   5.28     4.49

DEGREE DAYS
 HEATING
  YESTERDAY       16                        11      5        4
  MONTH TO DATE  283                       325    -42      181
  SINCE DEC 1   1174                      1185    -11     1021
  SINCE JUL 1   1744                      1803    -59     1381

 COOLING
  YESTERDAY        0                         0      0        0
  MONTH TO DATE    0                         0      0        3
  SINCE DEC 1      0                         0      0        3
  SINCE JAN 1      0                         0      0        3
..................................................................


WIND (MPH)
  RESULTANT WIND SPEED   5   RESULTANT WIND DIRECTION   W (260)
  HIGHEST WIND SPEED    17   HIGHEST WIND DIRECTION     W (270)
  HIGHEST GUST SPEED    22   HIGHEST GUST DIRECTION     W (260)
  AVERAGE WIND SPEED     5.9


SKY COVER
  POSSIBLE SUNSHINE  MM
  AVERAGE SKY COVER 0.4


WEATHER CONDITIONS
 THE FOLLOWING WEATHER WAS RECORDED YESTERDAY.
  RAIN
  LIGHT RAIN
  FOG


RELATIVE HUMIDITY (PERCENT)
 HIGHEST    92           600 AM
 LOWEST     51           300 PM
 AVERAGE    72

..........................................................


THE SALINAS AIRPORT CLIMATE NORMALS FOR TODAY
                         NORMAL    RECORD    YEAR
 MAXIMUM TEMPERATURE (F)   64        77      1954
 MINIMUM TEMPERATURE (F)   44        30      1955


SUNRISE AND SUNSET
FEBRUARY 28 2017......SUNRISE   638 AM PST   SUNSET   600 PM PST
MARCH  1 2017.........SUNRISE   637 AM PST   SUNSET   601 PM PST


-  INDICATES NEGATIVE NUMBERS.
R  INDICATES RECORD WAS SET OR TIED.
MM INDICATES DATA IS MISSING.
T  INDICATES TRACE AMOUNT.




$$
