000
CDUS46 KMTR 180027
CLISNS


CLIMATE REPORT
NATIONAL WEATHER SERVICE SAN FRANCISCO BAY AREA
527 PM PDT THU APR 17 2014


...................................

...THE SALINAS AIRPORT CLIMATE SUMMARY FOR APRIL 17 2014...
VALID TODAY AS OF 0500 PM LOCAL TIME.

CLIMATE NORMAL PERIOD 1981 TO 2010
CLIMATE RECORD PERIOD 1930 TO 2014


WEATHER ITEM   OBSERVED TIME   RECORD YEAR NORMAL DEPARTURE LAST
                VALUE   (LST)  VALUE       VALUE  FROM      YEAR
                                                  NORMAL
..................................................................
TEMPERATURE (F)
 TODAY
  MAXIMUM         60    316 PM  87    1952  67     -7       68
  MINIMUM         48    557 AM  34    1944  46      2       41
  AVERAGE         54                        57     -3       55

PRECIPITATION (IN)
  TODAY            0.00          0.45 1957   0.03  -0.03     0.00
  MONTH TO DATE    0.37                      0.63  -0.26     0.27
  SINCE JUL 1      5.66                     12.09  -6.43     8.92
  SINCE JAN 1      4.72                      7.98  -3.26     2.28

DEGREE DAYS
 HEATING
  TODAY           11                         8      3       10
  MONTH TO DATE  109                       154    -45      133
  SINCE MAR 1    307                       474   -167      413
  SINCE JUL 1   1739                      2288   -549     2168

 COOLING
  TODAY            0                         0      0        0
  MONTH TO DATE    3                         0      3        0
  SINCE MAR 1      4                         1      3        0
  SINCE JAN 1      6                         1      5        0
..................................................................


WIND (MPH)
  RESULTANT WIND SPEED   6   RESULTANT WIND DIRECTION   W (270)
  HIGHEST WIND SPEED    17   HIGHEST WIND DIRECTION     W (250)
  HIGHEST GUST SPEED    23   HIGHEST GUST DIRECTION     W (250)
  AVERAGE WIND SPEED     6.6


SKY COVER
  POSSIBLE SUNSHINE  MM
  AVERAGE SKY COVER 0.7


WEATHER CONDITIONS
 THE FOLLOWING WEATHER WAS RECORDED TODAY.
  FOG
  HAZE


RELATIVE HUMIDITY (PERCENT)
 HIGHEST    89           100 AM
 LOWEST     67           200 PM
 AVERAGE    78

..........................................................


THE SALINAS AIRPORT CLIMATE NORMALS FOR TOMORROW
                         NORMAL    RECORD    YEAR
 MAXIMUM TEMPERATURE (F)   67        84      1950
 MINIMUM TEMPERATURE (F)   46        31      1933


SUNRISE AND SUNSET
APRIL 17 2014.........SUNRISE   530 AM PST   SUNSET   643 PM PST
APRIL 18 2014.........SUNRISE   528 AM PST   SUNSET   644 PM PST


-  INDICATES NEGATIVE NUMBERS.
R  INDICATES RECORD WAS SET OR TIED.
MM INDICATES DATA IS MISSING.
T  INDICATES TRACE AMOUNT.




$$
