000
CDUS46 KMTR 090026
CLISNS


CLIMATE REPORT
NATIONAL WEATHER SERVICE SAN FRANCISCO BAY AREA
426 PM PST MON FEB 8 2016


...................................

...THE SALINAS AIRPORT CLIMATE SUMMARY FOR FEBRUARY 8 2016...
VALID TODAY AS OF 0400 PM LOCAL TIME.

CLIMATE NORMAL PERIOD 1981 TO 2010
CLIMATE RECORD PERIOD 1930 TO 2016


WEATHER ITEM   OBSERVED TIME   RECORD YEAR NORMAL DEPARTURE LAST
                VALUE   (LST)  VALUE       VALUE  FROM      YEAR
                                                  NORMAL
..................................................................
TEMPERATURE (F)
 TODAY
  MAXIMUM         81    357 PM  83    1954  62     19       68
  MINIMUM         49    743 AM  28    2001  43      6       59
  AVERAGE         65                        53     12       64

PRECIPITATION (IN)
  TODAY            0.00          0.75 1985   0.08  -0.08     0.14
  MONTH TO DATE    0.01                      0.73  -0.72     0.54
  SINCE OCT 1      8.95                      7.24   1.71     8.54
  SINCE JAN 1      4.05                      3.33   0.72     0.55

DEGREE DAYS
 HEATING
  TODAY            0                        12    -12        1
  MONTH TO DATE   82                       102    -20       31
  SINCE DEC 1    922                       962    -40      517
  SINCE JUL 1   1282                      1580   -298      731

 COOLING
  TODAY            0                         0      0        0
  MONTH TO DATE    0                         0      0        1
  SINCE DEC 1      0                         0      0        3
  SINCE JAN 1      0                         0      0        2
..................................................................


WIND (MPH)
  RESULTANT WIND SPEED  15   RESULTANT WIND DIRECTION   E (100)
  HIGHEST WIND SPEED    24   HIGHEST WIND DIRECTION     E (100)
  HIGHEST GUST SPEED    27   HIGHEST GUST DIRECTION     E (90)
  AVERAGE WIND SPEED    15.7


SKY COVER
  POSSIBLE SUNSHINE  MM
  AVERAGE SKY COVER 0.0


WEATHER CONDITIONS
 THE FOLLOWING WEATHER WAS RECORDED TODAY.
  NO SIGNIFICANT WEATHER WAS OBSERVED.


RELATIVE HUMIDITY (PERCENT)
 HIGHEST    74           500 AM
 LOWEST     23           300 PM
 AVERAGE    49

..........................................................


THE SALINAS AIRPORT CLIMATE NORMALS FOR TOMORROW
                         NORMAL    RECORD    YEAR
 MAXIMUM TEMPERATURE (F)   63        81      2006
 MINIMUM TEMPERATURE (F)   43        28      2001


SUNRISE AND SUNSET
FEBRUARY  8 2016......SUNRISE   702 AM PST   SUNSET   539 PM PST
FEBRUARY  9 2016......SUNRISE   701 AM PST   SUNSET   540 PM PST


-  INDICATES NEGATIVE NUMBERS.
R  INDICATES RECORD WAS SET OR TIED.
MM INDICATES DATA IS MISSING.
T  INDICATES TRACE AMOUNT.




$$
