000
CDUS46 KMTR 150826
CLISNS


CLIMATE REPORT
NATIONAL WEATHER SERVICE SAN FRANCISCO BAY AREA
1226 AM PST FRI DEC 15 2017


...................................

...THE SALINAS AIRPORT CLIMATE SUMMARY FOR DECEMBER 14 2017...

CLIMATE NORMAL PERIOD 1981 TO 2010
CLIMATE RECORD PERIOD 1930 TO 2017


WEATHER ITEM   OBSERVED TIME   RECORD YEAR NORMAL DEPARTURE LAST
                VALUE   (LST)  VALUE       VALUE  FROM      YEAR
                                                  NORMAL
..................................................................
TEMPERATURE (F)
 YESTERDAY
  MAXIMUM         76    233 PM  81    1953  61     15       64
  MINIMUM         38    504 AM  26    1932  41     -3       48
  AVERAGE         57                        51      6       56

PRECIPITATION (IN)
  YESTERDAY        0.00          0.84 1941   0.05  -0.05     0.00
  MONTH TO DATE    T                         0.78  -0.78     0.44
  SINCE OCT 1      0.75                      2.76  -2.01     3.00
  SINCE JAN 1     13.24                     11.68   1.56    11.57

DEGREE DAYS
 HEATING
  YESTERDAY        8                        14     -6        9
  MONTH TO DATE  131                       190    -59      170
  SINCE DEC 1    131                       190    -59      170
  SINCE JUL 1    567                       808   -241      740

 COOLING
  YESTERDAY        0                         0      0        0
  MONTH TO DATE    0                         0      0        0
  SINCE DEC 1      0                         0      0        0
  SINCE JAN 1    283                       130    153      113
..................................................................


WIND (MPH)
  RESULTANT WIND SPEED   4   RESULTANT WIND DIRECTION   E (90)
  HIGHEST WIND SPEED    16   HIGHEST WIND DIRECTION     E (110)
  HIGHEST GUST SPEED    19   HIGHEST GUST DIRECTION     E (100)
  AVERAGE WIND SPEED     6.2


SKY COVER
  POSSIBLE SUNSHINE  MM
  AVERAGE SKY COVER 0.0


WEATHER CONDITIONS
 THE FOLLOWING WEATHER WAS RECORDED YESTERDAY.
  HAZE


RELATIVE HUMIDITY (PERCENT)
 HIGHEST    76           200 AM
 LOWEST     18           300 PM
 AVERAGE    47

..........................................................


THE SALINAS AIRPORT CLIMATE NORMALS FOR TODAY
                         NORMAL    RECORD    YEAR
 MAXIMUM TEMPERATURE (F)   61        77      1942
 MINIMUM TEMPERATURE (F)   41        26      1935


SUNRISE AND SUNSET
DECEMBER 15 2017......SUNRISE   712 AM PST   SUNSET   452 PM PST
DECEMBER 16 2017......SUNRISE   712 AM PST   SUNSET   452 PM PST


-  INDICATES NEGATIVE NUMBERS.
R  INDICATES RECORD WAS SET OR TIED.
MM INDICATES DATA IS MISSING.
T  INDICATES TRACE AMOUNT.




$$
