000
CDUS46 KMTR 100836
CLISNS


CLIMATE REPORT
NATIONAL WEATHER SERVICE SAN FRANCISCO BAY AREA
1235 AM PST SAT DEC 10 2016


...................................

...THE SALINAS AIRPORT CLIMATE SUMMARY FOR DECEMBER 9 2016...

CLIMATE NORMAL PERIOD 1981 TO 2010
CLIMATE RECORD PERIOD 1930 TO 2016


WEATHER ITEM   OBSERVED TIME   RECORD YEAR NORMAL DEPARTURE LAST
                VALUE   (LST)  VALUE       VALUE  FROM      YEAR
                                                  NORMAL
..................................................................
TEMPERATURE (F)
 YESTERDAY
  MAXIMUM         67    216 PM  80    1957  61      6       68
  MINIMUM         55    807 AM  25    1972  41     14       43
  AVERAGE         61                        51     10       56

PRECIPITATION (IN)
  YESTERDAY        0.00          1.05 1954   0.06  -0.06      T
  MONTH TO DATE    0.20                      0.50  -0.30      T
  SINCE OCT 1      2.76                      2.48   0.28     2.94
  SINCE JAN 1     11.33                     11.40  -0.07     5.05

DEGREE DAYS
 HEATING
  YESTERDAY        4                        14    -10        9
  MONTH TO DATE  124                       120      4      104
  SINCE DEC 1    124                       120      4      104
  SINCE JUL 1    694                       738    -44      464

 COOLING
  YESTERDAY        0                         0      0        0
  MONTH TO DATE    0                         0      0        0
  SINCE DEC 1      0                         0      0        0
  SINCE JAN 1    113                       130    -17      386
..................................................................


WIND (MPH)
  RESULTANT WIND SPEED   2   RESULTANT WIND DIRECTION  SE (120)
  HIGHEST WIND SPEED    13   HIGHEST WIND DIRECTION     E (90)
  HIGHEST GUST SPEED    15   HIGHEST GUST DIRECTION     E (100)
  AVERAGE WIND SPEED     5.7


SKY COVER
  POSSIBLE SUNSHINE  MM
  AVERAGE SKY COVER 0.8


WEATHER CONDITIONS
 THE FOLLOWING WEATHER WAS RECORDED YESTERDAY.
  FOG


RELATIVE HUMIDITY (PERCENT)
 HIGHEST   100           900 PM
 LOWEST     67           100 PM
 AVERAGE    84

..........................................................


THE SALINAS AIRPORT CLIMATE NORMALS FOR TODAY
                         NORMAL    RECORD    YEAR
 MAXIMUM TEMPERATURE (F)   61        77      1957
 MINIMUM TEMPERATURE (F)   41        30      1972


SUNRISE AND SUNSET
DECEMBER 10 2016......SUNRISE   708 AM PST   SUNSET   451 PM PST
DECEMBER 11 2016......SUNRISE   709 AM PST   SUNSET   451 PM PST


-  INDICATES NEGATIVE NUMBERS.
R  INDICATES RECORD WAS SET OR TIED.
MM INDICATES DATA IS MISSING.
T  INDICATES TRACE AMOUNT.




$$
