000
CDUS46 KMTR 250839
CLISNS


CLIMATE REPORT
NATIONAL WEATHER SERVICE SAN FRANCISCO BAY AREA
139 AM PDT SAT OCT 25 2014


...................................

...THE SALINAS AIRPORT CLIMATE SUMMARY FOR OCTOBER 24 2014...

CLIMATE NORMAL PERIOD 1981 TO 2010
CLIMATE RECORD PERIOD 1930 TO 2014


WEATHER ITEM   OBSERVED TIME   RECORD YEAR NORMAL DEPARTURE LAST
                VALUE   (LST)  VALUE       VALUE  FROM      YEAR
                                                  NORMAL
..................................................................
TEMPERATURE (F)
 YESTERDAY
  MAXIMUM         70    139 PM  99    1965  72     -2       58
  MINIMUM         49    510 AM  35    1956  48      1       50
  AVERAGE         60                        60      0       54

PRECIPITATION (IN)
  YESTERDAY        0.00          0.50 1998   0.03  -0.03     0.00
  MONTH TO DATE    T                         0.39  -0.39     0.00
  SINCE JUL 1      0.11                      0.59  -0.48     0.11
  SINCE JAN 1      5.08                      9.31  -4.23     2.44

DEGREE DAYS
 HEATING
  YESTERDAY        5                         5      0       11
  MONTH TO DATE   20                        96    -76      108
  SINCE SEP 1     31                       156   -125      126
  SINCE JUL 1     72                       291   -219      231

 COOLING
  YESTERDAY        0                         0      0        0
  MONTH TO DATE   74                        23     51       17
  SINCE SEP 1    121                        59     62       71
  SINCE JAN 1    254                       128    126      155
..................................................................


WIND (MPH)
  RESULTANT WIND SPEED   3   RESULTANT WIND DIRECTION  NW (300)
  HIGHEST WIND SPEED    17   HIGHEST WIND DIRECTION     W (280)
  HIGHEST GUST SPEED    23   HIGHEST GUST DIRECTION     W (290)
  AVERAGE WIND SPEED     5.0


SKY COVER
  POSSIBLE SUNSHINE  MM
  AVERAGE SKY COVER 0.1


WEATHER CONDITIONS
 THE FOLLOWING WEATHER WAS RECORDED YESTERDAY.
  FOG


RELATIVE HUMIDITY (PERCENT)
 HIGHEST    89           200 AM
 LOWEST     60          1000 AM
 AVERAGE    75

..........................................................


THE SALINAS AIRPORT CLIMATE NORMALS FOR TODAY
                         NORMAL    RECORD    YEAR
 MAXIMUM TEMPERATURE (F)   72        95      1965
 MINIMUM TEMPERATURE (F)   48        31      1971


SUNRISE AND SUNSET
OCTOBER 25 2014.......SUNRISE   623 AM PST   SUNSET   517 PM PST
OCTOBER 26 2014.......SUNRISE   624 AM PST   SUNSET   516 PM PST


-  INDICATES NEGATIVE NUMBERS.
R  INDICATES RECORD WAS SET OR TIED.
MM INDICATES DATA IS MISSING.
T  INDICATES TRACE AMOUNT.




$$
