000
CDUS45 KPIH 290749
CLISNT


CLIMATE REPORT
NATIONAL WEATHER SERVICE POCATELLO ID
1246 AM MST MON DEC 29 2014


...................................

...THE STANLEY ID CLIMATE SUMMARY FOR DECEMBER 28 2014...

CLIMATE NORMAL PERIOD 1981 TO 2010
CLIMATE RECORD PERIOD 1916 TO 2014


WEATHER ITEM   OBSERVED TIME   RECORD YEAR NORMAL DEPARTURE LAST
                VALUE   (LST)  VALUE       VALUE  FROM      YEAR
                                                  NORMAL
..................................................................
TEMPERATURE (F)
 YESTERDAY
  MAXIMUM         26    309 PM  43    1918  25      1       33
  MINIMUM          4    813 PM -35    1978   3      1       -2
  AVERAGE         15                        14      1       16

PRECIPITATION (IN)
  YESTERDAY        0.11          0.88 2011   0.05   0.06     0.00
  MONTH TO DATE    2.51                      1.15   1.36     1.47
  SINCE OCT 1      6.70                      4.73   1.97     3.56
  SINCE JAN 1     22.61                     16.94   5.67    14.06

SNOWFALL (IN)
  YESTERDAY       MM
  MONTH TO DATE   MM
  SINCE DEC 1     MM
  SINCE JUL 1     MM
  SNOW DEPTH      MM

DEGREE DAYS
 HEATING
  YESTERDAY       50                        51     -1       49
  MONTH TO DATE 1157                      1410   -253     1496
  SINCE DEC 1   1157                      1410   -253     1496
  SINCE JUL 1   3750                      4507   -757     4285

 COOLING
  YESTERDAY        0                         0      0        0
  MONTH TO DATE    0                         0      0        0
  SINCE DEC 1      0                         0      0        0
  SINCE JAN 1     16                         3     13       19
..................................................................


WIND (MPH)
  HIGHEST WIND SPEED    12   HIGHEST WIND DIRECTION     S (160)
  HIGHEST GUST SPEED    18   HIGHEST GUST DIRECTION    SE (150)
  AVERAGE WIND SPEED     2.9


SKY COVER
  POSSIBLE SUNSHINE  MM
  AVERAGE SKY COVER 0.0


WEATHER CONDITIONS
 THE FOLLOWING WEATHER WAS RECORDED YESTERDAY.
  NO SIGNIFICANT WEATHER WAS OBSERVED.


RELATIVE HUMIDITY (PERCENT)
 HIGHEST    84           100 AM
 LOWEST     55           300 PM
 AVERAGE    70

..........................................................


THE STANLEY ID CLIMATE NORMALS FOR TODAY
                         NORMAL    RECORD    YEAR
 MAXIMUM TEMPERATURE (F)   25        43      1967
 MINIMUM TEMPERATURE (F)    3       -49      1978


SUNRISE AND SUNSET
DECEMBER 29 2014......SUNRISE   815 AM MST   SUNSET   509 PM MST
DECEMBER 30 2014......SUNRISE   815 AM MST   SUNSET   510 PM MST


-  INDICATES NEGATIVE NUMBERS.
R  INDICATES RECORD WAS SET OR TIED.
MM INDICATES DATA IS MISSING.
T  INDICATES TRACE AMOUNT.




$$
