000
CDUS45 KPIH 240731
CLISNT


CLIMATE REPORT
NATIONAL WEATHER SERVICE POCATELLO ID
130 AM MDT THU JUL 24 2014


...................................

...THE STANLEY ID CLIMATE SUMMARY FOR JULY 23 2014...

CLIMATE NORMAL PERIOD 1981 TO 2010
CLIMATE RECORD PERIOD 1916 TO 2014


WEATHER ITEM   OBSERVED TIME   RECORD YEAR NORMAL DEPARTURE LAST
                VALUE   (LST)  VALUE       VALUE  FROM      YEAR
                                                  NORMAL
..................................................................
TEMPERATURE (F)
 YESTERDAY
  MAXIMUM         83    245 PM  92    2003  80      3       89
                                      1994
  MINIMUM         44    535 AM  25    1964  38      6       31
  AVERAGE         64                        59      5       60

PRECIPITATION (IN)
  YESTERDAY        0.07          0.93 1984   0.03   0.04     0.00
  MONTH TO DATE    0.18                      0.54  -0.36     0.28
  SINCE OCT 1     17.05                     15.31   1.74    14.40
  SINCE JAN 1     13.44                     10.46   2.98     6.21

SNOWFALL (IN)
  YESTERDAY       MM
  MONTH TO DATE   MM
  SINCE JUN 1     MM
  SINCE JUL 1     MM
  SNOW DEPTH      MM

DEGREE DAYS
 HEATING
  YESTERDAY        1                         6     -5        5
  MONTH TO DATE   67                       191   -124      101
  SINCE JUN 1    537                       645   -108      470
  SINCE JUL 1     67                       191   -124      101

 COOLING
  YESTERDAY        0                         0      0        0
  MONTH TO DATE   10                         0     10       16
  SINCE JUN 1     10                         0     10       19
  SINCE JAN 1     10                         0     10       19
..................................................................


WIND (MPH)
  HIGHEST WIND SPEED    20   HIGHEST WIND DIRECTION    SW (210)
  HIGHEST GUST SPEED    30   HIGHEST GUST DIRECTION    SW (210)
  AVERAGE WIND SPEED     3.7


SKY COVER
  POSSIBLE SUNSHINE  MM
  AVERAGE SKY COVER 0.0


WEATHER CONDITIONS
 THE FOLLOWING WEATHER WAS RECORDED YESTERDAY.
  NO SIGNIFICANT WEATHER WAS OBSERVED.


RELATIVE HUMIDITY (PERCENT)
 HIGHEST   100           500 AM
 LOWEST     16           300 PM
 AVERAGE    58

..........................................................


THE STANLEY ID CLIMATE NORMALS FOR TODAY
                         NORMAL    RECORD    YEAR
 MAXIMUM TEMPERATURE (F)   80        90      1976
 MINIMUM TEMPERATURE (F)   38        22      1968


SUNRISE AND SUNSET
JULY 24 2014..........SUNRISE   619 AM MDT   SUNSET   913 PM MDT
JULY 25 2014..........SUNRISE   620 AM MDT   SUNSET   912 PM MDT


-  INDICATES NEGATIVE NUMBERS.
R  INDICATES RECORD WAS SET OR TIED.
MM INDICATES DATA IS MISSING.
T  INDICATES TRACE AMOUNT.




$$
