000
CDUS45 KPIH 232321
CLISNT


CLIMATE REPORT
NATIONAL WEATHER SERVICE POCATELLO ID
520 PM MDT TUE SEP 23 2014


...................................

...THE STANLEY ID CLIMATE SUMMARY FOR SEPTEMBER 23 2014...
VALID TODAY AS OF 0500 PM LOCAL TIME.

CLIMATE NORMAL PERIOD 1981 TO 2010
CLIMATE RECORD PERIOD 1916 TO 2014


WEATHER ITEM   OBSERVED TIME   RECORD YEAR NORMAL DEPARTURE LAST
                VALUE   (LST)  VALUE       VALUE  FROM      YEAR
                                                  NORMAL
..................................................................
TEMPERATURE (F)
 TODAY
  MAXIMUM         75    229 PM  84    1987  64     11       57
  MINIMUM         36    553 AM  10    1926  27      9       33
  AVERAGE         56                        46     10       45

PRECIPITATION (IN)
  TODAY            0.00          0.46 1920   0.02  -0.02     0.04
  MONTH TO DATE    0.08                      0.75  -0.67     0.63
  SINCE OCT 1     18.40                     16.89   1.51    15.27
  SINCE JAN 1     14.79                     12.04   2.75     7.08

SNOWFALL (IN)
  TODAY           MM
  MONTH TO DATE   MM
  SINCE SEP 1     MM
  SINCE JUL 1     MM
  SNOW DEPTH      MM

DEGREE DAYS
 HEATING
  TODAY            9                        19    -10       20
  MONTH TO DATE  319                       378    -59      248
  SINCE SEP 1    319                       378    -59      248
  SINCE JUL 1    658                       898   -240      575

 COOLING
  TODAY            0                         0      0        0
  MONTH TO DATE    0                         0      0        0
  SINCE SEP 1      0                         0      0        0
  SINCE JAN 1     16                         3     13       19
..................................................................


WIND (MPH)
  HIGHEST WIND SPEED    14   HIGHEST WIND DIRECTION     S (160)
  HIGHEST GUST SPEED    18   HIGHEST GUST DIRECTION     S (170)
  AVERAGE WIND SPEED     2.7


SKY COVER
  POSSIBLE SUNSHINE  MM
  AVERAGE SKY COVER 0.0


WEATHER CONDITIONS
 THE FOLLOWING WEATHER WAS RECORDED TODAY.
  NO SIGNIFICANT WEATHER WAS OBSERVED.


RELATIVE HUMIDITY (PERCENT)
 HIGHEST   100           300 AM
 LOWEST     27           400 PM
 AVERAGE    64

..........................................................


THE STANLEY ID CLIMATE NORMALS FOR TOMORROW
                         NORMAL    RECORD    YEAR
 MAXIMUM TEMPERATURE (F)   64        86      1922
 MINIMUM TEMPERATURE (F)   27         2      1926


SUNRISE AND SUNSET
SEPTEMBER 23 2014.....SUNRISE   728 AM MDT   SUNSET   735 PM MDT
SEPTEMBER 24 2014.....SUNRISE   729 AM MDT   SUNSET   733 PM MDT


-  INDICATES NEGATIVE NUMBERS.
R  INDICATES RECORD WAS SET OR TIED.
MM INDICATES DATA IS MISSING.
T  INDICATES TRACE AMOUNT.




$$
