000
CDUS45 KPIH 310734
CLISNT


CLIMATE REPORT
NATIONAL WEATHER SERVICE POCATELLO ID
133 AM MDT MON AUG 31 2015


...................................

...THE STANLEY ID CLIMATE SUMMARY FOR AUGUST 30 2015...

CLIMATE NORMAL PERIOD 1981 TO 2010
CLIMATE RECORD PERIOD 1916 TO 2015


WEATHER ITEM   OBSERVED TIME   RECORD YEAR NORMAL DEPARTURE LAST
                VALUE   (LST)  VALUE       VALUE  FROM      YEAR
                                                  NORMAL
..................................................................
TEMPERATURE (F)
 YESTERDAY
  MAXIMUM         68    202 PM  89    1970  73     -5       67
  MINIMUM         38   1132 PM  17    1969  31      7       46
  AVERAGE         53                        52      1       57

PRECIPITATION (IN)
  YESTERDAY        0.15          0.43 2009   0.03   0.12     0.09
  MONTH TO DATE    0.57                      0.65  -0.08     1.09
  SINCE OCT 1     17.23                     16.11   1.12    18.32
  SINCE JAN 1     10.52                     11.26  -0.74    14.71

SNOWFALL (IN)
  YESTERDAY       MM
  MONTH TO DATE   MM
  SINCE JUN 1     MM
  SINCE JUL 1     MM
  SNOW DEPTH      MM

DEGREE DAYS
 HEATING
  YESTERDAY       12                        13     -1        8
  MONTH TO DATE  185                       266    -81      213
  SINCE JUN 1    635                       961   -326      795
  SINCE JUL 1    401                       507   -106      325

 COOLING
  YESTERDAY        0                         0      0        0
  MONTH TO DATE    7                         0      7        4
  SINCE JUN 1     25                         3     22       16
  SINCE JAN 1     25                         3     22       16
..................................................................


WIND (MPH)
  HIGHEST WIND SPEED    18   HIGHEST WIND DIRECTION     W (260)
  HIGHEST GUST SPEED    27   HIGHEST GUST DIRECTION     W (260)
  AVERAGE WIND SPEED     6.5


SKY COVER
  POSSIBLE SUNSHINE  MM
  AVERAGE SKY COVER 0.0


WEATHER CONDITIONS
 THE FOLLOWING WEATHER WAS RECORDED YESTERDAY.
  NO SIGNIFICANT WEATHER WAS OBSERVED.


RELATIVE HUMIDITY (PERCENT)
 HIGHEST    89           600 AM
 LOWEST     17           100 PM
 AVERAGE    53

..........................................................


THE STANLEY ID CLIMATE NORMALS FOR TODAY
                         NORMAL    RECORD    YEAR
 MAXIMUM TEMPERATURE (F)   73        86      1991
 MINIMUM TEMPERATURE (F)   31        18      2006
                                             1969


SUNRISE AND SUNSET
AUGUST 31 2015........SUNRISE   701 AM MDT   SUNSET   818 PM MDT
SEPTEMBER  1 2015.....SUNRISE   703 AM MDT   SUNSET   816 PM MDT


-  INDICATES NEGATIVE NUMBERS.
R  INDICATES RECORD WAS SET OR TIED.
MM INDICATES DATA IS MISSING.
T  INDICATES TRACE AMOUNT.




$$
