000
CDUS45 KPIH 200742
CLISNT


CLIMATE REPORT
NATIONAL WEATHER SERVICE POCATELLO ID
139 AM MDT WED AUG 20 2014


...................................

...THE STANLEY ID CLIMATE SUMMARY FOR AUGUST 19 2014...

CLIMATE NORMAL PERIOD 1981 TO 2010
CLIMATE RECORD PERIOD 1916 TO 2014


WEATHER ITEM   OBSERVED TIME   RECORD YEAR NORMAL DEPARTURE LAST
                VALUE   (LST)  VALUE       VALUE  FROM      YEAR
                                                  NORMAL
..................................................................
TEMPERATURE (F)
 YESTERDAY
  MAXIMUM         78   1214 PM  92    1969  77      1       86
  MINIMUM         36    616 AM  18    1920  34      2       35
  AVERAGE         57                        56      1       61

PRECIPITATION (IN)
  YESTERDAY        0.00          0.53 1990   0.01  -0.01     0.00
  MONTH TO DATE    0.36                      0.36   0.00     0.04
  SINCE OCT 1     17.59                     15.82   1.77    14.46
  SINCE JAN 1     13.98                     10.97   3.01     6.27

SNOWFALL (IN)
  YESTERDAY       MM
  MONTH TO DATE   MM
  SINCE JUN 1     MM
  SINCE JUL 1     MM
  SNOW DEPTH      MM

DEGREE DAYS
 HEATING
  YESTERDAY        8                         9     -1        4
  MONTH TO DATE   79                       142    -63      123
  SINCE JUN 1    661                       837   -176      635
  SINCE JUL 1    191                       383   -192      266

 COOLING
  YESTERDAY        0                         0      0        0
  MONTH TO DATE    4                         0      4        0
  SINCE JUN 1     16                         3     13       19
  SINCE JAN 1     16                         3     13       19
..................................................................


WIND (MPH)
  HIGHEST WIND SPEED    16   HIGHEST WIND DIRECTION    SE (150)
  HIGHEST GUST SPEED    26   HIGHEST GUST DIRECTION    SW (240)
  AVERAGE WIND SPEED     4.8


SKY COVER
  POSSIBLE SUNSHINE  MM
  AVERAGE SKY COVER 0.0


WEATHER CONDITIONS
 THE FOLLOWING WEATHER WAS RECORDED YESTERDAY.
  NO SIGNIFICANT WEATHER WAS OBSERVED.


RELATIVE HUMIDITY (PERCENT)
 HIGHEST    76           600 AM
 LOWEST     19           100 PM
 AVERAGE    48

..........................................................


THE STANLEY ID CLIMATE NORMALS FOR TODAY
                         NORMAL    RECORD    YEAR
 MAXIMUM TEMPERATURE (F)   77        88      2009
                                             1992
 MINIMUM TEMPERATURE (F)   34        19      1928


SUNRISE AND SUNSET
AUGUST 20 2014........SUNRISE   649 AM MDT   SUNSET   836 PM MDT
AUGUST 21 2014........SUNRISE   650 AM MDT   SUNSET   835 PM MDT


-  INDICATES NEGATIVE NUMBERS.
R  INDICATES RECORD WAS SET OR TIED.
MM INDICATES DATA IS MISSING.
T  INDICATES TRACE AMOUNT.




$$
