000
CDUS45 KPIH 010735
CLISNT


CLIMATE REPORT
NATIONAL WEATHER SERVICE POCATELLO ID
1234 AM MST SUN FEB 1 2015


...................................

...THE STANLEY ID CLIMATE SUMMARY FOR JANUARY 31 2015...

CLIMATE NORMAL PERIOD 1981 TO 2010
CLIMATE RECORD PERIOD 1916 TO 2015


WEATHER ITEM   OBSERVED TIME   RECORD YEAR NORMAL DEPARTURE LAST
                VALUE   (LST)  VALUE       VALUE  FROM      YEAR
                                                  NORMAL
..................................................................
TEMPERATURE (F)
 YESTERDAY
  MAXIMUM         29    356 PM  52    1971  29      0       24
  MINIMUM         -9    808 AM -43    1923   1    -10       -9
  AVERAGE         10                        15     -5        8

PRECIPITATION (IN)
  YESTERDAY        0.00          0.43 2008   0.04  -0.04     0.00
  MONTH TO DATE    1.44                      1.52  -0.08     1.96
  SINCE OCT 1      8.15                      6.37   1.78     5.57
  SINCE JAN 1      1.44                      1.52  -0.08     1.96

SNOWFALL (IN)
  YESTERDAY       MM
  MONTH TO DATE   MM
  SINCE DEC 1     MM
  SINCE JUL 1     MM
  SNOW DEPTH      MM

DEGREE DAYS
 HEATING
  YESTERDAY       55                        50      5       57
  MONTH TO DATE 1418                      1570   -152     1515
  SINCE DEC 1   2780                      3132   -352     3151
  SINCE JUL 1   5373                      6229   -856     5940

 COOLING
  YESTERDAY        0                         0      0        0
  MONTH TO DATE    0                         0      0        0
  SINCE DEC 1      0                         0      0        0
  SINCE JAN 1      0                         0      0        0
..................................................................


WIND (MPH)
  HIGHEST WIND SPEED     8   HIGHEST WIND DIRECTION     E (80)
  HIGHEST GUST SPEED    10   HIGHEST GUST DIRECTION     E (90)
  AVERAGE WIND SPEED     0.8


SKY COVER
  POSSIBLE SUNSHINE  MM
  AVERAGE SKY COVER 0.0


WEATHER CONDITIONS
 THE FOLLOWING WEATHER WAS RECORDED YESTERDAY.
  NO SIGNIFICANT WEATHER WAS OBSERVED.


RELATIVE HUMIDITY (PERCENT)
 HIGHEST    87          1000 AM
 LOWEST     42           400 PM
 AVERAGE    65

..........................................................


THE STANLEY ID CLIMATE NORMALS FOR TODAY
                         NORMAL    RECORD    YEAR
 MAXIMUM TEMPERATURE (F)   29        48      1971
 MINIMUM TEMPERATURE (F)    2       -44      1923


SUNRISE AND SUNSET
FEBRUARY  1 2015......SUNRISE   758 AM MST   SUNSET   549 PM MST
FEBRUARY  2 2015......SUNRISE   756 AM MST   SUNSET   551 PM MST


-  INDICATES NEGATIVE NUMBERS.
R  INDICATES RECORD WAS SET OR TIED.
MM INDICATES DATA IS MISSING.
T  INDICATES TRACE AMOUNT.




$$
