000
CDUS45 KPIH 230731
CLISNT


CLIMATE REPORT
NATIONAL WEATHER SERVICE POCATELLO ID
130 AM MDT WED APR 23 2014


...................................

...THE STANLEY ID CLIMATE SUMMARY FOR APRIL 22 2014...

CLIMATE NORMAL PERIOD 1981 TO 2010
CLIMATE RECORD PERIOD 1916 TO 2014


WEATHER ITEM   OBSERVED TIME   RECORD YEAR NORMAL DEPARTURE LAST
                VALUE   (LST)  VALUE       VALUE  FROM      YEAR
                                                  NORMAL
..................................................................
TEMPERATURE (F)
 YESTERDAY
  MAXIMUM         43    531 AM  73    2012  49     -6       40
                                      1994
  MINIMUM         28   1159 PM   1    2011  21      7       19
  AVERAGE         36                        35      1       30

PRECIPITATION (IN)
  YESTERDAY        0.33R         0.26 1923   0.06   0.27     0.00
  MONTH TO DATE    1.53                      1.26   0.27     1.41
  SINCE OCT 1     14.67                     11.23   3.44    12.43
  SINCE JAN 1     11.06                      6.38   4.68     4.24

SNOWFALL (IN)
  YESTERDAY       MM
  MONTH TO DATE   MM
  SINCE MAR 1     MM
  SINCE JUL 1     MM
  SNOW DEPTH      MM

DEGREE DAYS
 HEATING
  YESTERDAY       29                        30     -1       35
  MONTH TO DATE  703                       718    -15      709
  SINCE MAR 1   1850                      1902    -52     1908
  SINCE JUL 1   9018                      9436   -418     8993

 COOLING
  YESTERDAY        0                         0      0        0
  MONTH TO DATE    0                         0      0        0
  SINCE MAR 1      0                         0      0        0
  SINCE JAN 1      0                         0      0        0
..................................................................


WIND (MPH)
  HIGHEST WIND SPEED    17   HIGHEST WIND DIRECTION     S (180)
  HIGHEST GUST SPEED    23   HIGHEST GUST DIRECTION     S (190)
  AVERAGE WIND SPEED     3.4


SKY COVER
  POSSIBLE SUNSHINE  MM
  AVERAGE SKY COVER 0.0


WEATHER CONDITIONS
 THE FOLLOWING WEATHER WAS RECORDED YESTERDAY.
  NO SIGNIFICANT WEATHER WAS OBSERVED.


RELATIVE HUMIDITY (PERCENT)
 HIGHEST   100          1000 AM
 LOWEST     64          1200 AM
 AVERAGE    82

..........................................................


THE STANLEY ID CLIMATE NORMALS FOR TODAY
                         NORMAL    RECORD    YEAR
 MAXIMUM TEMPERATURE (F)   50        73      2012
 MINIMUM TEMPERATURE (F)   22         5      2011


SUNRISE AND SUNSET
APRIL 23 2014.........SUNRISE   643 AM MDT   SUNSET   834 PM MDT
APRIL 24 2014.........SUNRISE   641 AM MDT   SUNSET   835 PM MDT


-  INDICATES NEGATIVE NUMBERS.
R  INDICATES RECORD WAS SET OR TIED.
MM INDICATES DATA IS MISSING.
T  INDICATES TRACE AMOUNT.




$$
