000
CDUS45 KCYS 300322
CLISNY


CLIMATE REPORT
NATIONAL WEATHER SERVICE CHEYENNE WY
922 PM MDT MON SEP 29 2014


...................................

...THE SIDNEY NE AIRPORT CLIMATE SUMMARY FOR SEPTEMBER 29 2014...
VALID TODAY AS OF 0900 PM LOCAL TIME.

CLIMATE NORMAL PERIOD 1981 TO 2010
CLIMATE RECORD PERIOD 1948 TO 2014


WEATHER ITEM   OBSERVED TIME   RECORD YEAR NORMAL DEPARTURE LAST
                VALUE   (LST)  VALUE       VALUE  FROM      YEAR
                                                  NORMAL
..................................................................
TEMPERATURE (F)
 TODAY
  MAXIMUM         74    243 PM  91    1981  72      2       77
  MINIMUM         55    813 AM  16    1984  42     13       38
  AVERAGE         65                        57      8       58

PRECIPITATION (IN)
  TODAY            1.54R         0.46 1965   0.03   1.51     0.00
  MONTH TO DATE    2.47                      1.22   1.25     7.05
  SINCE JAN 1     14.15                     16.38  -2.23    15.22

DEGREE DAYS
 HEATING
  TODAY            0                         9     -9        7
  MONTH TO DATE   98                       120    -22       94
  SINCE SEP 1     98                       120    -22       94
  SINCE JUL 1    110                       131    -21      103

 COOLING
  TODAY            0                         1     -1        0
  MONTH TO DATE   79                        84     -5      155
  SINCE SEP 1     79                        84     -5      155
  SINCE JAN 1    637                       826   -189      918
..................................................................


WIND (MPH)
  HIGHEST WIND SPEED    37   HIGHEST WIND DIRECTION    SW (220)
  HIGHEST GUST SPEED    46   HIGHEST GUST DIRECTION    SW (220)
  AVERAGE WIND SPEED     7.1


SKY COVER
  AVERAGE SKY COVER 0.6


WEATHER CONDITIONS
 THE FOLLOWING WEATHER WAS RECORDED TODAY.
  THUNDERSTORM
  HEAVY RAIN
  RAIN
  LIGHT RAIN
  FOG


RELATIVE HUMIDITY (PERCENT)
 HIGHEST    93           800 AM
 LOWEST     57           300 PM
 AVERAGE    75

..........................................................


THE SIDNEY NE AIRPORT CLIMATE NORMALS FOR TOMORROW
                         NORMAL    RECORD    YEAR
 MAXIMUM TEMPERATURE (F)   72        88      2009
                                             1981
                                             1967
 MINIMUM TEMPERATURE (F)   41        13      1985


SUNRISE AND SUNSET
SEPTEMBER 29 2014.....SUNRISE   647 AM MDT   SUNSET   637 PM MDT
SEPTEMBER 30 2014.....SUNRISE   648 AM MDT   SUNSET   635 PM MDT


-  INDICATES NEGATIVE NUMBERS.
R  INDICATES RECORD WAS SET OR TIED.
MM INDICATES DATA IS MISSING.
T  INDICATES TRACE AMOUNT.




$$
