000
CDUS45 KCYS 232128
CLISNY


CLIMATE REPORT
NATIONAL WEATHER SERVICE CHEYENNE WY
328 PM MDT TUE SEP 23 2014


...................................

...THE SIDNEY NE AIRPORT CLIMATE SUMMARY FOR SEPTEMBER 23 2014...
VALID AS OF 0300 PM LOCAL TIME.

CLIMATE NORMAL PERIOD 1981 TO 2010
CLIMATE RECORD PERIOD 1948 TO 2014


WEATHER ITEM   OBSERVED TIME   RECORD YEAR NORMAL DEPARTURE LAST
                VALUE   (LST)  VALUE       VALUE  FROM      YEAR
                                                  NORMAL
..................................................................
TEMPERATURE (F)
 TODAY
  MAXIMUM         86    110 PM  94    2007  75     11       58
  MINIMUM         55    521 AM  28    1995  45     10       46
                                      1985
  AVERAGE         71                        60     11       52

PRECIPITATION (IN)
  TODAY            0.00          2.28 2013   0.03  -0.03     2.28
  MONTH TO DATE    0.86                      1.02  -0.16     6.76
  SINCE JAN 1     12.54                     16.18  -3.64    14.93

DEGREE DAYS
 HEATING
  TODAY            0                         7     -7       13
  MONTH TO DATE   98                        73     25       46
  SINCE SEP 1     98                        73     25       46
  SINCE JUL 1    110                        84     26       55

 COOLING
  TODAY            6                         1      5        0
  MONTH TO DATE   66                        78    -12      155
  SINCE SEP 1     66                        78    -12      155
  SINCE JAN 1    624                       820   -196      918
..................................................................


WIND (MPH)
  HIGHEST WIND SPEED    22   HIGHEST WIND DIRECTION     W (280)
  HIGHEST GUST SPEED    28   HIGHEST GUST DIRECTION    NW (300)
  AVERAGE WIND SPEED    14.0


SKY COVER
  AVERAGE SKY COVER 0.2


WEATHER CONDITIONS
 THE FOLLOWING WEATHER WAS RECORDED TODAY.
  NO SIGNIFICANT WEATHER WAS OBSERVED.


RELATIVE HUMIDITY (PERCENT)
 HIGHEST    93           100 AM
 LOWEST     23           200 PM
 AVERAGE    58

..........................................................


THE SIDNEY NE AIRPORT CLIMATE NORMALS FOR TOMORROW
                         NORMAL    RECORD    YEAR
 MAXIMUM TEMPERATURE (F)   75        90      1966
 MINIMUM TEMPERATURE (F)   44        27      1985
                                             1965


SUNRISE AND SUNSET
SEPTEMBER 23 2014.....SUNRISE   640 AM MDT   SUNSET   647 PM MDT
SEPTEMBER 24 2014.....SUNRISE   641 AM MDT   SUNSET   646 PM MDT


-  INDICATES NEGATIVE NUMBERS.
R  INDICATES RECORD WAS SET OR TIED.
MM INDICATES DATA IS MISSING.
T  INDICATES TRACE AMOUNT.




$$
