000
CDUS45 KCYS 270726
CLISNY


CLIMATE REPORT
NATIONAL WEATHER SERVICE CHEYENNE WY
126 AM MDT FRI MAY 27 2016


...................................

...THE SIDNEY NE AIRPORT CLIMATE SUMMARY FOR MAY 26 2016...

CLIMATE NORMAL PERIOD 1981 TO 2010
CLIMATE RECORD PERIOD 1948 TO 2016


WEATHER ITEM   OBSERVED TIME   RECORD YEAR NORMAL DEPARTURE LAST
                VALUE   (LST)  VALUE       VALUE  FROM      YEAR
                                                  NORMAL
..................................................................
TEMPERATURE (F)
 YESTERDAY
  MAXIMUM         70    235 PM  92    2012  74     -4       67
  MINIMUM         44    400 AM  31    1950  47     -3       43
  AVERAGE         57                        60     -3       55

PRECIPITATION (IN)
  YESTERDAY        0.01          1.07 1967   0.12  -0.11     0.10
  MONTH TO DATE    1.20                      2.54  -1.34     7.67
  SINCE JAN 1      5.65                      6.21  -0.56    14.20

DEGREE DAYS
 HEATING
  YESTERDAY        8                         5      3       10
  MONTH TO DATE  302                       226     76      366
  SINCE MAR 1   1606                      1556     50     1542
  SINCE JUL 1   6172                      6138     34     6274

 COOLING
  YESTERDAY        0                         1     -1        0
  MONTH TO DATE    3                        17    -14        0
  SINCE MAR 1      3                        18    -15        0
  SINCE JAN 1      3                        18    -15        0
..................................................................


WIND (MPH)
  HIGHEST WIND SPEED    25   HIGHEST WIND DIRECTION     N (340)
  HIGHEST GUST SPEED    29   HIGHEST GUST DIRECTION     N (340)
  AVERAGE WIND SPEED    10.2


SKY COVER
  AVERAGE SKY COVER 0.6


WEATHER CONDITIONS
 THE FOLLOWING WEATHER WAS RECORDED YESTERDAY.
  THUNDERSTORM
  LIGHT RAIN


RELATIVE HUMIDITY (PERCENT)
 HIGHEST    93          1200 AM
 LOWEST     37           300 PM
 AVERAGE    65

..........................................................


THE SIDNEY NE AIRPORT CLIMATE NORMALS FOR TODAY
                         NORMAL    RECORD    YEAR
 MAXIMUM TEMPERATURE (F)   75        95      2006
 MINIMUM TEMPERATURE (F)   47        30      1950


SUNRISE AND SUNSET
MAY 27 2016...........SUNRISE   524 AM MDT   SUNSET   815 PM MDT
MAY 28 2016...........SUNRISE   524 AM MDT   SUNSET   815 PM MDT


-  INDICATES NEGATIVE NUMBERS.
R  INDICATES RECORD WAS SET OR TIED.
MM INDICATES DATA IS MISSING.
T  INDICATES TRACE AMOUNT.




$$
