000
CDUS45 KPUB 291037
CLISPD


CLIMATE REPORT
NATIONAL WEATHER SERVICE PUEBLO
437 AM MDT TUE JUL 29 2014


...................................

...THE SPRINGFIELD CO CLIMATE SUMMARY FOR JULY 28 2014...

CLIMATE NORMAL PERIOD 1981 TO 2010
CLIMATE RECORD PERIOD 9999 TO 9999


WEATHER ITEM   OBSERVED TIME   NORMAL DEPARTURE LAST
                VALUE   (LST)  VALUE  FROM      YEAR
                                      NORMAL
......................................................
TEMPERATURE (F)
 YESTERDAY
  MAXIMUM         75    409 PM  90    -15       83
  MINIMUM         61    626 AM  62     -1       58
  AVERAGE         68                            71

PRECIPITATION (IN)
  YESTERDAY        0.02          0.10  -0.08     0.25
  MONTH TO DATE    2.63          2.52   0.11     3.59
  SINCE JUN 1      4.56          5.02  -0.46     5.33
  SINCE JAN 1      8.45         10.59  -2.14     7.31

DEGREE DAYS
 HEATING
  YESTERDAY        0             0      0        0
  MONTH TO DATE    1             0      1        0
  SINCE JUN 1     23            21      2       19
  SINCE JUL 1      1             0      1        0

 COOLING
  YESTERDAY        3            11     -8        6
  MONTH TO DATE  309           317     -8      322
  SINCE JUN 1    528           525      3      673
  SINCE JAN 1    586           579      7      790
......................................................


WIND (MPH)
  HIGHEST WIND SPEED    22   HIGHEST WIND DIRECTION    SW (220)
  HIGHEST GUST SPEED    28   HIGHEST GUST DIRECTION    SW (220)
  AVERAGE WIND SPEED    12.5


SKY COVER
  POSSIBLE SUNSHINE  MM



RELATIVE HUMIDITY (PERCENT)
 HIGHEST   100           300 AM
 LOWEST     64           400 PM
 AVERAGE    82

..........................................................


THE SPRINGFIELD CO CLIMATE NORMALS FOR TODAY
                         NORMAL    RECORD    YEAR
 MAXIMUM TEMPERATURE (F)   90        MM        MM
 MINIMUM TEMPERATURE (F)   62        MM        MM


SUNRISE AND SUNSET
JULY 29 2014..........SUNRISE   553 AM MDT   SUNSET   801 PM MDT
JULY 30 2014..........SUNRISE   553 AM MDT   SUNSET   800 PM MDT


-  INDICATES NEGATIVE NUMBERS.
R  INDICATES RECORD WAS SET OR TIED.
MM INDICATES DATA IS MISSING.
T  INDICATES TRACE AMOUNT.




$$
