000
CDUS45 KPUB 011038
CLISPD


CLIMATE REPORT
NATIONAL WEATHER SERVICE PUEBLO
438 AM MDT TUE SEP 1 2015


...................................

...THE SPRINGFIELD CO CLIMATE SUMMARY FOR AUGUST 31 2015...

CLIMATE NORMAL PERIOD 1981 TO 2010
CLIMATE RECORD PERIOD 9999 TO 9999


WEATHER ITEM   OBSERVED TIME   NORMAL DEPARTURE LAST
                VALUE   (LST)  VALUE  FROM      YEAR
                                      NORMAL
......................................................
TEMPERATURE (F)
 YESTERDAY
  MAXIMUM         97    225 PM  86     11       97
  MINIMUM         56    524 AM  58     -2       57
  AVERAGE         77                            77

PRECIPITATION (IN)
  YESTERDAY        0.00          0.06  -0.06     0.00
  MONTH TO DATE    1.12          2.84  -1.72     1.23
  SINCE JUN 1      5.20          8.17  -2.97     6.75
  SINCE JAN 1     12.77         13.74  -0.97    10.64

DEGREE DAYS
 HEATING
  YESTERDAY        0             1     -1        0
  MONTH TO DATE    4             1      3        0
  SINCE JUN 1      4            28    -24       28
  SINCE JUL 1      4             7     -3        6

 COOLING
  YESTERDAY       12             7      5       12
  MONTH TO DATE  329           290     39      320
  SINCE JUN 1    909           847     62      857
  SINCE JAN 1    910           901      9      915
......................................................


WIND (MPH)
  HIGHEST WIND SPEED    23   HIGHEST WIND DIRECTION    SW (230)
  HIGHEST GUST SPEED    27   HIGHEST GUST DIRECTION    SW (230)
  AVERAGE WIND SPEED     9.3


SKY COVER
  POSSIBLE SUNSHINE  MM



RELATIVE HUMIDITY (PERCENT)
 HIGHEST    64           200 AM
 LOWEST     19          1200 PM
 AVERAGE    42

..........................................................


THE SPRINGFIELD CO CLIMATE NORMALS FOR TODAY
                         NORMAL    RECORD    YEAR
 MAXIMUM TEMPERATURE (F)   85        MM        MM
 MINIMUM TEMPERATURE (F)   57        MM        MM


SUNRISE AND SUNSET
SEPTEMBER  1 2015.....SUNRISE   621 AM MDT   SUNSET   719 PM MDT
SEPTEMBER  2 2015.....SUNRISE   622 AM MDT   SUNSET   718 PM MDT


-  INDICATES NEGATIVE NUMBERS.
R  INDICATES RECORD WAS SET OR TIED.
MM INDICATES DATA IS MISSING.
T  INDICATES TRACE AMOUNT.




$$
