604
CDUS45 KPUB 261039
CLISPD


CLIMATE REPORT
NATIONAL WEATHER SERVICE PUEBLO
439 AM MDT SUN MAR 26 2017


...................................

...THE SPRINGFIELD CO CLIMATE SUMMARY FOR MARCH 25 2017...

CLIMATE NORMAL PERIOD 1981 TO 2010
CLIMATE RECORD PERIOD 9999 TO 9999


WEATHER ITEM   OBSERVED TIME   NORMAL DEPARTURE LAST
                VALUE   (LST)  VALUE  FROM      YEAR
                                      NORMAL
......................................................
TEMPERATURE (F)
 YESTERDAY
  MAXIMUM         66    308 PM  61      5       64
  MINIMUM         26    256 AM  30     -4       21
  AVERAGE         46                            43

PRECIPITATION (IN)
  YESTERDAY        0.00          0.04  -0.04     0.00
  MONTH TO DATE    0.02          0.85  -0.83     0.04
  SINCE MAR 1      0.02          0.85  -0.83     0.04
  SINCE JAN 1      0.21          1.66  -1.45     0.36

DEGREE DAYS
 HEATING
  YESTERDAY       19            20     -1       22
  MONTH TO DATE  402           575   -173      525
  SINCE MAR 1    402           575   -173      525
  SINCE JUL 1   3992          4581   -589     4201

 COOLING
  YESTERDAY        0             0      0        0
  MONTH TO DATE    0             0      0        0
  SINCE MAR 1      0             0      0        0
  SINCE JAN 1      0             0      0        0
......................................................


WIND (MPH)
  HIGHEST WIND SPEED    15   HIGHEST WIND DIRECTION    SE (140)
  HIGHEST GUST SPEED    18   HIGHEST GUST DIRECTION    SE (140)
  AVERAGE WIND SPEED     8.8


SKY COVER
  POSSIBLE SUNSHINE  MM



RELATIVE HUMIDITY (PERCENT)
 HIGHEST   100          1200 AM
 LOWEST     19           200 PM
 AVERAGE    60

..........................................................


THE SPRINGFIELD CO CLIMATE NORMALS FOR TODAY
                         NORMAL    RECORD    YEAR
 MAXIMUM TEMPERATURE (F)   61        MM        MM
 MINIMUM TEMPERATURE (F)   30        MM        MM


SUNRISE AND SUNSET
MARCH 26 2017.........SUNRISE   645 AM MDT   SUNSET   708 PM MDT
MARCH 27 2017.........SUNRISE   643 AM MDT   SUNSET   709 PM MDT


-  INDICATES NEGATIVE NUMBERS.
R  INDICATES RECORD WAS SET OR TIED.
MM INDICATES DATA IS MISSING.
T  INDICATES TRACE AMOUNT.




$$
