000
CDUS45 KPUB 281125
CLISPD


CLIMATE REPORT
NATIONAL WEATHER SERVICE PUEBLO
424 AM MST WED JAN 28 2015


...................................

...THE SPRINGFIELD CO CLIMATE SUMMARY FOR JANUARY 27 2015...

CLIMATE NORMAL PERIOD 1981 TO 2010
CLIMATE RECORD PERIOD 9999 TO 9999


WEATHER ITEM   OBSERVED TIME   NORMAL DEPARTURE LAST
                VALUE   (LST)  VALUE  FROM      YEAR
                                      NORMAL
......................................................
TEMPERATURE (F)
 YESTERDAY
  MAXIMUM         74    149 PM  48     26       25
  MINIMUM         36    645 AM  18     18       10
  AVERAGE         55                            18

PRECIPITATION (IN)
  YESTERDAY        0.00          0.02  -0.02     0.00
  MONTH TO DATE    0.32          0.30   0.02     0.20
  SINCE DEC 1      1.09          0.81   0.28     0.20
  SINCE JAN 1      0.32          0.30   0.02     0.20

DEGREE DAYS
 HEATING
  YESTERDAY       10            32    -22       47
  MONTH TO DATE  849           891    -42      848
  SINCE DEC 1   1830          1903    -73     1860
  SINCE JUL 1   2962          3049    -87     2972

 COOLING
  YESTERDAY        0             0      0        0
  MONTH TO DATE    0             0      0        0
  SINCE DEC 1      0             0      0        0
  SINCE JAN 1      0             0      0        0
......................................................


WIND (MPH)
  HIGHEST WIND SPEED    21   HIGHEST WIND DIRECTION    SW (220)
  HIGHEST GUST SPEED    26   HIGHEST GUST DIRECTION    SW (220)
  AVERAGE WIND SPEED     9.1


SKY COVER
  POSSIBLE SUNSHINE  MM



RELATIVE HUMIDITY (PERCENT)
 HIGHEST    67          1100 PM
 LOWEST     14          1200 PM
 AVERAGE    41

..........................................................


THE SPRINGFIELD CO CLIMATE NORMALS FOR TODAY
                         NORMAL    RECORD    YEAR
 MAXIMUM TEMPERATURE (F)   48        MM        MM
 MINIMUM TEMPERATURE (F)   18        MM        MM


SUNRISE AND SUNSET
JANUARY 28 2015.......SUNRISE   657 AM MST   SUNSET   510 PM MST
JANUARY 29 2015.......SUNRISE   656 AM MST   SUNSET   512 PM MST


-  INDICATES NEGATIVE NUMBERS.
R  INDICATES RECORD WAS SET OR TIED.
MM INDICATES DATA IS MISSING.
T  INDICATES TRACE AMOUNT.




$$
