000
CDUS45 KPUB 111123
CLISPD


CLIMATE REPORT
NATIONAL WEATHER SERVICE PUEBLO
423 AM MST THU FEB 11 2016


...................................

...THE SPRINGFIELD CO CLIMATE SUMMARY FOR FEBRUARY 10 2016...

CLIMATE NORMAL PERIOD 1981 TO 2010
CLIMATE RECORD PERIOD 9999 TO 9999


WEATHER ITEM   OBSERVED TIME   NORMAL DEPARTURE LAST
                VALUE   (LST)  VALUE  FROM      YEAR
                                      NORMAL
......................................................
TEMPERATURE (F)
 YESTERDAY
  MAXIMUM         75    222 PM  49     26       65
  MINIMUM         25    402 AM  20      5       35
  AVERAGE         50                            50

PRECIPITATION (IN)
  YESTERDAY        0.00          0.01  -0.01     0.00
  MONTH TO DATE    0.14          0.18  -0.04     0.00
  SINCE DEC 1      0.39          1.06  -0.67     1.81
  SINCE JAN 1      0.30          0.55  -0.25     1.04

DEGREE DAYS
 HEATING
  YESTERDAY       15            31    -16       15
  MONTH TO DATE  327           313     14      207
  SINCE DEC 1   2276          2343    -67     2130
  SINCE JUL 1   3281          3489   -208     3262

 COOLING
  YESTERDAY        0             0      0        0
  MONTH TO DATE    0             0      0        0
  SINCE DEC 1      0             0      0        0
  SINCE JAN 1      0             0      0        0
......................................................


WIND (MPH)
  HIGHEST WIND SPEED    24   HIGHEST WIND DIRECTION    NW (300)
  HIGHEST GUST SPEED    29   HIGHEST GUST DIRECTION    NW (300)
  AVERAGE WIND SPEED    11.6


SKY COVER
  POSSIBLE SUNSHINE  MM



RELATIVE HUMIDITY (PERCENT)
 HIGHEST    75           400 AM
 LOWEST      7           100 PM
 AVERAGE    41

..........................................................


THE SPRINGFIELD CO CLIMATE NORMALS FOR TODAY
                         NORMAL    RECORD    YEAR
 MAXIMUM TEMPERATURE (F)   49        MM        MM
 MINIMUM TEMPERATURE (F)   20        MM        MM


SUNRISE AND SUNSET
FEBRUARY 11 2016......SUNRISE   644 AM MST   SUNSET   525 PM MST
FEBRUARY 12 2016......SUNRISE   643 AM MST   SUNSET   527 PM MST


-  INDICATES NEGATIVE NUMBERS.
R  INDICATES RECORD WAS SET OR TIED.
MM INDICATES DATA IS MISSING.
T  INDICATES TRACE AMOUNT.




$$
