000
CDUS43 KILX 040654
CLISPI


CLIMATE REPORT
NATIONAL WEATHER SERVICE LINCOLN IL
1246 AM CST WED MAR 4 2015


...................................

...THE SPRINGFIELD IL CLIMATE SUMMARY FOR MARCH 3 2015...

CLIMATE NORMAL PERIOD 1981 TO 2010
CLIMATE RECORD PERIOD 1879 TO 2015


WEATHER ITEM   OBSERVED TIME   RECORD YEAR NORMAL DEPARTURE LAST
                VALUE   (LST)  VALUE       VALUE  FROM      YEAR
                                                  NORMAL
..................................................................
TEMPERATURE (F)
 YESTERDAY
  MAXIMUM         40    156 PM  80    1974  46     -6       20
  MINIMUM         28   1231 AM  -2    2014  28      0       -2
  AVERAGE         34                        37     -3        9

PRECIPITATION (IN)
  YESTERDAY        0.05          1.15 1985   0.08  -0.03     0.00
  MONTH TO DATE    0.33                      0.23   0.10     0.12
  SINCE MAR 1      0.33                      0.23   0.10     0.12
  SINCE JAN 1      3.61                      3.86  -0.25     5.55

SNOWFALL (IN)
  YESTERDAY        0.0           3.4  1988   0.2   -0.2      0.0
  MONTH TO DATE    3.7                       0.4    3.3      0.9
  SINCE MAR 1      3.7                       0.4    3.3      0.9
  SINCE JUL 1     33.9                      18.5   15.4     43.2
  SNOW DEPTH       7

DEGREE DAYS
 HEATING
  YESTERDAY       31                        28      3       56
  MONTH TO DATE  115                        85     30      146
  SINCE MAR 1    115                        85     30      146
  SINCE JUL 1   4684                      4356    328     5093

 COOLING
  YESTERDAY        0                         0      0        0
  MONTH TO DATE    0                         0      0        0
  SINCE MAR 1      0                         0      0        0
  SINCE JAN 1      0                         0      0        0
..................................................................


WIND (MPH)
  HIGHEST WIND SPEED    21   HIGHEST WIND DIRECTION     S (170)
  HIGHEST GUST SPEED    27   HIGHEST GUST DIRECTION     S (160)
  AVERAGE WIND SPEED    11.4


SKY COVER
  POSSIBLE SUNSHINE  MM
  AVERAGE SKY COVER 1.0


WEATHER CONDITIONS
 THE FOLLOWING WEATHER WAS RECORDED YESTERDAY.
  LIGHT RAIN
  FREEZING RAIN
  LT FREEZING RAIN
  FOG
  HAZE


RELATIVE HUMIDITY (PERCENT)
 HIGHEST    92          1100 AM
 LOWEST     69          1200 AM
 AVERAGE    81

..........................................................


THE SPRINGFIELD IL CLIMATE NORMALS FOR TODAY
                         NORMAL    RECORD    YEAR
 MAXIMUM TEMPERATURE (F)   47        79      1961
 MINIMUM TEMPERATURE (F)   28        -6      1978
                                             1960


SUNRISE AND SUNSET
MARCH  4 2015.........SUNRISE   628 AM CST   SUNSET   554 PM CST
MARCH  5 2015.........SUNRISE   626 AM CST   SUNSET   555 PM CST


-  INDICATES NEGATIVE NUMBERS.
R  INDICATES RECORD WAS SET OR TIED.
MM INDICATES DATA IS MISSING.
T  INDICATES TRACE AMOUNT.




$$
