000
CDUS43 KILX 240634
CLISPI


CLIMATE REPORT
NATIONAL WEATHER SERVICE LINCOLN IL
133 AM CDT THU AUG 24 2017


...................................

...THE SPRINGFIELD IL CLIMATE SUMMARY FOR AUGUST 23 2017...

CLIMATE NORMAL PERIOD 1981 TO 2010
CLIMATE RECORD PERIOD 1879 TO 2017


WEATHER ITEM   OBSERVED TIME   RECORD YEAR NORMAL DEPARTURE LAST
                VALUE   (LST)  VALUE       VALUE  FROM      YEAR
                                                  NORMAL
..................................................................
TEMPERATURE (F)
 YESTERDAY
  MAXIMUM         79    258 PM 101    1936  85     -6       82
  MINIMUM         55    529 AM  48    1890  63     -8       62
                                      1888
  AVERAGE         67                        74     -7       72

PRECIPITATION (IN)
  YESTERDAY        0.00          1.44 2002   0.10  -0.10      T
  MONTH TO DATE    1.29                      2.42  -1.13     8.14
  SINCE JUN 1      8.01                     10.82  -2.81    19.58
  SINCE JAN 1     24.73                     24.83  -0.10    33.17

SNOWFALL (IN)
  YESTERDAY        0.0           0.0    MM   0.0    0.0      0.0
  MONTH TO DATE    0.0                       0.0    0.0      0.0
  SINCE JUN 1      0.0                       0.0    0.0      0.0
  SINCE JUL 1      0.0                       0.0    0.0      0.0
  SNOW DEPTH       0

DEGREE DAYS
 HEATING
  YESTERDAY        0                         0      0        0
  MONTH TO DATE    0                         0      0        0
  SINCE JUN 1      2                        16    -14        1
  SINCE JUL 1      0                         1     -1        1

 COOLING
  YESTERDAY        2                         9     -7        7
  MONTH TO DATE  182                       224    -42      279
  SINCE JUN 1    930                       799    131     1039
  SINCE JAN 1   1074                       903    171     1164
..................................................................


WIND (MPH)
  HIGHEST WIND SPEED    13   HIGHEST WIND DIRECTION    NW (330)
  HIGHEST GUST SPEED    16   HIGHEST GUST DIRECTION    NW (330)
  AVERAGE WIND SPEED     4.3


SKY COVER
  POSSIBLE SUNSHINE  MM
  AVERAGE SKY COVER 0.0


WEATHER CONDITIONS
 THE FOLLOWING WEATHER WAS RECORDED YESTERDAY.
  NO SIGNIFICANT WEATHER WAS OBSERVED.


RELATIVE HUMIDITY (PERCENT)
 HIGHEST    93           100 AM
 LOWEST     42           200 PM
 AVERAGE    68

..........................................................


THE SPRINGFIELD IL CLIMATE NORMALS FOR TODAY
                         NORMAL    RECORD    YEAR
 MAXIMUM TEMPERATURE (F)   85       101      1947
                                             1936
 MINIMUM TEMPERATURE (F)   63        49      1966
                                             1952
                                             1887


SUNRISE AND SUNSET
AUGUST 24 2017........SUNRISE   619 AM CDT   SUNSET   742 PM CDT
AUGUST 25 2017........SUNRISE   620 AM CDT   SUNSET   740 PM CDT


-  INDICATES NEGATIVE NUMBERS.
R  INDICATES RECORD WAS SET OR TIED.
MM INDICATES DATA IS MISSING.
T  INDICATES TRACE AMOUNT.




$$
