000
CDUS43 KILX 220710
CLISPI


CLIMATE REPORT
NATIONAL WEATHER SERVICE LINCOLN IL
109 AM CST MON JAN 22 2018


...................................

...THE SPRINGFIELD IL CLIMATE SUMMARY FOR JANUARY 21 2018...

CLIMATE NORMAL PERIOD 1981 TO 2010
CLIMATE RECORD PERIOD 1879 TO 2018


WEATHER ITEM   OBSERVED TIME   RECORD YEAR NORMAL DEPARTURE LAST
                VALUE   (LST)  VALUE       VALUE  FROM      YEAR
                                                  NORMAL
..................................................................
TEMPERATURE (F)
 YESTERDAY
  MAXIMUM         62    229 PM  65    2017  35     27       65
  MINIMUM         38   1212 AM -15    1984  18     20       44
  AVERAGE         50                        27     23       55

PRECIPITATION (IN)
  YESTERDAY        T             1.92 1906   0.06  -0.06     0.00
  MONTH TO DATE    0.22                      1.28  -1.06     1.02
  SINCE DEC 1      0.59                      3.80  -3.21     1.93
  SINCE JAN 1      0.22                      1.28  -1.06     1.02

SNOWFALL (IN)
  YESTERDAY        0.0           5.1  1902   0.2   -0.2      0.0
  MONTH TO DATE    1.6                       4.3   -2.7      0.9
  SINCE DEC 1      5.7                       9.9   -4.2      3.6
  SINCE JUL 1      5.7                      10.5   -4.8      3.6
  SNOW DEPTH       0

DEGREE DAYS
 HEATING
  YESTERDAY       15                        38    -23       10
  MONTH TO DATE  921                       805    116      672
  SINCE DEC 1   1980                      1877    103     1720
  SINCE JUL 1   2845                      2945   -100     2371

 COOLING
  YESTERDAY        0                         0      0        0
  MONTH TO DATE    0                         0      0        0
  SINCE DEC 1      0                         0      0        0
  SINCE JAN 1      0                         0      0        0
..................................................................


WIND (MPH)
  HIGHEST WIND SPEED    20   HIGHEST WIND DIRECTION     S (170)
  HIGHEST GUST SPEED    27   HIGHEST GUST DIRECTION     S (170)
  AVERAGE WIND SPEED    12.2


SKY COVER
  POSSIBLE SUNSHINE  MM
  AVERAGE SKY COVER 0.8


WEATHER CONDITIONS
 THE FOLLOWING WEATHER WAS RECORDED YESTERDAY.
  LIGHT RAIN
  FOG


RELATIVE HUMIDITY (PERCENT)
 HIGHEST   100           100 AM
 LOWEST     78           100 PM
 AVERAGE    89

..........................................................


THE SPRINGFIELD IL CLIMATE NORMALS FOR TODAY
                         NORMAL    RECORD    YEAR
 MAXIMUM TEMPERATURE (F)   35        64      1967
 MINIMUM TEMPERATURE (F)   19       -15      1936


SUNRISE AND SUNSET
JANUARY 22 2018.......SUNRISE   715 AM CST   SUNSET   506 PM CST
JANUARY 23 2018.......SUNRISE   714 AM CST   SUNSET   508 PM CST


-  INDICATES NEGATIVE NUMBERS.
R  INDICATES RECORD WAS SET OR TIED.
MM INDICATES DATA IS MISSING.
T  INDICATES TRACE AMOUNT.




$$
