000
CDUS43 KILX 302143
CLISPI


CLIMATE REPORT
NATIONAL WEATHER SERVICE LINCOLN IL
442 PM CDT TUE JUN 30 2015


...................................

...THE SPRINGFIELD IL CLIMATE SUMMARY FOR JUNE 30 2015...
VALID TODAY AS OF 0400 PM LOCAL TIME.

CLIMATE NORMAL PERIOD 1981 TO 2010
CLIMATE RECORD PERIOD 1879 TO 2015


WEATHER ITEM   OBSERVED TIME   RECORD YEAR NORMAL DEPARTURE LAST
                VALUE   (LST)  VALUE       VALUE  FROM      YEAR
                                                  NORMAL
..................................................................
TEMPERATURE (F)
 TODAY
  MAXIMUM         85    231 PM 102    1931  86     -1       90
  MINIMUM         67    446 AM  52    2004  65      2       71
                                      1943
                                      1923
  AVERAGE         76                        76      0       81

PRECIPITATION (IN)
  TODAY            0.00          1.67 1934   0.13  -0.13     0.04
  MONTH TO DATE    9.14                      4.46   4.68     8.87
  SINCE JUN 1      9.14                      4.46   4.68     8.87
  SINCE JAN 1     22.05                     18.47   3.58    23.16

SNOWFALL (IN)
  TODAY            0.0           0.0    MM   0.0    0.0      0.0
  MONTH TO DATE    0.0                       0.0    0.0      0.0
  SINCE JUN 1      0.0                       0.0    0.0      0.0
  SINCE JUL 1     33.9                      20.9   13.0     45.7
  SNOW DEPTH       0

DEGREE DAYS
 HEATING
  TODAY            0                         0      0        0
  MONTH TO DATE    3                        11     -8        0
  SINCE JUN 1      3                        15    -12        0
  SINCE JUL 1   5669                      5485    184     6206

 COOLING
  TODAY           11                        11      0       16
  MONTH TO DATE  298                       240     58      306
  SINCE JUN 1    298                       240     58      306
  SINCE JAN 1    464                       344    120      482
..................................................................


WIND (MPH)
  HIGHEST WIND SPEED    15   HIGHEST WIND DIRECTION     W (280)
  HIGHEST GUST SPEED    19   HIGHEST GUST DIRECTION     W (290)
  AVERAGE WIND SPEED     8.3


SKY COVER
  POSSIBLE SUNSHINE  MM
  AVERAGE SKY COVER 0.1


WEATHER CONDITIONS
 THE FOLLOWING WEATHER WAS RECORDED TODAY.
  NO SIGNIFICANT WEATHER WAS OBSERVED.


RELATIVE HUMIDITY (PERCENT)
 HIGHEST    93           200 AM
 LOWEST     59           100 PM
 AVERAGE    76

..........................................................


THE SPRINGFIELD IL CLIMATE NORMALS FOR TOMORROW
                         NORMAL    RECORD    YEAR
 MAXIMUM TEMPERATURE (F)   86       102      1931
 MINIMUM TEMPERATURE (F)   65        51      1984


SUNRISE AND SUNSET
JUNE 30 2015..........SUNRISE   534 AM CDT   SUNSET   831 PM CDT
JULY  1 2015..........SUNRISE   534 AM CDT   SUNSET   831 PM CDT


-  INDICATES NEGATIVE NUMBERS.
R  INDICATES RECORD WAS SET OR TIED.
MM INDICATES DATA IS MISSING.
T  INDICATES TRACE AMOUNT.




$$
