000
CDUS43 KILX 240635
CLISPI


CLIMATE REPORT
NATIONAL WEATHER SERVICE LINCOLN IL
135 AM CDT TUE MAY 24 2016


...................................

...THE SPRINGFIELD IL CLIMATE SUMMARY FOR MAY 23 2016...

CLIMATE NORMAL PERIOD 1981 TO 2010
CLIMATE RECORD PERIOD 1879 TO 2016


WEATHER ITEM   OBSERVED TIME   RECORD YEAR NORMAL DEPARTURE LAST
                VALUE   (LST)  VALUE       VALUE  FROM      YEAR
                                                  NORMAL
..................................................................
TEMPERATURE (F)
 YESTERDAY
  MAXIMUM         87    251 PM  92    1964  77     10       81
                                      1921
  MINIMUM         54    507 AM  36    1963  55     -1       54
                                      1961
  AVERAGE         71                        66      5       68

PRECIPITATION (IN)
  YESTERDAY        0.00          1.97 1968   0.13  -0.13     0.00
  MONTH TO DATE    1.92                      3.10  -1.18     3.28
  SINCE MAR 1     10.28                      9.24   1.04     6.96
  SINCE JAN 1     12.61                     12.87  -0.26    10.24

SNOWFALL (IN)
  YESTERDAY        0.0           0.0    MM   0.0    0.0      0.0
  MONTH TO DATE    0.0                       0.0    0.0      0.0
  SINCE MAR 1      0.1                       2.8   -2.7      3.7
  SINCE JUL 1     15.7                      20.9   -5.2     33.9
  SNOW DEPTH       0

DEGREE DAYS
 HEATING
  YESTERDAY        0                         3     -3        0
  MONTH TO DATE  119                       109     10       70
  SINCE MAR 1    891                      1183   -292     1085
  SINCE JUL 1   4317                      5454  -1137     5654

 COOLING
  YESTERDAY        6                         4      2        3
  MONTH TO DATE   25                        50    -25      100
  SINCE MAR 1     45                        70    -25      110
  SINCE JAN 1     45                        70    -25      110
..................................................................


WIND (MPH)
  HIGHEST WIND SPEED    17   HIGHEST WIND DIRECTION    SE (130)
  HIGHEST GUST SPEED    21   HIGHEST GUST DIRECTION     S (200)
  AVERAGE WIND SPEED     6.4


SKY COVER
  POSSIBLE SUNSHINE  MM
  AVERAGE SKY COVER 0.0


WEATHER CONDITIONS
 THE FOLLOWING WEATHER WAS RECORDED YESTERDAY.
  NO SIGNIFICANT WEATHER WAS OBSERVED.


RELATIVE HUMIDITY (PERCENT)
 HIGHEST    83           500 AM
 LOWEST     23           400 PM
 AVERAGE    53

..........................................................


THE SPRINGFIELD IL CLIMATE NORMALS FOR TODAY
                         NORMAL    RECORD    YEAR
 MAXIMUM TEMPERATURE (F)   77        94      1939
 MINIMUM TEMPERATURE (F)   55        37      1925


SUNRISE AND SUNSET
MAY 24 2016...........SUNRISE   536 AM CDT   SUNSET   815 PM CDT
MAY 25 2016...........SUNRISE   536 AM CDT   SUNSET   816 PM CDT


-  INDICATES NEGATIVE NUMBERS.
R  INDICATES RECORD WAS SET OR TIED.
MM INDICATES DATA IS MISSING.
T  INDICATES TRACE AMOUNT.




$$
