000
CDUS43 KILX 240642
CLISPI


CLIMATE REPORT
NATIONAL WEATHER SERVICE LINCOLN IL
142 AM CDT SAT JUN 24 2017


...................................

...THE SPRINGFIELD IL CLIMATE SUMMARY FOR JUNE 23 2017...

CLIMATE NORMAL PERIOD 1981 TO 2010
CLIMATE RECORD PERIOD 1879 TO 2017


WEATHER ITEM   OBSERVED TIME   RECORD YEAR NORMAL DEPARTURE LAST
                VALUE   (LST)  VALUE       VALUE  FROM      YEAR
                                                  NORMAL
..................................................................
TEMPERATURE (F)
 YESTERDAY
  MAXIMUM         86    211 PM  99    1934  85      1       91
                                      1923
  MINIMUM         63   1159 PM  45    1972  64     -1       68
  AVERAGE         75                        74      1       80

PRECIPITATION (IN)
  YESTERDAY        0.09          2.57 2014   0.14  -0.05     0.00
  MONTH TO DATE    1.16                      3.50  -2.34     1.89
  SINCE JUN 1      1.16                      3.50  -2.34     1.89
  SINCE JAN 1     17.88                     17.51   0.37    15.48

SNOWFALL (IN)
  YESTERDAY        0.0           0.0    MM   0.0    0.0      0.0
  MONTH TO DATE    0.0                       0.0    0.0      0.0
  SINCE JUN 1      0.0                       0.0    0.0      0.0
  SINCE JUL 1     10.3                      20.9  -10.6     15.7
  SNOW DEPTH       0

DEGREE DAYS
 HEATING
  YESTERDAY        0                         0      0        0
  MONTH TO DATE    0                        11    -11        0
  SINCE JUN 1      0                        11    -11        0
  SINCE JUL 1   4164                      5481  -1317     4317

 COOLING
  YESTERDAY       10                        10      0       15
  MONTH TO DATE  274                       168    106      288
  SINCE JUN 1    274                       168    106      288
  SINCE JAN 1    418                       272    146      413
..................................................................


WIND (MPH)
  HIGHEST WIND SPEED    23   HIGHEST WIND DIRECTION     N (20)
  HIGHEST GUST SPEED    29   HIGHEST GUST DIRECTION     N (10)
  AVERAGE WIND SPEED    10.3


SKY COVER
  POSSIBLE SUNSHINE  MM
  AVERAGE SKY COVER 0.4


WEATHER CONDITIONS
 THE FOLLOWING WEATHER WAS RECORDED YESTERDAY.
  THUNDERSTORM
  HEAVY RAIN
  LIGHT RAIN
  FOG


RELATIVE HUMIDITY (PERCENT)
 HIGHEST    94          1200 AM
 LOWEST     34           100 PM
 AVERAGE    64

..........................................................


THE SPRINGFIELD IL CLIMATE NORMALS FOR TODAY
                         NORMAL    RECORD    YEAR
 MAXIMUM TEMPERATURE (F)   85       100      1937
 MINIMUM TEMPERATURE (F)   64        47      1972
                                             1961


SUNRISE AND SUNSET
JUNE 24 2017..........SUNRISE   531 AM CDT   SUNSET   831 PM CDT
JUNE 25 2017..........SUNRISE   532 AM CDT   SUNSET   831 PM CDT


-  INDICATES NEGATIVE NUMBERS.
R  INDICATES RECORD WAS SET OR TIED.
MM INDICATES DATA IS MISSING.
T  INDICATES TRACE AMOUNT.




$$
