000
CDUS43 KILX 302143
CLISPI


CLIMATE REPORT
NATIONAL WEATHER SERVICE LINCOLN IL
433 PM CDT WED JUL 30 2014


...................................

...THE SPRINGFIELD IL CLIMATE SUMMARY FOR JULY 30 2014...
VALID TODAY AS OF 0400 PM LOCAL TIME.

CLIMATE NORMAL PERIOD 1981 TO 2010
CLIMATE RECORD PERIOD 1879 TO 2014


WEATHER ITEM   OBSERVED TIME   RECORD YEAR NORMAL DEPARTURE LAST
                VALUE   (LST)  VALUE       VALUE  FROM      YEAR
                                                  NORMAL
..................................................................
TEMPERATURE (F)
 TODAY
  MAXIMUM         82    259 PM 101    1931  86     -4       73
                                      1916
                                      1913
  MINIMUM         57    515 AM  52    1971  65     -8       65
  AVERAGE         70                        75     -5       69

PRECIPITATION (IN)
  TODAY            0.00          1.98 1915   0.11  -0.11     0.86
  MONTH TO DATE    2.53                      3.82  -1.29     3.26
  SINCE JUN 1     11.40                      8.28   3.12     5.31
  SINCE JAN 1     25.69                     22.29   3.40    30.33

SNOWFALL (IN)
  TODAY            0.0           0.0    MM   0.0    0.0      0.0
  MONTH TO DATE    0.0                       0.0    0.0      0.0
  SINCE JUN 1      0.0                       0.0    0.0      0.0
  SINCE JUL 1      0.0                       0.0    0.0      0.0
  SNOW DEPTH       0

DEGREE DAYS
 HEATING
  TODAY            0                         0      0        0
  MONTH TO DATE    3                         0      3        6
  SINCE JUN 1      3                        15    -12       18
  SINCE JUL 1      3                         0      3        6

 COOLING
  TODAY            5                        10     -5        4
  MONTH TO DATE  206                       326   -120      285
  SINCE JUN 1    512                       566    -54      543
  SINCE JAN 1    688                       670     18      669
..................................................................


WIND (MPH)
  HIGHEST WIND SPEED    10   HIGHEST WIND DIRECTION    NW (300)
  HIGHEST GUST SPEED    14   HIGHEST GUST DIRECTION    NW (330)
  AVERAGE WIND SPEED     5.5


SKY COVER
  POSSIBLE SUNSHINE  MM
  AVERAGE SKY COVER 0.1


WEATHER CONDITIONS
 THE FOLLOWING WEATHER WAS RECORDED TODAY.
  NO SIGNIFICANT WEATHER WAS OBSERVED.


RELATIVE HUMIDITY (PERCENT)
 HIGHEST    93           400 AM
 LOWEST     45           300 PM
 AVERAGE    69

..........................................................


THE SPRINGFIELD IL CLIMATE NORMALS FOR TOMORROW
                         NORMAL    RECORD    YEAR
 MAXIMUM TEMPERATURE (F)   86       101      2012
 MINIMUM TEMPERATURE (F)   65        48      1971


SUNRISE AND SUNSET
JULY 30 2014..........SUNRISE   556 AM CDT   SUNSET   814 PM CDT
JULY 31 2014..........SUNRISE   557 AM CDT   SUNSET   813 PM CDT


-  INDICATES NEGATIVE NUMBERS.
R  INDICATES RECORD WAS SET OR TIED.
MM INDICATES DATA IS MISSING.
T  INDICATES TRACE AMOUNT.




$$
