000
CDUS43 KILX 010644
CLISPI


CLIMATE REPORT
NATIONAL WEATHER SERVICE LINCOLN IL
143 AM CDT SUN MAY 1 2016


...................................

...THE SPRINGFIELD IL CLIMATE SUMMARY FOR APRIL 30 2016...

CLIMATE NORMAL PERIOD 1981 TO 2010
CLIMATE RECORD PERIOD 1879 TO 2016


WEATHER ITEM   OBSERVED TIME   RECORD YEAR NORMAL DEPARTURE LAST
                VALUE   (LST)  VALUE       VALUE  FROM      YEAR
                                                  NORMAL
..................................................................
TEMPERATURE (F)
 YESTERDAY
  MAXIMUM         69    449 PM  88    2007  70     -1       65
                                      1942
                                      1901
  MINIMUM         51    333 AM  34    1971  47      4       44
                                      1908
  AVERAGE         60                        59      1       55

PRECIPITATION (IN)
  YESTERDAY        0.61          3.58 1970   0.13   0.48      T
  MONTH TO DATE    2.77                      3.51  -0.74     2.12
  SINCE MAR 1      8.36                      6.14   2.22     3.68
  SINCE JAN 1     10.69                      9.77   0.92     6.96

SNOWFALL (IN)
  YESTERDAY        0.0           0.0    MM   0.0    0.0      0.0
  MONTH TO DATE    0.0                       0.3   -0.3      0.0
  SINCE MAR 1      0.1                       2.8   -2.7      3.7
  SINCE JUL 1     15.7                      20.9   -5.2     33.9
  SNOW DEPTH       0

DEGREE DAYS
 HEATING
  YESTERDAY        5                         7     -2       10
  MONTH TO DATE  308                       365    -57      263
  SINCE MAR 1    772                      1074   -302     1015
  SINCE JUL 1   4198                      5345  -1147     5584

 COOLING
  YESTERDAY        0                         1     -1        0
  MONTH TO DATE   20                        18      2       10
  SINCE MAR 1     20                        20      0       10
  SINCE JAN 1     20                        20      0       10
..................................................................


WIND (MPH)
  HIGHEST WIND SPEED    23   HIGHEST WIND DIRECTION    SE (120)
  HIGHEST GUST SPEED    32   HIGHEST GUST DIRECTION     E (110)
  AVERAGE WIND SPEED    10.8


SKY COVER
  POSSIBLE SUNSHINE  MM
  AVERAGE SKY COVER 0.8


WEATHER CONDITIONS
 THE FOLLOWING WEATHER WAS RECORDED YESTERDAY.
  HEAVY RAIN
  RAIN
  LIGHT RAIN
  FOG
  HAZE


RELATIVE HUMIDITY (PERCENT)
 HIGHEST   100           800 AM
 LOWEST     83          1200 AM
 AVERAGE    92

..........................................................


THE SPRINGFIELD IL CLIMATE NORMALS FOR TODAY
                         NORMAL    RECORD    YEAR
 MAXIMUM TEMPERATURE (F)   70        88      1952
 MINIMUM TEMPERATURE (F)   48        32      2015
                                             1963
                                             1907


SUNRISE AND SUNSET
MAY  1 2016...........SUNRISE   558 AM CDT   SUNSET   754 PM CDT
MAY  2 2016...........SUNRISE   557 AM CDT   SUNSET   755 PM CDT


-  INDICATES NEGATIVE NUMBERS.
R  INDICATES RECORD WAS SET OR TIED.
MM INDICATES DATA IS MISSING.
T  INDICATES TRACE AMOUNT.




$$
