000
CDUS43 KILX 222229
CLISPI


CLIMATE REPORT
NATIONAL WEATHER SERVICE LINCOLN IL
428 PM CST WED FEB 22 2017


...................................

...THE SPRINGFIELD IL CLIMATE SUMMARY FOR FEBRUARY 22 2017...
VALID TODAY AS OF 0400 PM LOCAL TIME.

CLIMATE NORMAL PERIOD 1981 TO 2010
CLIMATE RECORD PERIOD 1879 TO 2017


WEATHER ITEM   OBSERVED TIME   RECORD YEAR NORMAL DEPARTURE LAST
                VALUE   (LST)  VALUE       VALUE  FROM      YEAR
                                                  NORMAL
..................................................................
TEMPERATURE (F)
 TODAY
  MAXIMUM         64    351 PM  71    1922  42     22       50
  MINIMUM         45    627 AM  -7    1963  25     20       32
  AVERAGE         55                        34     21       41

PRECIPITATION (IN)
  TODAY            0.00          2.37 1990   0.07  -0.07     0.00
  MONTH TO DATE    0.31                      1.36  -1.05     0.88
  SINCE DEC 1      2.24                      5.70  -3.46     8.53
  SINCE JAN 1      1.33                      3.18  -1.85     1.97

SNOWFALL (IN)
  TODAY            0.0           2.2  2008   0.2   -0.2      0.0
  MONTH TO DATE    2.1                       4.5   -2.4      5.7
  SINCE DEC 1      5.7                      16.5  -10.8     12.5
  SINCE JUL 1      5.7                      17.1  -11.4     13.0
  SNOW DEPTH       0

DEGREE DAYS
 HEATING
  TODAY           10                        31    -21       24
  MONTH TO DATE  495                       765   -270      689
  SINCE DEC 1   2490                      3023   -533     2494
  SINCE JUL 1   3141                      4091   -950     3264

 COOLING
  TODAY            0                         0      0        0
  MONTH TO DATE    0                         0      0        0
  SINCE DEC 1      0                         0      0        0
  SINCE JAN 1      0                         0      0        0
..................................................................


WIND (MPH)
  HIGHEST WIND SPEED    17   HIGHEST WIND DIRECTION     S (200)
  HIGHEST GUST SPEED    23   HIGHEST GUST DIRECTION     S (190)
  AVERAGE WIND SPEED     7.6


SKY COVER
  POSSIBLE SUNSHINE  MM
  AVERAGE SKY COVER 0.6


WEATHER CONDITIONS
 THE FOLLOWING WEATHER WAS RECORDED TODAY.
  FOG
  FOG W/VISIBILITY <= 1/4 MILE
  HAZE


RELATIVE HUMIDITY (PERCENT)
 HIGHEST   100          1200 AM
 LOWEST     78           200 PM
 AVERAGE    89

..........................................................


THE SPRINGFIELD IL CLIMATE NORMALS FOR TOMORROW
                         NORMAL    RECORD    YEAR
 MAXIMUM TEMPERATURE (F)   43        70      1996
 MINIMUM TEMPERATURE (F)   25        -5      2015
                                             1889


SUNRISE AND SUNSET
FEBRUARY 22 2017......SUNRISE   642 AM CST   SUNSET   543 PM CST
FEBRUARY 23 2017......SUNRISE   640 AM CST   SUNSET   544 PM CST


-  INDICATES NEGATIVE NUMBERS.
R  INDICATES RECORD WAS SET OR TIED.
MM INDICATES DATA IS MISSING.
T  INDICATES TRACE AMOUNT.




$$
