000
CDUS43 KILX 202129
CLISPI


CLIMATE REPORT
NATIONAL WEATHER SERVICE LINCOLN IL
428 PM CDT SAT SEP 20 2014


...................................

...THE SPRINGFIELD IL CLIMATE SUMMARY FOR SEPTEMBER 20 2014...
VALID TODAY AS OF 0400 PM LOCAL TIME.

CLIMATE NORMAL PERIOD 1981 TO 2010
CLIMATE RECORD PERIOD 1879 TO 2014


WEATHER ITEM   OBSERVED TIME   RECORD YEAR NORMAL DEPARTURE LAST
                VALUE   (LST)  VALUE       VALUE  FROM      YEAR
                                                  NORMAL
..................................................................
TEMPERATURE (F)
 TODAY
  MAXIMUM         85    207 PM  96    1931  77      8       72
  MINIMUM         62    330 AM  34    1991  53      9       52
  AVERAGE         74                        65      9       62

PRECIPITATION (IN)
  TODAY            0.04          4.23 1986   0.10  -0.06     0.12
  MONTH TO DATE    5.01                      1.95   3.06     1.00
  SINCE SEP 1      5.01                      1.95   3.06     1.00
  SINCE JAN 1     37.34                     27.60   9.74    31.67

SNOWFALL (IN)
  TODAY            0.0           0.0    MM   0.0    0.0      0.0
  MONTH TO DATE    0.0                       0.0    0.0      0.0
  SINCE SEP 1      0.0                       0.0    0.0      0.0
  SINCE JUL 1      0.0                       0.0    0.0      0.0
  SNOW DEPTH       0

DEGREE DAYS
 HEATING
  TODAY            0                         3     -3        3
  MONTH TO DATE   69                        29     40       16
  SINCE SEP 1     69                        29     40       16
  SINCE JUL 1     72                        34     38       27

 COOLING
  TODAY            9                         3      6        0
  MONTH TO DATE   87                       104    -17      142
  SINCE SEP 1     87                       104    -17      142
  SINCE JAN 1   1120                      1074     46     1082
..................................................................


WIND (MPH)
  HIGHEST WIND SPEED    16   HIGHEST WIND DIRECTION    SW (230)
  HIGHEST GUST SPEED    26   HIGHEST GUST DIRECTION     S (200)
  AVERAGE WIND SPEED     9.7


SKY COVER
  POSSIBLE SUNSHINE  MM
  AVERAGE SKY COVER 0.2


WEATHER CONDITIONS
 THE FOLLOWING WEATHER WAS RECORDED TODAY.
  THUNDERSTORM
  LIGHT RAIN
  HAZE


RELATIVE HUMIDITY (PERCENT)
 HIGHEST    87           700 AM
 LOWEST     61           200 PM
 AVERAGE    74

..........................................................


THE SPRINGFIELD IL CLIMATE NORMALS FOR TOMORROW
                         NORMAL    RECORD    YEAR
 MAXIMUM TEMPERATURE (F)   77        96      1931
 MINIMUM TEMPERATURE (F)   52        36      1991


SUNRISE AND SUNSET
SEPTEMBER 20 2014.....SUNRISE   644 AM CDT   SUNSET   659 PM CDT
SEPTEMBER 21 2014.....SUNRISE   645 AM CDT   SUNSET   657 PM CDT


-  INDICATES NEGATIVE NUMBERS.
R  INDICATES RECORD WAS SET OR TIED.
MM INDICATES DATA IS MISSING.
T  INDICATES TRACE AMOUNT.




$$
