000
CDUS44 KOUN 110627
CLISPS

CLIMATE REPORT
NATIONAL WEATHER SERVICE NORMAN OK
1226 AM CST MON DEC 11 2017


...................................

...THE WICHITA FALLS CLIMATE SUMMARY FOR DECEMBER 10 2017...

CLIMATE NORMAL PERIOD 1981 TO 2010
CLIMATE RECORD PERIOD 1897 TO 2017


WEATHER ITEM   OBSERVED TIME   RECORD YEAR NORMAL DEPARTURE LAST
                VALUE   (LST)  VALUE       VALUE  FROM      YEAR
                                                  NORMAL
..................................................................
TEMPERATURE (F)
 YESTERDAY
  MAXIMUM         72    347 PM  81    1996  55     17       54
  MINIMUM         26    735 AM  12    2013  31     -5       33
                                      1977
  AVERAGE         49                        43      6       44

PRECIPITATION (IN)
  YESTERDAY        0.00          0.94 1946   0.06  -0.06     0.00
  MONTH TO DATE    0.00                      0.56  -0.56     0.82
  SINCE DEC 1      0.00                      0.56  -0.56     0.82
  SINCE JAN 1     24.62                     27.86  -3.24    37.16

SNOWFALL (IN)
  YESTERDAY        0.0

DEGREE DAYS
 HEATING
  YESTERDAY       16                        22     -6       21
  MONTH TO DATE  156                       204    -48      240
  SINCE DEC 1    156                       204    -48      240
  SINCE JUL 1    570                       711   -141      491

 COOLING
  YESTERDAY        0                         0      0        0
  MONTH TO DATE    1                         0      1        0
  SINCE DEC 1      1                         0      1        0
  SINCE JAN 1   2326                      2388    -62     2532
..................................................................


WIND (MPH)
  HIGHEST WIND SPEED    16   HIGHEST WIND DIRECTION     W (280)
  HIGHEST GUST SPEED    20   HIGHEST GUST DIRECTION     W (270)
  AVERAGE WIND SPEED     6.1


SKY COVER
  AVERAGE SKY COVER 0.0


WEATHER CONDITIONS
 THE FOLLOWING WEATHER WAS RECORDED YESTERDAY.
  NO SIGNIFICANT WEATHER WAS OBSERVED.


RELATIVE HUMIDITY (PERCENT)
 HIGHEST    68           700 AM
 LOWEST      9           300 PM
 AVERAGE    39

..........................................................


THE WICHITA FALLS CLIMATE NORMALS FOR TODAY
                         NORMAL    RECORD    YEAR
 MAXIMUM TEMPERATURE (F)   55        81      2015
 MINIMUM TEMPERATURE (F)   31        14      1957


SUNRISE AND SUNSET
DECEMBER 11 2017......SUNRISE   729 AM CST   SUNSET   525 PM CST
DECEMBER 12 2017......SUNRISE   730 AM CST   SUNSET   526 PM CST


-  INDICATES NEGATIVE NUMBERS.
R  INDICATES RECORD WAS SET OR TIED.
MM INDICATES DATA IS MISSING.
T  INDICATES TRACE AMOUNT.




$$
