863
CDUS44 KOUN 220631 RRA
CLISPS

CLIMATE REPORT
NATIONAL WEATHER SERVICE NORMAN OK
1230 AM CST SUN JAN 22 2017


...................................

...THE WICHITA FALLS CLIMATE SUMMARY FOR JANUARY 21 2017...

CLIMATE NORMAL PERIOD 1981 TO 2010
CLIMATE RECORD PERIOD 1897 TO 2017


WEATHER ITEM   OBSERVED TIME   RECORD YEAR NORMAL DEPARTURE LAST
                VALUE   (LST)  VALUE       VALUE  FROM      YEAR
                                                  NORMAL
..................................................................
TEMPERATURE (F)
 YESTERDAY
  MAXIMUM         71    236 PM  82    1967  55     16       43
  MINIMUM         41    441 AM   4    1935  30     11       30
  AVERAGE         56                        42     14       37

PRECIPITATION (IN)
  YESTERDAY        T             1.50 1904   0.04  -0.04     0.02
  MONTH TO DATE    1.87                      0.75   1.12     0.43
  SINCE JAN 1      1.87                      0.75   1.12     0.43

SNOWFALL (IN)
  YESTERDAY        0.0                       0.0    0.0      0.0
  MONTH TO DATE    T                         1.0   -1.0      1.8
  SINCE JUL 1      T                         2.3   -2.3      2.6
  SNOW DEPTH       0

DEGREE DAYS
 HEATING
  YESTERDAY        9                        23    -14       28
  MONTH TO DATE  449                       491    -42      510
  SINCE JUL 1   1368                      1688   -320     1395
..................................................................


WIND (MPH)
  HIGHEST WIND SPEED    25   HIGHEST WIND DIRECTION    SW (230)
  HIGHEST GUST SPEED    32   HIGHEST GUST DIRECTION    SW (230)
  AVERAGE WIND SPEED     9.2


SKY COVER
  AVERAGE SKY COVER 0.3


WEATHER CONDITIONS
 THE FOLLOWING WEATHER WAS RECORDED YESTERDAY.
  LIGHT RAIN


RELATIVE HUMIDITY (PERCENT)
 HIGHEST    76           500 AM
 LOWEST     27           200 PM
 AVERAGE    52

..........................................................


THE WICHITA FALLS CLIMATE NORMALS FOR TODAY
                         NORMAL    RECORD    YEAR
 MAXIMUM TEMPERATURE (F)   55        85      2009
 MINIMUM TEMPERATURE (F)   30         0      1930


SUNRISE AND SUNSET
JANUARY 22 2017.......SUNRISE   737 AM CST   SUNSET   555 PM CST
JANUARY 23 2017.......SUNRISE   736 AM CST   SUNSET   556 PM CST


-  INDICATES NEGATIVE NUMBERS.
R  INDICATES RECORD WAS SET OR TIED.
MM INDICATES DATA IS MISSING.
T  INDICATES TRACE AMOUNT.




$$
