000
CDUS44 KOUN 310634 RRA
CLISPS

CLIMATE REPORT
NATIONAL WEATHER SERVICE NORMAN OK
132 AM CDT TUE MAY 31 2016


...................................

...THE WICHITA FALLS CLIMATE SUMMARY FOR MAY 30 2016...

CLIMATE NORMAL PERIOD 1981 TO 2010
CLIMATE RECORD PERIOD 1897 TO 2016


WEATHER ITEM   OBSERVED TIME   RECORD YEAR NORMAL DEPARTURE LAST
                VALUE   (LST)  VALUE       VALUE  FROM      YEAR
                                                  NORMAL
..................................................................
TEMPERATURE (F)
 YESTERDAY
  MAXIMUM         84    449 PM 105    1985  87     -3       76
  MINIMUM         64    433 AM  46    1947  64      0       62
  AVERAGE         74                        76     -2       69

PRECIPITATION (IN)
  YESTERDAY        0.26          1.94 1964   0.15   0.11     0.17
  MONTH TO DATE    6.06                      3.65   2.41    17.00
  SINCE JAN 1     16.42                     11.35   5.07    25.11

DEGREE DAYS
 COOLING
  YESTERDAY        9                        11     -2        4
  MONTH TO DATE  176                       215    -39      155
  SINCE JAN 1    244                       307    -63      235
..................................................................


WIND (MPH)
  HIGHEST WIND SPEED    33   HIGHEST WIND DIRECTION     E (110)
  HIGHEST GUST SPEED    42   HIGHEST GUST DIRECTION     E (110)
  AVERAGE WIND SPEED     8.8


SKY COVER
  AVERAGE SKY COVER 0.2


WEATHER CONDITIONS
 THE FOLLOWING WEATHER WAS RECORDED YESTERDAY.
  THUNDERSTORM
  RAIN
  LIGHT RAIN
  FOG


RELATIVE HUMIDITY (PERCENT)
 HIGHEST    93           100 AM
 LOWEST     55           300 PM
 AVERAGE    74

..........................................................


THE WICHITA FALLS CLIMATE NORMALS FOR TODAY
                         NORMAL    RECORD    YEAR
 MAXIMUM TEMPERATURE (F)   88       108      1998
 MINIMUM TEMPERATURE (F)   64        49      1983


SUNRISE AND SUNSET
MAY 31 2016...........SUNRISE   624 AM CDT   SUNSET   840 PM CDT
JUNE  1 2016..........SUNRISE   624 AM CDT   SUNSET   840 PM CDT


-  INDICATES NEGATIVE NUMBERS.
R  INDICATES RECORD WAS SET OR TIED.
MM INDICATES DATA IS MISSING.
T  INDICATES TRACE AMOUNT.




$$
