000
CDUS44 KOUN 232211
CLISPS

CLIMATE REPORT
NATIONAL WEATHER SERVICE NORMAN OK
509 PM CDT TUE SEP 23 2014


...................................

...THE WICHITA FALLS CLIMATE SUMMARY FOR SEPTEMBER 23 2014...
VALID TODAY AS OF 0500 PM LOCAL TIME.

CLIMATE NORMAL PERIOD 1981 TO 2010
CLIMATE RECORD PERIOD 1897 TO 2014


WEATHER ITEM   OBSERVED TIME   RECORD YEAR NORMAL DEPARTURE LAST
                VALUE   (LST)  VALUE       VALUE  FROM      YEAR
                                                  NORMAL
..................................................................
TEMPERATURE (F)
 TODAY
  MAXIMUM         87    344 PM 102    1926  85      2       86
  MINIMUM         58    638 AM  42    1989  60     -2       56
  AVERAGE         73                        73      0       71

PRECIPITATION (IN)
  TODAY            0.00          1.88 1904   0.09  -0.09     0.00
  MONTH TO DATE    1.47                      2.22  -0.75     1.35
  SINCE JAN 1     17.28                     21.95  -4.67    16.83

DEGREE DAYS
 HEATING
  TODAY            0                         1     -1        0
  MONTH TO DATE    8                         5      3        0
  SINCE JUL 1      8                         5      3        0

 COOLING
  TODAY            8                         9     -1        6
  MONTH TO DATE  326                       284     42      384
  SINCE JAN 1   2320                      2229     91     2443
..................................................................


WIND (MPH)
  HIGHEST WIND SPEED    17   HIGHEST WIND DIRECTION    SE (150)
  HIGHEST GUST SPEED    21   HIGHEST GUST DIRECTION    SE (150)
  AVERAGE WIND SPEED     8.1


SKY COVER
  AVERAGE SKY COVER 0.1


WEATHER CONDITIONS
 THE FOLLOWING WEATHER WAS RECORDED TODAY.
  NO SIGNIFICANT WEATHER WAS OBSERVED.


RELATIVE HUMIDITY (PERCENT)
 HIGHEST    80           400 AM
 LOWEST     35           300 PM
 AVERAGE    58

..........................................................


THE WICHITA FALLS CLIMATE NORMALS FOR TOMORROW
                         NORMAL    RECORD    YEAR
 MAXIMUM TEMPERATURE (F)   85       101      1926
 MINIMUM TEMPERATURE (F)   60        38      1989


SUNRISE AND SUNSET
SEPTEMBER 23 2014.....SUNRISE   723 AM CDT   SUNSET   729 PM CDT
SEPTEMBER 24 2014.....SUNRISE   723 AM CDT   SUNSET   728 PM CDT


-  INDICATES NEGATIVE NUMBERS.
R  INDICATES RECORD WAS SET OR TIED.
MM INDICATES DATA IS MISSING.
T  INDICATES TRACE AMOUNT.




$$
