000
CDUS44 KOUN 080634 RRA
CLISPS

CLIMATE REPORT
NATIONAL WEATHER SERVICE NORMAN OK
1234 AM CST THU DEC 8 2016


...................................

...THE WICHITA FALLS CLIMATE SUMMARY FOR DECEMBER 7 2016...

CLIMATE NORMAL PERIOD 1981 TO 2010
CLIMATE RECORD PERIOD 1897 TO 2016


WEATHER ITEM   OBSERVED TIME   RECORD YEAR NORMAL DEPARTURE LAST
                VALUE   (LST)  VALUE       VALUE  FROM      YEAR
                                                  NORMAL
..................................................................
TEMPERATURE (F)
 YESTERDAY
  MAXIMUM         48    210 PM  87    1966  56     -8       69
  MINIMUM         28    732 AM   9    1950  32     -4       30
  AVERAGE         38                        44     -6       50

PRECIPITATION (IN)
  YESTERDAY        0.00          1.31 1960   0.06  -0.06     0.00
  MONTH TO DATE    0.82                      0.39   0.43     0.00
  SINCE JAN 1     37.16                     27.69   9.47    44.76

SNOWFALL (IN)
  YESTERDAY        0.0                       0.1   -0.1      0.0
  MONTH TO DATE    0.0                       0.2   -0.2      0.0
  SINCE JUL 1      0.0                       0.5   -0.5      0.0
  SNOW DEPTH       0

DEGREE DAYS
 HEATING
  YESTERDAY       27                        21      6       15
  MONTH TO DATE  149                       140      9      126
  SINCE JUL 1    400                       647   -247      502
..................................................................


WIND (MPH)
  HIGHEST WIND SPEED    28   HIGHEST WIND DIRECTION     N (20)
  HIGHEST GUST SPEED    33   HIGHEST GUST DIRECTION    NE (30)
  AVERAGE WIND SPEED     9.8


SKY COVER
  AVERAGE SKY COVER 0.7


WEATHER CONDITIONS
 THE FOLLOWING WEATHER WAS RECORDED YESTERDAY.
  NO SIGNIFICANT WEATHER WAS OBSERVED.


RELATIVE HUMIDITY (PERCENT)
 HIGHEST    85           200 AM
 LOWEST     53           400 PM
 AVERAGE    69

..........................................................


THE WICHITA FALLS CLIMATE NORMALS FOR TODAY
                         NORMAL    RECORD    YEAR
 MAXIMUM TEMPERATURE (F)   56        79      2003
 MINIMUM TEMPERATURE (F)   32         9      2005


SUNRISE AND SUNSET
DECEMBER  8 2016......SUNRISE   727 AM CST   SUNSET   525 PM CST
DECEMBER  9 2016......SUNRISE   728 AM CST   SUNSET   525 PM CST


-  INDICATES NEGATIVE NUMBERS.
R  INDICATES RECORD WAS SET OR TIED.
MM INDICATES DATA IS MISSING.
T  INDICATES TRACE AMOUNT.




$$
