000
CDUS44 KOUN 162210 RRA
CLISPS

CLIMATE REPORT
NATIONAL WEATHER SERVICE NORMAN OK
510 PM CDT WED AUG 16 2017


...................................

...THE WICHITA FALLS CLIMATE SUMMARY FOR AUGUST 16 2017...
VALID TODAY AS OF 0500 PM LOCAL TIME.

CLIMATE NORMAL PERIOD 1981 TO 2010
CLIMATE RECORD PERIOD 1897 TO 2017


WEATHER ITEM   OBSERVED TIME   RECORD YEAR NORMAL DEPARTURE LAST
                VALUE   (LST)  VALUE       VALUE  FROM      YEAR
                                                  NORMAL
..................................................................
TEMPERATURE (F)
 TODAY
  MAXIMUM         94    359 PM 110    1943  97     -3       93
  MINIMUM         76    247 AM  57    1992  72      4       63
  AVERAGE         85                        84      1       78

PRECIPITATION (IN)
  TODAY            0.00          1.58 2005   0.08  -0.08     0.00
  MONTH TO DATE    2.70                      1.22   1.48     0.45
  SINCE JUN 1      8.30                      6.96   1.34     5.56
  SINCE JAN 1     18.62                     18.45   0.17    22.05

SNOWFALL (IN)
  TODAY            0.0

DEGREE DAYS
 HEATING
  TODAY            0                         0      0        0
  MONTH TO DATE    0                         0      0        0
  SINCE JUN 1      0                         1     -1        0
  SINCE JUL 1      0                         0      0        0

 COOLING
  TODAY           20                        19      1       13
  MONTH TO DATE  266                       319    -53      341
  SINCE JUN 1   1282                      1356    -74     1450
  SINCE JAN 1   1631                      1675    -44     1703
..................................................................


WIND (MPH)
  HIGHEST WIND SPEED    24   HIGHEST WIND DIRECTION     S (200)
  HIGHEST GUST SPEED    28   HIGHEST GUST DIRECTION     S (200)
  AVERAGE WIND SPEED    12.7


SKY COVER
  AVERAGE SKY COVER 0.5


WEATHER CONDITIONS
 THE FOLLOWING WEATHER WAS RECORDED TODAY.
  NO SIGNIFICANT WEATHER WAS OBSERVED.


RELATIVE HUMIDITY (PERCENT)
 HIGHEST    94           100 AM
 LOWEST     52           300 PM
 AVERAGE    73

..........................................................


THE WICHITA FALLS CLIMATE NORMALS FOR TOMORROW
                         NORMAL    RECORD    YEAR
 MAXIMUM TEMPERATURE (F)   97       108      1951
 MINIMUM TEMPERATURE (F)   72        59      1991


SUNRISE AND SUNSET
AUGUST 16 2017........SUNRISE   656 AM CDT   SUNSET   819 PM CDT
AUGUST 17 2017........SUNRISE   657 AM CDT   SUNSET   818 PM CDT


-  INDICATES NEGATIVE NUMBERS.
R  INDICATES RECORD WAS SET OR TIED.
MM INDICATES DATA IS MISSING.
T  INDICATES TRACE AMOUNT.

$$
