000
CDUS42 KTBW 310828
CLISRQ


CLIMATE REPORT
NATIONAL WEATHER SERVICE TAMPA BAY FL
427 AM EDT SUN JUL 31 2016


...................................

...THE SARASOTA BRADENTON CLIMATE SUMMARY FOR JULY 30 2016...

CLIMATE NORMAL PERIOD 1981 TO 2010
CLIMATE RECORD PERIOD 1911 TO 2016


WEATHER ITEM   OBSERVED TIME   RECORD YEAR NORMAL DEPARTURE LAST
                VALUE   (LST)  VALUE       VALUE  FROM      YEAR
                                                  NORMAL
..................................................................
TEMPERATURE (F)
 YESTERDAY
  MAXIMUM         93   1202 PM  96    1998  90      3       89
                                      1990
                                      1927
  MINIMUM         79   1159 PM  65    1976  75      4       74
  AVERAGE         86                        82      4       82

PRECIPITATION (IN)
  YESTERDAY        0.02          4.47 1960   0.27  -0.25     0.72
  MONTH TO DATE    5.11                      7.71  -2.60     6.62
  SINCE JUN 1     11.84                     15.22  -3.38    10.35
  SINCE JAN 1     24.12                     28.92  -4.80    22.67

DEGREE DAYS
 HEATING
  YESTERDAY        0                         0      0        0
  MONTH TO DATE    0                         0      0        0
  SINCE JUN 1      0                         0      0        0
  SINCE JUL 1      0                         0      0        0

 COOLING
  YESTERDAY       21                        17      4       17
  MONTH TO DATE  621                       523     98      529
  SINCE JUN 1   1178                       995    183     1030
  SINCE JAN 1   2142                      1746    396     2070
..................................................................


WIND (MPH)
  HIGHEST WIND SPEED    16   HIGHEST WIND DIRECTION     E (110)
  HIGHEST GUST SPEED    20   HIGHEST GUST DIRECTION    SE (120)
  AVERAGE WIND SPEED     5.0


SKY COVER
  POSSIBLE SUNSHINE  MM
  AVERAGE SKY COVER 0.3


WEATHER CONDITIONS
 THE FOLLOWING WEATHER WAS RECORDED YESTERDAY.
  THUNDERSTORM
  LIGHT RAIN


RELATIVE HUMIDITY (PERCENT)
 HIGHEST    91           300 AM
 LOWEST     56          1100 AM

..........................................................

                                         A broad upper ridge
THE SARASOTA BRADENTON CLIMATE NORMALS FOR TODAY
                         NORMAL    RECORD    YEAR
 MAXIMUM TEMPERATURE (F)   90        97      1927
 MINIMUM TEMPERATURE (F)   75        65      1976


SUNRISE AND SUNSET
JULY 31 2016..........SUNRISE   654 AM EDT   SUNSET   819 PM EDT
AUGUST  1 2016........SUNRISE   654 AM EDT   SUNSET   819 PM EDT


-  INDICATES NEGATIVE NUMBERS.
R  INDICATES RECORD WAS SET OR TIED.
MM INDICATES DATA IS MISSING.
T  INDICATES TRACE AMOUNT.




$$


&&
------------------------------------------------------------------
******************** SUPPLEMENTAL DATA ***************************

...GULF WATER TEMPERATURE AT VENICE 90 DEGREES
