000
CDUS42 KTBW 090927
CLISRQ


CLIMATE REPORT
NATIONAL WEATHER SERVICE TAMPA BAY FL
426 AM EST TUE FEB 9 2016


...................................

...THE SARASOTA BRADENTON CLIMATE SUMMARY FOR FEBRUARY 8 2016...

CLIMATE NORMAL PERIOD 1981 TO 2010
CLIMATE RECORD PERIOD 1911 TO 2016


WEATHER ITEM   OBSERVED TIME   RECORD YEAR NORMAL DEPARTURE LAST
                VALUE   (LST)  VALUE       VALUE  FROM      YEAR
                                                  NORMAL
..................................................................
TEMPERATURE (F)
 YESTERDAY
  MAXIMUM         67    320 PM  85    1957  73     -6       74
  MINIMUM         39    604 AM  34    1978  53    -14       48
  AVERAGE         53                        63    -10       61

PRECIPITATION (IN)
  YESTERDAY        0.00          1.57 1953   0.05  -0.05     0.00
  MONTH TO DATE    0.40                      0.34   0.06     1.50
  SINCE DEC 1      6.10                      5.36   0.74     3.04
  SINCE JAN 1      4.81                      2.83   1.98     2.57

DEGREE DAYS
 HEATING
  YESTERDAY       12                         4      8        4
  MONTH TO DATE   44                        32     12       30
  SINCE DEC 1    214                       319   -105      251
  SINCE JUL 1    218                       352   -134      336

 COOLING
  YESTERDAY        0                         2     -2        0
  MONTH TO DATE   27                        12     15        0
  SINCE DEC 1    311                       138    173      148
  SINCE JAN 1     52                        64    -12       59
..................................................................


WIND (MPH)
  HIGHEST WIND SPEED    24   HIGHEST WIND DIRECTION     W (290)
  HIGHEST GUST SPEED    31   HIGHEST GUST DIRECTION     W (280)
  AVERAGE WIND SPEED     8.2


SKY COVER
  POSSIBLE SUNSHINE  MM
  AVERAGE SKY COVER 0.2


WEATHER CONDITIONS
 THE FOLLOWING WEATHER WAS RECORDED YESTERDAY.
  NO SIGNIFICANT WEATHER WAS OBSERVED.


RELATIVE HUMIDITY (PERCENT)
 HIGHEST    92           400 AM
 LOWEST     51          1000 AM

..........................................................


THE SARASOTA BRADENTON CLIMATE NORMALS FOR TODAY
                         NORMAL    RECORD    YEAR
 MAXIMUM TEMPERATURE (F)   73        86      1994
 MINIMUM TEMPERATURE (F)   53        28      1995


SUNRISE AND SUNSET
FEBRUARY  9 2016......SUNRISE   712 AM EST   SUNSET   617 PM EST
FEBRUARY 10 2016......SUNRISE   711 AM EST   SUNSET   618 PM EST


-  INDICATES NEGATIVE NUMBERS.
R  INDICATES RECORD WAS SET OR TIED.
MM INDICATES DATA IS MISSING.
T  INDICATES TRACE AMOUNT.




$$


&&
------------------------------------------------------------------
******************** SUPPLEMENTAL DATA ***************************

...GULF WATER TEMPERATURE AT VENICE 62 DEGREES
