954
CDUS42 KTBW 220836
CLISRQ


CLIMATE REPORT
NATIONAL WEATHER SERVICE TAMPA BAY FL
434 AM EDT FRI SEP 22 2017


...................................

...THE SARASOTA BRADENTON CLIMATE SUMMARY FOR SEPTEMBER 21 2017...

CLIMATE NORMAL PERIOD 1981 TO 2010
CLIMATE RECORD PERIOD 1911 TO 2017


WEATHER ITEM   OBSERVED TIME   RECORD YEAR NORMAL DEPARTURE LAST
                VALUE   (LST)  VALUE       VALUE  FROM      YEAR
                                                  NORMAL
..................................................................
TEMPERATURE (F)
 YESTERDAY
  MAXIMUM         91    350 PM  96    1951  89      2       92
  MINIMUM         75    701 AM  59    1981  74      1       77
  AVERAGE         83                        81      2       85

PRECIPITATION (IN)
  YESTERDAY        0.00         10.26 1962   0.19  -0.19     0.00
  MONTH TO DATE    8.79                      5.62   3.17     3.91
  SINCE SEP 1      8.79                      5.62   3.17     3.91
  SINCE JAN 1     58.30                     43.95  14.35    43.63

DEGREE DAYS
 HEATING
  YESTERDAY        0                         0      0        0
  MONTH TO DATE    0                         0      0        0
  SINCE SEP 1      0                         0      0        0
  SINCE JUL 1      0                         0      0        0

 COOLING
  YESTERDAY       18                        16      2       20
  MONTH TO DATE  355                       353      2      411
  SINCE SEP 1    355                       353      2      411
  SINCE JAN 1   3014                      2650    364     3190
..................................................................


WIND (MPH)
  HIGHEST WIND SPEED    13   HIGHEST WIND DIRECTION    NE (50)
  HIGHEST GUST SPEED    16   HIGHEST GUST DIRECTION     N (20)
  AVERAGE WIND SPEED     7.1


SKY COVER
  POSSIBLE SUNSHINE  MM
  AVERAGE SKY COVER 0.4


WEATHER CONDITIONS
 THE FOLLOWING WEATHER WAS RECORDED YESTERDAY.
  NO SIGNIFICANT WEATHER WAS OBSERVED.


RELATIVE HUMIDITY (PERCENT)
 HIGHEST    94           400 AM
 LOWEST     44           300 PM

..........................................................


THE SARASOTA BRADENTON CLIMATE NORMALS FOR TODAY
                         NORMAL    RECORD    YEAR
 MAXIMUM TEMPERATURE (F)   89        94      1992
                                             1974
                                             1923
 MINIMUM TEMPERATURE (F)   74        60      1913


SUNRISE AND SUNSET
SEPTEMBER 22 2017.....SUNRISE   719 AM EDT   SUNSET   726 PM EDT
SEPTEMBER 23 2017.....SUNRISE   719 AM EDT   SUNSET   725 PM EDT


-  INDICATES NEGATIVE NUMBERS.
R  INDICATES RECORD WAS SET OR TIED.
MM INDICATES DATA IS MISSING.
T  INDICATES TRACE AMOUNT.




$$


&&
------------------------------------------------------------------
******************** SUPPLEMENTAL DATA ***************************

...GULF WATER TEMPERATURE AT VENICE 84 DEGREES
