000
CDUS42 KTBW 290828
CLISRQ


CLIMATE REPORT
NATIONAL WEATHER SERVICE TAMPA BAY FL
427 AM EDT FRI APR 29 2016


...................................

...THE SARASOTA BRADENTON CLIMATE SUMMARY FOR APRIL 28 2016...

CLIMATE NORMAL PERIOD 1981 TO 2010
CLIMATE RECORD PERIOD 1911 TO 2016


WEATHER ITEM   OBSERVED TIME   RECORD YEAR NORMAL DEPARTURE LAST
                VALUE   (LST)  VALUE       VALUE  FROM      YEAR
                                                  NORMAL
..................................................................
TEMPERATURE (F)
 YESTERDAY
  MAXIMUM         85    320 PM  92    1974  83      2       84
                                      1932
  MINIMUM         68    401 AM  45    1977  64      4       67
  AVERAGE         77                        73      4       76

PRECIPITATION (IN)
  YESTERDAY        0.00          2.65 1930   0.05  -0.05     0.70
  MONTH TO DATE    0.91                      2.32  -1.41     1.55
  SINCE MAR 1      1.83                      6.18  -4.35     2.53
  SINCE JAN 1      7.51                     11.37  -3.86     7.41

DEGREE DAYS
 HEATING
  YESTERDAY        0                         0      0        0
  MONTH TO DATE    0                         8     -8        0
  SINCE MAR 1     14                        57    -43       13
  SINCE JUL 1    320                       475   -155      470

 COOLING
  YESTERDAY       12                         8      4       11
  MONTH TO DATE  247                       177     70      314
  SINCE MAR 1    450                       277    173      536
  SINCE JAN 1    516                       381    135      605
..................................................................


WIND (MPH)
  HIGHEST WIND SPEED    14   HIGHEST WIND DIRECTION    SW (240)
  HIGHEST GUST SPEED    19   HIGHEST GUST DIRECTION    SW (210)
  AVERAGE WIND SPEED     7.7


SKY COVER
  POSSIBLE SUNSHINE  MM
  AVERAGE SKY COVER 0.0


WEATHER CONDITIONS
 THE FOLLOWING WEATHER WAS RECORDED YESTERDAY.
  NO SIGNIFICANT WEATHER WAS OBSERVED.


RELATIVE HUMIDITY (PERCENT)
 HIGHEST    90           100 AM
 LOWEST     55          1100 AM

..........................................................


THE SARASOTA BRADENTON CLIMATE NORMALS FOR TODAY
                         NORMAL    RECORD    YEAR
 MAXIMUM TEMPERATURE (F)   83        91      1996
 MINIMUM TEMPERATURE (F)   64        41      1928


SUNRISE AND SUNSET
APRIL 29 2016.........SUNRISE   652 AM EDT   SUNSET   803 PM EDT
APRIL 30 2016.........SUNRISE   652 AM EDT   SUNSET   803 PM EDT


-  INDICATES NEGATIVE NUMBERS.
R  INDICATES RECORD WAS SET OR TIED.
MM INDICATES DATA IS MISSING.
T  INDICATES TRACE AMOUNT.




$$


&&
------------------------------------------------------------------
******************** SUPPLEMENTAL DATA ***************************

...GULF WATER TEMPERATURE AT VENICE 80 DEGREES
