000
CDUS42 KTBW 270834
CLISRQ


CLIMATE REPORT
NATIONAL WEATHER SERVICE TAMPA BAY FL
432 AM EDT TUE SEP 27 2016


...................................

...THE SARASOTA BRADENTON CLIMATE SUMMARY FOR SEPTEMBER 26 2016...

CLIMATE NORMAL PERIOD 1981 TO 2010
CLIMATE RECORD PERIOD 1911 TO 2016


WEATHER ITEM   OBSERVED TIME   RECORD YEAR NORMAL DEPARTURE LAST
                VALUE   (LST)  VALUE       VALUE  FROM      YEAR
                                                  NORMAL
..................................................................
TEMPERATURE (F)
 YESTERDAY
  MAXIMUM         90    222 PM  96    1951  88      2       90
  MINIMUM         73    621 PM  63    2008  73      0       73
  AVERAGE         82                        81      1       82

PRECIPITATION (IN)
  YESTERDAY        0.56          4.67 2004   0.17   0.39     0.00
  MONTH TO DATE    4.64                      6.53  -1.89     5.01
  SINCE SEP 1      4.64                      6.53  -1.89     5.01
  SINCE JAN 1     44.36                     44.86  -0.50    32.34

DEGREE DAYS
 HEATING
  YESTERDAY        0                         0      0        0
  MONTH TO DATE    0                         0      0        0
  SINCE SEP 1      0                         0      0        0
  SINCE JUL 1      0                         0      0        0

 COOLING
  YESTERDAY       17                        16      1       17
  MONTH TO DATE  505                       433     72      439
  SINCE SEP 1    505                       433     72      439
  SINCE JAN 1   3284                      2730    554     3074
..................................................................


WIND (MPH)
  HIGHEST WIND SPEED    20   HIGHEST WIND DIRECTION     E (80)
  HIGHEST GUST SPEED    24   HIGHEST GUST DIRECTION     E (70)
  AVERAGE WIND SPEED     6.2


SKY COVER
  POSSIBLE SUNSHINE  MM
  AVERAGE SKY COVER 0.1


WEATHER CONDITIONS
 THE FOLLOWING WEATHER WAS RECORDED YESTERDAY.
  THUNDERSTORM
  HEAVY RAIN
  RAIN
  LIGHT RAIN
  FOG


RELATIVE HUMIDITY (PERCENT)
 HIGHEST    94           400 AM
 LOWEST     63          1000 AM

..........................................................


THE SARASOTA BRADENTON CLIMATE NORMALS FOR TODAY
                         NORMAL    RECORD    YEAR
 MAXIMUM TEMPERATURE (F)   88        94      1925
 MINIMUM TEMPERATURE (F)   73        59      1991


SUNRISE AND SUNSET
SEPTEMBER 27 2016.....SUNRISE   721 AM EDT   SUNSET   720 PM EDT
SEPTEMBER 28 2016.....SUNRISE   722 AM EDT   SUNSET   719 PM EDT


-  INDICATES NEGATIVE NUMBERS.
R  INDICATES RECORD WAS SET OR TIED.
MM INDICATES DATA IS MISSING.
T  INDICATES TRACE AMOUNT.




$$


&&
------------------------------------------------------------------
******************** SUPPLEMENTAL DATA ***************************

...GULF WATER TEMPERATURE AT VENICE 87 DEGREES
