000
CDUS42 KTBW 222250 CCA
CLISRQ

CLIMATE REPORT...CORRECTED
NATIONAL WEATHER SERVICE TAMPA BAY FL
522 PM EST MON JAN 22 2018


...................................

...THE SARASOTA BRADENTON CLIMATE SUMMARY FOR JANUARY 22 2018...
VALID TODAY AS OF 0500 PM LOCAL TIME.

CLIMATE NORMAL PERIOD 1981 TO 2010
CLIMATE RECORD PERIOD 1911 TO 2018


WEATHER ITEM   OBSERVED TIME   RECORD YEAR NORMAL DEPARTURE LAST
                VALUE   (LST)  VALUE       VALUE  FROM      YEAR
                                                  NORMAL
..................................................................
TEMPERATURE (F)
 TODAY
  MAXIMUM         80    117 PM  85    2006  71      9       80
  MINIMUM         59    534 AM  27    1985  52      7       69
  AVERAGE         70                        61      9       75

PRECIPITATION (IN)
  TODAY               T          2.26 1989   0.06  -0.06     0.12
  MONTH TO DATE    1.13                      1.98  -0.85     1.43
  SINCE DEC 1      2.20                      4.51  -2.31     2.68
  SINCE JAN 1      1.13                      1.98  -0.85     1.43

DEGREE DAYS
 HEATING
  TODAY            0                         5     -5        0
  MONTH TO DATE  194                       119     75       41
  SINCE DEC 1    259                       241     18       65
  SINCE JUL 1    272                       274     -2       76

 COOLING
  TODAY            5                         2      3       10
  MONTH TO DATE   24                        44    -20       78
  SINCE DEC 1    133                       118     15      241
  SINCE JAN 1     24                        44    -20       78
..................................................................


WIND (MPH)
  RESULTANT WIND SPEED   7   RESULTANT WIND DIRECTION  SE (140)
  HIGHEST WIND SPEED    18   HIGHEST WIND DIRECTION     S (190)
  HIGHEST GUST SPEED    23   HIGHEST GUST DIRECTION     S (180)
  AVERAGE WIND SPEED     9.3


SKY COVER
  POSSIBLE SUNSHINE  MM
  AVERAGE SKY COVER 0.4


WEATHER CONDITIONS
 THE FOLLOWING WEATHER WAS RECORDED TODAY.
  FOG
  FOG W/VISIBILITY <= 1/4 MILE


RELATIVE HUMIDITY (PERCENT)
 HIGHEST   100           400 AM
 LOWEST     54           100 PM

..........................................................


THE SARASOTA BRADENTON CLIMATE NORMALS FOR TOMORROW
                         NORMAL    RECORD    YEAR
 MAXIMUM TEMPERATURE (F)   71        87      1990
 MINIMUM TEMPERATURE (F)   52        28      1985


SUNRISE AND SUNSET
JANUARY 22 2018.......SUNRISE   720 AM EST   SUNSET   604 PM EST
JANUARY 23 2018.......SUNRISE   720 AM EST   SUNSET   604 PM EST


-  INDICATES NEGATIVE NUMBERS.
R  INDICATES RECORD WAS SET OR TIED.
MM INDICATES DATA IS MISSING.
T  INDICATES TRACE AMOUNT.




$$


&&
------------------------------------------------------------------
******************** SUPPLEMENTAL DATA ***************************

...GULF WATER TEMPERATURE AT VENICE 61 DEGREES
