000
CDUS42 KTBW 202118
CLISRQ


CLIMATE REPORT
NATIONAL WEATHER SERVICE TAMPA BAY FL
515 PM EDT SAT SEP 20 2014


...................................

...THE SARASOTA BRADENTON CLIMATE SUMMARY FOR SEPTEMBER 20 2014...
VALID TODAY AS OF 0500 PM LOCAL TIME.

CLIMATE NORMAL PERIOD 1981 TO 2010
CLIMATE RECORD PERIOD 1911 TO 2014


WEATHER ITEM   OBSERVED TIME   RECORD YEAR NORMAL DEPARTURE LAST
                VALUE   (LST)  VALUE       VALUE  FROM      YEAR
                                                  NORMAL
..................................................................
TEMPERATURE (F)
 TODAY
  MAXIMUM         84    209 PM  96    1925  89     -5       90
  MINIMUM         71    418 AM  60    1981  74     -3       74
  AVERAGE         78                        81     -3       82

PRECIPITATION (IN)
  TODAY            0.21          3.27 1962   0.20   0.01     0.00
  MONTH TO DATE    3.30                      5.43  -2.13     5.05
  SINCE SEP 1      3.30                      5.43  -2.13     5.05
  SINCE JAN 1     34.78                     43.76  -8.98    43.66

DEGREE DAYS
 HEATING
  TODAY            0                         0      0        0
  MONTH TO DATE    0                         0      0        0
  SINCE SEP 1      0                         0      0        0
  SINCE JUL 1      0                         0      0        0

 COOLING
  TODAY           13                        16     -3       17
  MONTH TO DATE  300                       337    -37      357
  SINCE SEP 1    300                       337    -37      357
  SINCE JAN 1   2846                      2634    212     2857
..................................................................


WIND (MPH)
  RESULTANT WIND SPEED   4   RESULTANT WIND DIRECTION   N (360)
  HIGHEST WIND SPEED    13   HIGHEST WIND DIRECTION     E (80)
  HIGHEST GUST SPEED    16   HIGHEST GUST DIRECTION     E (90)
  AVERAGE WIND SPEED     6.8


SKY COVER
  POSSIBLE SUNSHINE  MM
  AVERAGE SKY COVER 0.8


WEATHER CONDITIONS
 THE FOLLOWING WEATHER WAS RECORDED TODAY.
  HEAVY RAIN
  RAIN
  LIGHT RAIN
  FOG


RELATIVE HUMIDITY (PERCENT)
 HIGHEST   100           400 AM
 LOWEST     69           100 PM

..........................................................


THE SARASOTA BRADENTON CLIMATE NORMALS FOR TOMORROW
                         NORMAL    RECORD    YEAR
 MAXIMUM TEMPERATURE (F)   89        96      1951
 MINIMUM TEMPERATURE (F)   74        59      1981


SUNRISE AND SUNSET
SEPTEMBER 20 2014.....SUNRISE   718 AM EDT   SUNSET   729 PM EDT
SEPTEMBER 21 2014.....SUNRISE   718 AM EDT   SUNSET   728 PM EDT


-  INDICATES NEGATIVE NUMBERS.
R  INDICATES RECORD WAS SET OR TIED.
MM INDICATES DATA IS MISSING.
T  INDICATES TRACE AMOUNT.




$$


&&
------------------------------------------------------------------
******************** SUPPLEMENTAL DATA ***************************

...GULF WATER TEMPERATURE AT NEW PASS 83
