000
CDUS42 KJAX 200536
CLISSI


CLIMATE REPORT
NATIONAL WEATHER SERVICE JACKSONVILLE FL
1234 AM EST SAT DEC 20 2014


...................................

...THE ST SIMONS ISLAND CLIMATE SUMMARY FOR DECEMBER 19 2014...

CLIMATE NORMAL PERIOD 1981 TO 2010
CLIMATE RECORD PERIOD 1948 TO 2014


WEATHER ITEM   OBSERVED TIME   RECORD YEAR NORMAL DEPARTURE LAST
                VALUE   (LST)  VALUE       VALUE  FROM      YEAR
                                                  NORMAL
..................................................................
TEMPERATURE (F)
 YESTERDAY
  MAXIMUM         65    256 PM  83    1967  62      3       68
  MINIMUM         44    704 AM  22    1953  45     -1       37
  AVERAGE         55                        53      2       53

PRECIPITATION (IN)
  YESTERDAY        T             2.19 1965   0.09  -0.09     0.00
  MONTH TO DATE    T                         1.58  -1.58     1.25
  SINCE DEC 1      T                         1.58  -1.58     1.25
  SINCE JAN 1     42.72                     43.94  -1.22    51.42

SNOWFALL (IN)
  YESTERDAY        0.0           0.0    MM                   0.0
  MONTH TO DATE    0.0                                       0.0
  SINCE DEC 1      0.0                                       0.0
  SINCE JUL 1      0.0                                       0.0
  SNOW DEPTH       0

DEGREE DAYS
 HEATING
  YESTERDAY       10                        12     -2       12
  MONTH TO DATE  177                       194    -17      133
  SINCE DEC 1    177                       194    -17      133
  SINCE JUL 1    463                       374     89      323

 COOLING
  YESTERDAY        0                         0      0        0
  MONTH TO DATE    1                         9     -8       11
  SINCE DEC 1      1                         9     -8       11
  SINCE JAN 1   2587                      2624    -37     2598
..................................................................


WIND (MPH)
  HIGHEST WIND SPEED     8   HIGHEST WIND DIRECTION     N (360)
  HIGHEST GUST SPEED    11   HIGHEST GUST DIRECTION     N (350)
  AVERAGE WIND SPEED     3.5


SKY COVER
  POSSIBLE SUNSHINE  MM
  AVERAGE SKY COVER 0.2


WEATHER CONDITIONS
 THE FOLLOWING WEATHER WAS RECORDED YESTERDAY.
  LIGHT RAIN


RELATIVE HUMIDITY (PERCENT)
 HIGHEST    86           100 AM
 LOWEST     43           300 PM
 AVERAGE    65

..........................................................


THE ST SIMONS ISLAND CLIMATE NORMALS FOR TODAY
                         NORMAL    RECORD    YEAR
 MAXIMUM TEMPERATURE (F)   62        79      1984
 MINIMUM TEMPERATURE (F)   44        23      2000
                                             1981


SUNRISE AND SUNSET
DECEMBER 20 2014......SUNRISE   719 AM EST   SUNSET   527 PM EST
DECEMBER 21 2014......SUNRISE   720 AM EST   SUNSET   527 PM EST


-  INDICATES NEGATIVE NUMBERS.
R  INDICATES RECORD WAS SET OR TIED.
MM INDICATES DATA IS MISSING.
T  INDICATES TRACE AMOUNT.




$$
