000
CDUS42 KJAX 252227
CLISSI


CLIMATE REPORT
NATIONAL WEATHER SERVICE JACKSONVILLE FL
526 PM EST SAT FEB 25 2017


...................................

...THE ST SIMONS ISLAND CLIMATE SUMMARY FOR FEBRUARY 25 2017...
VALID TODAY AS OF 0500 PM LOCAL TIME.

CLIMATE NORMAL PERIOD 1981 TO 2010
CLIMATE RECORD PERIOD 1948 TO 2017


WEATHER ITEM   OBSERVED TIME   RECORD YEAR NORMAL DEPARTURE LAST
                VALUE   (LST)  VALUE       VALUE  FROM      YEAR
                                                  NORMAL
..................................................................
TEMPERATURE (F)
 TODAY
  MAXIMUM         80R  1240 PM  80    1956  65     15       60
  MINIMUM         62    722 AM  26    1989  48     14       46
  AVERAGE         71                        56     15       53

PRECIPITATION (IN)
  TODAY            0.00          1.70 1959   0.14  -0.14     0.00
  MONTH TO DATE    0.86                      3.09  -2.23     3.99
  SINCE DEC 1      8.88                      8.95  -0.07     8.49
  SINCE JAN 1      5.86                      6.31  -0.45     7.14

SNOWFALL (IN)
  TODAY            0.0           0.0    MM                   0.0
  MONTH TO DATE    0.0                                       0.0
  SINCE DEC 1      0.0                                       0.0
  SINCE JUL 1      0.0                                       0.0

DEGREE DAYS
 HEATING
  TODAY            0                         9     -9       12
  MONTH TO DATE   98                       275   -177      260
  SINCE DEC 1    501                      1046   -545      792
  SINCE JUL 1    606                      1226   -620      857

 COOLING
  TODAY            6                         0      6        0
  MONTH TO DATE   30                         0     30        4
  SINCE DEC 1     74                        16     58       94
  SINCE JAN 1     49                         3     46        4
..................................................................


WIND (MPH)
  HIGHEST WIND SPEED    18   HIGHEST WIND DIRECTION     W (260)
  HIGHEST GUST SPEED    27   HIGHEST GUST DIRECTION    NW (300)
  AVERAGE WIND SPEED     8.2


SKY COVER
  POSSIBLE SUNSHINE  MM
  AVERAGE SKY COVER 0.6


WEATHER CONDITIONS
 THE FOLLOWING WEATHER WAS RECORDED TODAY.
  FOG
  FOG W/VISIBILITY <= 1/4 MILE


RELATIVE HUMIDITY (PERCENT)
 HIGHEST   100          1200 AM
 LOWEST     48           300 PM
 AVERAGE    74

..........................................................


THE ST SIMONS ISLAND CLIMATE NORMALS FOR TOMORROW
                         NORMAL    RECORD    YEAR
 MAXIMUM TEMPERATURE (F)   65        83      1972
 MINIMUM TEMPERATURE (F)   48        20      1967


SUNRISE AND SUNSET
FEBRUARY 25 2017......SUNRISE   656 AM EST   SUNSET   621 PM EST
FEBRUARY 26 2017......SUNRISE   655 AM EST   SUNSET   622 PM EST


-  INDICATES NEGATIVE NUMBERS.
R  INDICATES RECORD WAS SET OR TIED.
MM INDICATES DATA IS MISSING.
T  INDICATES TRACE AMOUNT.




$$
