000
CDUS42 KJAX 260915
CLISSI


CLIMATE REPORT
NATIONAL WEATHER SERVICE JACKSONVILLE FL
513 AM EDT FRI AUG 26 2016


...................................

...THE ST SIMONS ISLAND CLIMATE SUMMARY FOR AUGUST 25 2016...

CLIMATE NORMAL PERIOD 1981 TO 2010
CLIMATE RECORD PERIOD 1948 TO 2016


WEATHER ITEM   OBSERVED TIME   RECORD YEAR NORMAL DEPARTURE LAST
                VALUE   (LST)  VALUE       VALUE  FROM      YEAR
                                                  NORMAL
..................................................................
TEMPERATURE (F)
 YESTERDAY
  MAXIMUM         89    233 PM  97    2002  88      1       93
  MINIMUM         75    628 AM  62    1957  75      0       75
  AVERAGE         82                        81      1       84

PRECIPITATION (IN)
  YESTERDAY        T             3.79 1995   0.24  -0.24     0.06
  MONTH TO DATE    1.41                      4.84  -3.43     2.71
  SINCE JUN 1      8.39                     13.76  -5.37    15.95
  SINCE JAN 1     21.42                     28.68  -7.26    30.07

SNOWFALL (IN)
  YESTERDAY        0.0           0.0    MM                   0.0
  MONTH TO DATE    0.0                                       0.0
  SINCE JUN 1      0.0                                       0.0
  SINCE JUL 1      0.0                                       0.0
  SNOW DEPTH       0

DEGREE DAYS
 HEATING
  YESTERDAY        0                         0      0        0
  MONTH TO DATE    0                         0      0        0
  SINCE JUN 1      0                         0      0        0
  SINCE JUL 1      0                         0      0        0

 COOLING
  YESTERDAY       17                        16      1       19
  MONTH TO DATE  482                       428     54      428
  SINCE JUN 1   1638                      1440    198     1486
  SINCE JAN 1   2162                      1882    280     2034
..................................................................


WIND (MPH)
  HIGHEST WIND SPEED    21   HIGHEST WIND DIRECTION    NE (40)
  HIGHEST GUST SPEED    30   HIGHEST GUST DIRECTION    NE (40)
  AVERAGE WIND SPEED    10.7


SKY COVER
  POSSIBLE SUNSHINE  MM
  AVERAGE SKY COVER 0.2


WEATHER CONDITIONS
 THE FOLLOWING WEATHER WAS RECORDED YESTERDAY.
  NO SIGNIFICANT WEATHER WAS OBSERVED.


RELATIVE HUMIDITY (PERCENT)
 HIGHEST    82           600 AM
 LOWEST     55          1200 AM
 AVERAGE    69

..........................................................


THE ST SIMONS ISLAND CLIMATE NORMALS FOR TODAY
                         NORMAL    RECORD    YEAR
 MAXIMUM TEMPERATURE (F)   88        95      1998
 MINIMUM TEMPERATURE (F)   75        68      1997


SUNRISE AND SUNSET
AUGUST 26 2016........SUNRISE   658 AM EDT   SUNSET   756 PM EDT
AUGUST 27 2016........SUNRISE   659 AM EDT   SUNSET   754 PM EDT


-  INDICATES NEGATIVE NUMBERS.
R  INDICATES RECORD WAS SET OR TIED.
MM INDICATES DATA IS MISSING.
T  INDICATES TRACE AMOUNT.




$$
