000
CDUS42 KJAX 260535
CLISSI


CLIMATE REPORT
NATIONAL WEATHER SERVICE JACKSONVILLE FL
134 AM EDT TUE MAY 26 2015


...................................

...THE ST SIMONS ISLAND CLIMATE SUMMARY FOR MAY 25 2015...

CLIMATE NORMAL PERIOD 1981 TO 2010
CLIMATE RECORD PERIOD 1948 TO 2015


WEATHER ITEM   OBSERVED TIME   RECORD YEAR NORMAL DEPARTURE LAST
                VALUE   (LST)  VALUE       VALUE  FROM      YEAR
                                                  NORMAL
..................................................................
TEMPERATURE (F)
 YESTERDAY
  MAXIMUM         82    412 PM  96    1953  84     -2       83
  MINIMUM         70    815 AM  55    1967  70      0       73
  AVERAGE         76                        77     -1       78

PRECIPITATION (IN)
  YESTERDAY        0.61          2.92 1971   0.07   0.54     0.00
  MONTH TO DATE    1.22                      1.34  -0.12     1.47
  SINCE MAR 1      7.02                      7.71  -0.69    11.93
  SINCE JAN 1     12.74                     14.40  -1.66    18.41

SNOWFALL (IN)
  YESTERDAY        0.0           0.0    MM                   0.0
  MONTH TO DATE    0.0                                       0.0
  SINCE MAR 1      0.0                                       0.0
  SINCE JUL 1      0.0                                        T
  SNOW DEPTH       0

DEGREE DAYS
 HEATING
  YESTERDAY        0                         0      0        0
  MONTH TO DATE    1                         2     -1        1
  SINCE MAR 1    115                       235   -120      266
  SINCE JUL 1   1495                      1486      9     1494

 COOLING
  YESTERDAY       11                        12     -1       13
  MONTH TO DATE  257                       223     34      226
  SINCE MAR 1    462                       357    105      356
  SINCE JAN 1    468                       366    102      364
..................................................................


WIND (MPH)
  HIGHEST WIND SPEED    17   HIGHEST WIND DIRECTION    SE (130)
  HIGHEST GUST SPEED    24   HIGHEST GUST DIRECTION    SE (120)
  AVERAGE WIND SPEED    MM


SKY COVER
  POSSIBLE SUNSHINE  MM
  AVERAGE SKY COVER  MM


WEATHER CONDITIONS
 THE FOLLOWING WEATHER WAS RECORDED YESTERDAY.
  HEAVY RAIN
  RAIN
  LIGHT RAIN


RELATIVE HUMIDITY (PERCENT)
 HIGHEST    MM
 LOWEST     MM
 AVERAGE    MM

..........................................................


THE ST SIMONS ISLAND CLIMATE NORMALS FOR TODAY
                         NORMAL    RECORD    YEAR
 MAXIMUM TEMPERATURE (F)   84       100      1953
 MINIMUM TEMPERATURE (F)   70        55      1979


SUNRISE AND SUNSET
MAY 26 2015...........SUNRISE   624 AM EDT   SUNSET   821 PM EDT
MAY 27 2015...........SUNRISE   624 AM EDT   SUNSET   822 PM EDT


-  INDICATES NEGATIVE NUMBERS.
R  INDICATES RECORD WAS SET OR TIED.
MM INDICATES DATA IS MISSING.
T  INDICATES TRACE AMOUNT.




$$
