000
CDUS42 KJAX 230530
CLISSI


CLIMATE REPORT
NATIONAL WEATHER SERVICE JACKSONVILLE FL
130 AM EDT THU OCT 23 2014


...................................

...THE ST SIMONS ISLAND CLIMATE SUMMARY FOR OCTOBER 22 2014...

CLIMATE NORMAL PERIOD 1981 TO 2010
CLIMATE RECORD PERIOD 1948 TO 2014


WEATHER ITEM   OBSERVED TIME   RECORD YEAR NORMAL DEPARTURE LAST
                VALUE   (LST)  VALUE       VALUE  FROM      YEAR
                                                  NORMAL
..................................................................
TEMPERATURE (F)
 YESTERDAY
  MAXIMUM         71    425 PM  89    2006  76     -5       77
  MINIMUM         53   1159 PM  43    1976  60     -7       63
  AVERAGE         62                        68     -6       70

PRECIPITATION (IN)
  YESTERDAY        0.00          3.73 1959   0.11  -0.11     0.04
  MONTH TO DATE    2.83                      3.59  -0.76     1.17
  SINCE SEP 1      8.47                      9.35  -0.88    12.06
  SINCE JAN 1     39.22                     39.46  -0.24    47.00

SNOWFALL (IN)
  YESTERDAY        0.0           0.0    MM                   0.0
  MONTH TO DATE    0.0                                       0.0
  SINCE SEP 1      0.0                                       0.0
  SINCE JUL 1      0.0                                       0.0
  SNOW DEPTH       0

DEGREE DAYS
 HEATING
  YESTERDAY        3                         1      2        0
  MONTH TO DATE    8                        12     -4        0
  SINCE SEP 1      8                        12     -4        0
  SINCE JUL 1      8                        12     -4        0

 COOLING
  YESTERDAY        0                         5     -5        5
  MONTH TO DATE  151                       156     -5      174
  SINCE SEP 1    535                       551    -16      586
  SINCE JAN 1   2540                      2527     13     2531
..................................................................


WIND (MPH)
  HIGHEST WIND SPEED    17   HIGHEST WIND DIRECTION     E (80)
  HIGHEST GUST SPEED    21   HIGHEST GUST DIRECTION    NE (50)
  AVERAGE WIND SPEED     6.4


SKY COVER
  POSSIBLE SUNSHINE  MM
  AVERAGE SKY COVER 0.0


WEATHER CONDITIONS
 THE FOLLOWING WEATHER WAS RECORDED YESTERDAY.
  NO SIGNIFICANT WEATHER WAS OBSERVED.


RELATIVE HUMIDITY (PERCENT)
 HIGHEST    89          1100 PM
 LOWEST     40           500 PM
 AVERAGE    65

..........................................................


THE ST SIMONS ISLAND CLIMATE NORMALS FOR TODAY
                         NORMAL    RECORD    YEAR
 MAXIMUM TEMPERATURE (F)   76        86      1950
 MINIMUM TEMPERATURE (F)   60        45      1988
                                             1976


SUNRISE AND SUNSET
OCTOBER 23 2014.......SUNRISE   734 AM EDT   SUNSET   645 PM EDT
OCTOBER 24 2014.......SUNRISE   735 AM EDT   SUNSET   644 PM EDT


-  INDICATES NEGATIVE NUMBERS.
R  INDICATES RECORD WAS SET OR TIED.
MM INDICATES DATA IS MISSING.
T  INDICATES TRACE AMOUNT.




$$
