000
CDUS43 KMPX 250631
CLISTC


CLIMATE REPORT
NATIONAL WEATHER SERVICE CHANHASSEN MN
128 AM CDT MON SEP 25 2017


...................................

...THE ST CLOUD MN CLIMATE SUMMARY FOR SEPTEMBER 24 2017...

CLIMATE NORMAL PERIOD 1981 TO 2010
CLIMATE RECORD PERIOD 1893 TO 2017


WEATHER ITEM   OBSERVED TIME   RECORD YEAR NORMAL DEPARTURE LAST
                VALUE   (LST)  VALUE       VALUE  FROM      YEAR
                                                  NORMAL
..................................................................
TEMPERATURE (F)
 YESTERDAY
  MAXIMUM         85    325 PM  90    1935  67     18       71
  MINIMUM         59   1159 PM  24    2000  43     16       62
  AVERAGE         72                        55     17       67

PRECIPITATION (IN)
  YESTERDAY        0.02          1.72 1934   0.11  -0.09     0.03
  MONTH TO DATE    2.40                      2.89  -0.49     2.77
  SINCE SEP 1      2.40                      2.89  -0.49     2.77
  SINCE JAN 1     23.33                     22.47   0.86    27.59

SNOWFALL (IN)
  YESTERDAY        0.0           T    1985   0.0    0.0      0.0
                                      1942
  MONTH TO DATE    0.0                       0.0    0.0      0.0
  SINCE SEP 1      0.0                       0.0    0.0      0.0
  SINCE JUL 1      0.0                       0.0    0.0      0.0
  SNOW DEPTH       0

DEGREE DAYS
 HEATING
  YESTERDAY        0                        11    -11        0
  MONTH TO DATE   80                       158    -78       63
  SINCE SEP 1     80                       158    -78       63
  SINCE JUL 1    120                       216    -96       85

 COOLING
  YESTERDAY        7                         0      7        2
  MONTH TO DATE   71                        31     40       28
  SINCE SEP 1     71                        31     40       28
  SINCE JAN 1    361                       460    -99      506
..................................................................


WIND (MPH)
  HIGHEST WIND SPEED    29   HIGHEST WIND DIRECTION     W (280)
  HIGHEST GUST SPEED    38   HIGHEST GUST DIRECTION     W (280)
  AVERAGE WIND SPEED     9.7


SKY COVER
  POSSIBLE SUNSHINE  MM
  AVERAGE SKY COVER 0.3


WEATHER CONDITIONS
 THE FOLLOWING WEATHER WAS RECORDED YESTERDAY.
  LIGHT RAIN
  FOG


RELATIVE HUMIDITY (PERCENT)
 HIGHEST   100          1200 AM
 LOWEST     55           300 PM
 AVERAGE    78

..........................................................


THE ST CLOUD MN CLIMATE NORMALS FOR TODAY
                         NORMAL    RECORD    YEAR
 MAXIMUM TEMPERATURE (F)   66        86      1933
 MINIMUM TEMPERATURE (F)   43        24      1947


SUNRISE AND SUNSET
SEPTEMBER 25 2017.....SUNRISE   707 AM CDT   SUNSET   707 PM CDT
SEPTEMBER 26 2017.....SUNRISE   709 AM CDT   SUNSET   705 PM CDT


-  INDICATES NEGATIVE NUMBERS.
R  INDICATES RECORD WAS SET OR TIED.
MM INDICATES DATA IS MISSING.
T  INDICATES TRACE AMOUNT.




$$
