586
CDUS43 KMPX 290051
CLISTC


CLIMATE REPORT
NATIONAL WEATHER SERVICE CHANHASSEN MN
751 PM CDT TUE JUN 28 2016


...................................

...THE ST CLOUD MN CLIMATE SUMMARY FOR JUNE 28 2016...
VALID TODAY AS OF 0700 PM LOCAL TIME.

CLIMATE NORMAL PERIOD 1981 TO 2010
CLIMATE RECORD PERIOD 1893 TO 2016


WEATHER ITEM   OBSERVED TIME   RECORD YEAR NORMAL DEPARTURE LAST
                VALUE   (LST)  VALUE       VALUE  FROM      YEAR
                                                  NORMAL
..................................................................
TEMPERATURE (F)
 TODAY
  MAXIMUM         74    537 PM 102    1931  81     -7       81
  MINIMUM         50    453 AM  44    1911  57     -7       61
                                      1895
  AVERAGE         62                        69     -7       71

PRECIPITATION (IN)
  TODAY            0.00          2.61 1990   0.14  -0.14     0.03
  MONTH TO DATE    3.28                      3.90  -0.62     4.62
  SINCE JUN 1      3.28                      3.90  -0.62     4.62
  SINCE JAN 1      9.63                     12.21  -2.58    13.29

SNOWFALL (IN)
  TODAY            0.0           0.0    MM   0.0    0.0      0.0
  MONTH TO DATE    0.0                       0.0    0.0      0.0
  SINCE JUN 1      0.0                       0.0    0.0      0.0
  SINCE JUL 1     30.3                      45.7  -15.4     31.1
  SNOW DEPTH       0

DEGREE DAYS
 HEATING
  TODAY            3                         1      2        0
  MONTH TO DATE   33                        76    -43       28
  SINCE JUN 1     33                        76    -43       28
  SINCE JUL 1   7170                      8530  -1360     8143

 COOLING
  TODAY            0                         5     -5        6
  MONTH TO DATE  108                        85     23       62
  SINCE JUN 1    108                        85     23       62
  SINCE JAN 1    139                       110     29       67
..................................................................


WIND (MPH)
  HIGHEST WIND SPEED     9   HIGHEST WIND DIRECTION    NE (40)
  HIGHEST GUST SPEED    13   HIGHEST GUST DIRECTION    NE (50)
  AVERAGE WIND SPEED     3.2


SKY COVER
  POSSIBLE SUNSHINE  MM
  AVERAGE SKY COVER 0.4


WEATHER CONDITIONS
 THE FOLLOWING WEATHER WAS RECORDED TODAY.
  NO SIGNIFICANT WEATHER WAS OBSERVED.


RELATIVE HUMIDITY (PERCENT)
 HIGHEST    93           500 AM
 LOWEST     44           400 PM
 AVERAGE    69

..........................................................


THE ST CLOUD MN CLIMATE NORMALS FOR TOMORROW
                         NORMAL    RECORD    YEAR
 MAXIMUM TEMPERATURE (F)   81       100      1931
 MINIMUM TEMPERATURE (F)   57        43      1895


SUNRISE AND SUNSET
JUNE 28 2016..........SUNRISE   530 AM CDT   SUNSET   909 PM CDT
JUNE 29 2016..........SUNRISE   530 AM CDT   SUNSET   909 PM CDT


-  INDICATES NEGATIVE NUMBERS.
R  INDICATES RECORD WAS SET OR TIED.
MM INDICATES DATA IS MISSING.
T  INDICATES TRACE AMOUNT.




$$
