000
CDUS43 KMPX 140023
CLISTC


CLIMATE REPORT
NATIONAL WEATHER SERVICE CHANHASSEN MN
623 PM CST WED DEC 13 2017


...................................

...THE ST CLOUD MN CLIMATE SUMMARY FOR DECEMBER 13 2017...
VALID TODAY AS OF 0600 PM LOCAL TIME.

CLIMATE NORMAL PERIOD 1981 TO 2010
CLIMATE RECORD PERIOD 1893 TO 2017


WEATHER ITEM   OBSERVED TIME   RECORD YEAR NORMAL DEPARTURE LAST
                VALUE   (LST)  VALUE       VALUE  FROM      YEAR
                                                  NORMAL
..................................................................
TEMPERATURE (F)
 TODAY
  MAXIMUM         28    857 AM  52    1913  25      3        9
  MINIMUM         19    541 PM -25    1985   8     11      -12
                                      1917
  AVERAGE         24                        16      8       -1

PRECIPITATION (IN)
  TODAY            0.04          0.35 1992   0.02   0.02     0.00
  MONTH TO DATE    0.18                      0.37  -0.19     0.45
  SINCE DEC 1      0.18                      0.37  -0.19     0.45
  SINCE JAN 1     29.94                     27.28   2.66    32.72

SNOWFALL (IN)
  TODAY            T             4.1  1995   0.3   -0.3      0.0
  MONTH TO DATE    1.1                       4.1   -3.0      5.4
  SINCE DEC 1      1.1                       4.1   -3.0      5.4
  SINCE JUL 1      8.2                      13.3   -5.1     12.7
  SNOW DEPTH       1

DEGREE DAYS
 HEATING
  TODAY           41                        49     -8       66
  MONTH TO DATE  530                       602    -72      607
  SINCE DEC 1    530                       602    -72      607
  SINCE JUL 1   2296                      2527   -231     1981

 COOLING
  TODAY            0                         0      0        0
  MONTH TO DATE    0                         0      0        0
  SINCE DEC 1      0                         0      0        0
  SINCE JAN 1    361                       465   -104      506
..................................................................


WIND (MPH)
  HIGHEST WIND SPEED    28   HIGHEST WIND DIRECTION     N (350)
  HIGHEST GUST SPEED    40   HIGHEST GUST DIRECTION     N (350)
  AVERAGE WIND SPEED    12.0


SKY COVER
  POSSIBLE SUNSHINE  MM
  AVERAGE SKY COVER 0.7


WEATHER CONDITIONS
 THE FOLLOWING WEATHER WAS RECORDED TODAY.
  LIGHT SNOW
  FOG


RELATIVE HUMIDITY (PERCENT)
 HIGHEST    96           200 AM
 LOWEST     81          1000 AM
 AVERAGE    89

..........................................................


THE ST CLOUD MN CLIMATE NORMALS FOR TOMORROW
                         NORMAL    RECORD    YEAR
 MAXIMUM TEMPERATURE (F)   25        53      1998
 MINIMUM TEMPERATURE (F)    7       -32      1901


SUNRISE AND SUNSET
DECEMBER 13 2017......SUNRISE   748 AM CST   SUNSET   433 PM CST
DECEMBER 14 2017......SUNRISE   749 AM CST   SUNSET   433 PM CST


-  INDICATES NEGATIVE NUMBERS.
R  INDICATES RECORD WAS SET OR TIED.
MM INDICATES DATA IS MISSING.
T  INDICATES TRACE AMOUNT.




$$
