000
CDUS43 KMPX 302149
CLISTC


CLIMATE REPORT
NATIONAL WEATHER SERVICE CHANHASSEN MN
449 PM CDT SAT MAY 30 2015


...................................

...THE ST CLOUD MN CLIMATE SUMMARY FOR MAY 30 2015...
VALID AS OF 0400 PM LOCAL TIME.

CLIMATE NORMAL PERIOD 1981 TO 2010
CLIMATE RECORD PERIOD 1893 TO 2015


WEATHER ITEM   OBSERVED TIME   RECORD YEAR NORMAL DEPARTURE LAST
                VALUE   (LST)  VALUE       VALUE  FROM      YEAR
                                                  NORMAL
..................................................................
TEMPERATURE (F)
 TODAY
  MAXIMUM         61    259 PM  99    1934  73    -12       87
  MINIMUM         42    449 AM  34    1947  49     -7       61
                                      1910
  AVERAGE         52                        61     -9       74

PRECIPITATION (IN)
  TODAY            0.00          2.01 1954   0.11  -0.11     0.10
  MONTH TO DATE    6.03                      2.85   3.18     5.06
  SINCE MAR 1      8.08                      6.97   1.11    12.16
  SINCE JAN 1      8.67                      8.21   0.46    14.67

SNOWFALL (IN)
  TODAY            0.0           0.0    MM   0.0    0.0      0.0
  MONTH TO DATE    0.0                       0.0    0.0      0.0
  SINCE MAR 1      4.3                      11.5   -7.2     21.2
  SINCE JUL 1     31.1                      45.7  -14.6     75.5
  SNOW DEPTH       0

DEGREE DAYS
 HEATING
  TODAY           13                         6      7        0
  MONTH TO DATE  292                       282     10      266
  SINCE MAR 1   1844                      2003   -159     2289
  SINCE JUL 1   8102                      8449   -347     9498

 COOLING
  TODAY            0                         1     -1        9
  MONTH TO DATE    5                        22    -17       39
  SINCE MAR 1      5                        24    -19       39
  SINCE JAN 1      5                        24    -19       39
..................................................................


WIND (MPH)
  HIGHEST WIND SPEED    16   HIGHEST WIND DIRECTION     N (360)
  HIGHEST GUST SPEED    23   HIGHEST GUST DIRECTION     N (350)
  AVERAGE WIND SPEED     9.9


SKY COVER
  POSSIBLE SUNSHINE  MM
  AVERAGE SKY COVER 0.1


WEATHER CONDITIONS
 THE FOLLOWING WEATHER WAS RECORDED TODAY.
  NO SIGNIFICANT WEATHER WAS OBSERVED.


RELATIVE HUMIDITY (PERCENT)
 HIGHEST    82           400 AM
 LOWEST     40           200 PM
 AVERAGE    61

..........................................................


THE ST CLOUD MN CLIMATE NORMALS FOR TOMORROW
                         NORMAL    RECORD    YEAR
 MAXIMUM TEMPERATURE (F)   73       105      1934
 MINIMUM TEMPERATURE (F)   49        32      1908


SUNRISE AND SUNSET
MAY 30 2015...........SUNRISE   532 AM CDT   SUNSET   856 PM CDT
MAY 31 2015...........SUNRISE   532 AM CDT   SUNSET   857 PM CDT


-  INDICATES NEGATIVE NUMBERS.
R  INDICATES RECORD WAS SET OR TIED.
MM INDICATES DATA IS MISSING.
T  INDICATES TRACE AMOUNT.




$$
