000
CDUS43 KEAX 290638
CLISTJ


CLIMATE REPORT
NATIONAL WEATHER SERVICE KANSAS CITY/PLEASANT HILL MO
138 AM CDT MON MAY 29 2017


...................................

...THE ST. JOSEPH MO CLIMATE SUMMARY FOR MAY 28 2017...

CLIMATE NORMAL PERIOD 1981 TO 2010
CLIMATE RECORD PERIOD 1892 TO 2017


WEATHER ITEM   OBSERVED TIME   RECORD YEAR NORMAL DEPARTURE LAST
                VALUE   (LST)  VALUE       VALUE  FROM      YEAR
                                                  NORMAL
..................................................................
TEMPERATURE (F)
 YESTERDAY
  MAXIMUM         82    524 PM  94    1998  80      2       77
  MINIMUM         57   1112 PM  37    1947  58     -1       59
  AVERAGE         70                        69      1       68

PRECIPITATION (IN)
  YESTERDAY        0.00          3.42 1962   0.16  -0.16      T
  MONTH TO DATE    3.85                      4.91  -1.06     5.92
  SINCE MAR 1     11.06                     10.95   0.11    13.22
  SINCE JAN 1     12.08                     12.44  -0.36    14.13

DEGREE DAYS
 HEATING
  YESTERDAY        0                         1     -1        0
  MONTH TO DATE  116                       109      7      126
  SINCE MAR 1    963                      1139   -176      901
  SINCE JUL 1   4260                      5447  -1187     4519

 COOLING
  YESTERDAY        5                         5      0        3
  MONTH TO DATE   93                        75     18       42
  SINCE MAR 1    111                        96     15       61
  SINCE JAN 1    111                        96     15       61
..................................................................


WIND (MPH)
  HIGHEST WIND SPEED    21   HIGHEST WIND DIRECTION    NW (330)
  HIGHEST GUST SPEED    26   HIGHEST GUST DIRECTION    NW (330)
  AVERAGE WIND SPEED     8.4


SKY COVER
  POSSIBLE SUNSHINE  MM
  AVERAGE SKY COVER 0.0


WEATHER CONDITIONS
 THE FOLLOWING WEATHER WAS RECORDED YESTERDAY.
  NO SIGNIFICANT WEATHER WAS OBSERVED.


RELATIVE HUMIDITY (PERCENT)
 HIGHEST   100           100 AM
 LOWEST     26           300 PM
 AVERAGE    63

..........................................................


THE ST. JOSEPH MO CLIMATE NORMALS FOR TODAY
                         NORMAL    RECORD    YEAR
 MAXIMUM TEMPERATURE (F)   80        98      1934
 MINIMUM TEMPERATURE (F)   58        35      1947


SUNRISE AND SUNSET
MAY 29 2017...........SUNRISE   555 AM CDT   SUNSET   840 PM CDT
MAY 30 2017...........SUNRISE   554 AM CDT   SUNSET   841 PM CDT


-  INDICATES NEGATIVE NUMBERS.
R  INDICATES RECORD WAS SET OR TIED.
MM INDICATES DATA IS MISSING.
T  INDICATES TRACE AMOUNT.




$$
