000
CDUS43 KEAX 220632
CLISTJ


CLIMATE REPORT
NATIONAL WEATHER SERVICE KANSAS CITY/PLEASANT HILL MO
131 AM CDT FRI SEP 22 2017


...................................

...THE ST. JOSEPH MO CLIMATE SUMMARY FOR SEPTEMBER 21 2017...

CLIMATE NORMAL PERIOD 1981 TO 2010
CLIMATE RECORD PERIOD 1892 TO 2017


WEATHER ITEM   OBSERVED TIME   RECORD YEAR NORMAL DEPARTURE LAST
                VALUE   (LST)  VALUE       VALUE  FROM      YEAR
                                                  NORMAL
..................................................................
TEMPERATURE (F)
 YESTERDAY
  MAXIMUM         93    306 PM  98    1956  77     16       93
  MINIMUM         68    517 AM  31    1999  52     16       74
  AVERAGE         81                        64     17       84

PRECIPITATION (IN)
  YESTERDAY        0.00          2.22 1965   0.11  -0.11     0.00
  MONTH TO DATE    0.30                      2.61  -2.31     7.48
  SINCE SEP 1      0.30                      2.61  -2.31     7.48
  SINCE JAN 1     20.55                     28.91  -8.36    37.60

DEGREE DAYS
 HEATING
  YESTERDAY        0                         3     -3        0
  MONTH TO DATE   14                        32    -18        1
  SINCE SEP 1     14                        32    -18        1
  SINCE JUL 1     20                        37    -17        3

 COOLING
  YESTERDAY       16                         3     13       19
  MONTH TO DATE  128                       100     28      178
  SINCE SEP 1    128                       100     28      178
  SINCE JAN 1   1172                      1177     -5     1450
..................................................................


WIND (MPH)
  HIGHEST WIND SPEED    26   HIGHEST WIND DIRECTION     S (170)
  HIGHEST GUST SPEED    35   HIGHEST GUST DIRECTION     S (180)
  AVERAGE WIND SPEED    11.5


SKY COVER
  POSSIBLE SUNSHINE  MM
  AVERAGE SKY COVER 0.1


WEATHER CONDITIONS
 THE FOLLOWING WEATHER WAS RECORDED YESTERDAY.
  FOG


RELATIVE HUMIDITY (PERCENT)
 HIGHEST   100          1200 AM
 LOWEST     52           100 PM
 AVERAGE    76

..........................................................


THE ST. JOSEPH MO CLIMATE NORMALS FOR TODAY
                         NORMAL    RECORD    YEAR
 MAXIMUM TEMPERATURE (F)   77        99      1937
 MINIMUM TEMPERATURE (F)   51        31      1974


SUNRISE AND SUNSET
SEPTEMBER 22 2017.....SUNRISE   708 AM CDT   SUNSET   716 PM CDT
SEPTEMBER 23 2017.....SUNRISE   708 AM CDT   SUNSET   715 PM CDT


-  INDICATES NEGATIVE NUMBERS.
R  INDICATES RECORD WAS SET OR TIED.
MM INDICATES DATA IS MISSING.
T  INDICATES TRACE AMOUNT.




$$
