000
CDUS43 KEAX 220642
CLISTJ


CLIMATE REPORT
NATIONAL WEATHER SERVICE KANSAS CITY/PLEASANT HILL MO
1242 AM CST THU FEB 22 2018


...................................

...THE ST. JOSEPH MO CLIMATE SUMMARY FOR FEBRUARY 21 2018...

CLIMATE NORMAL PERIOD 1981 TO 2010
CLIMATE RECORD PERIOD 1892 TO 2018


WEATHER ITEM   OBSERVED TIME   RECORD YEAR NORMAL DEPARTURE LAST
                VALUE   (LST)  VALUE       VALUE  FROM      YEAR
                                                  NORMAL
..................................................................
TEMPERATURE (F)
 YESTERDAY
  MAXIMUM         29    345 PM  74    1922  44    -15       70
  MINIMUM         13    618 AM  -1    1918  23    -10       32
  AVERAGE         21                        34    -13       51

PRECIPITATION (IN)
  YESTERDAY        0.01          0.72 1997   0.03  -0.02     0.00
  MONTH TO DATE    0.36                      0.66  -0.30     0.04
  SINCE DEC 1      1.27                      2.74  -1.47     2.11
  SINCE JAN 1      1.13                      1.22  -0.09     1.01

DEGREE DAYS
 HEATING
  YESTERDAY       44                        31     13       14
  MONTH TO DATE  798                       714     84      517
  SINCE DEC 1   2719                      2986   -267     2474
  SINCE JUL 1   3694                      4097   -403     3149

 COOLING
  YESTERDAY        0                         0      0        0
  MONTH TO DATE    0                         0      0        0
  SINCE DEC 1      0                         0      0        0
  SINCE JAN 1      0                         0      0        0
..................................................................


WIND (MPH)
  HIGHEST WIND SPEED    16   HIGHEST WIND DIRECTION     E (70)
  HIGHEST GUST SPEED    21   HIGHEST GUST DIRECTION     N (340)
  AVERAGE WIND SPEED    11.3


SKY COVER
  POSSIBLE SUNSHINE  MM
  AVERAGE SKY COVER 0.3


WEATHER CONDITIONS
 THE FOLLOWING WEATHER WAS RECORDED YESTERDAY.
  NO SIGNIFICANT WEATHER WAS OBSERVED.


RELATIVE HUMIDITY (PERCENT)
 HIGHEST    88           200 AM
 LOWEST     74           100 PM
 AVERAGE    81

..........................................................


THE ST. JOSEPH MO CLIMATE NORMALS FOR TODAY
                         NORMAL    RECORD    YEAR
 MAXIMUM TEMPERATURE (F)   44        77      2017
 MINIMUM TEMPERATURE (F)   23        -7      1978


SUNRISE AND SUNSET
FEBRUARY 22 2018......SUNRISE   703 AM CST   SUNSET   604 PM CST
FEBRUARY 23 2018......SUNRISE   701 AM CST   SUNSET   605 PM CST


-  INDICATES NEGATIVE NUMBERS.
R  INDICATES RECORD WAS SET OR TIED.
MM INDICATES DATA IS MISSING.
T  INDICATES TRACE AMOUNT.




$$
