000
CDUS43 KEAX 030631
CLISTJ


CLIMATE REPORT
NATIONAL WEATHER SERVICE KANSAS CITY/PLEASANT HILL MO
131 AM CDT MON AUG 3 2015


...................................

...THE ST. JOSEPH MO CLIMATE SUMMARY FOR AUGUST 2 2015...

CLIMATE NORMAL PERIOD 1981 TO 2010
CLIMATE RECORD PERIOD 1892 TO 2015


WEATHER ITEM   OBSERVED TIME   RECORD YEAR NORMAL DEPARTURE LAST
                VALUE   (LST)  VALUE       VALUE  FROM      YEAR
                                                  NORMAL
..................................................................
TEMPERATURE (F)
 YESTERDAY
  MAXIMUM         90    334 PM 104    1947  87      3       88
  MINIMUM         70    547 AM  55    2009  67      3       58
                                      1920
  AVERAGE         80                        77      3       73

PRECIPITATION (IN)
  YESTERDAY        0.00          3.02 1948   0.09  -0.09     0.00
                                      2001
  MONTH TO DATE    0.00                      0.19  -0.19     0.04
  SINCE JUN 1     12.69                      9.56   3.13    12.36
  SINCE JAN 1     28.38                     22.51   5.87    20.13

DEGREE DAYS
 HEATING
  YESTERDAY        0                         0      0        0
  MONTH TO DATE    0                         0      0        0
  SINCE JUN 1      1                         9     -8        7
  SINCE JUL 1      0                         1     -1        6

 COOLING
  YESTERDAY       15                        12      3        8
  MONTH TO DATE   30                        24      6       17
  SINCE JUN 1    729                       665     64      555
  SINCE JAN 1    797                       778     19      716
..................................................................


WIND (MPH)
  HIGHEST WIND SPEED    18   HIGHEST WIND DIRECTION     E (70)
  HIGHEST GUST SPEED    24   HIGHEST GUST DIRECTION     E (70)
  AVERAGE WIND SPEED     7.8


SKY COVER
  POSSIBLE SUNSHINE  MM
  AVERAGE SKY COVER 0.0


WEATHER CONDITIONS
 THE FOLLOWING WEATHER WAS RECORDED YESTERDAY.
  FOG


RELATIVE HUMIDITY (PERCENT)
 HIGHEST    93           600 AM
 LOWEST     59           200 PM
 AVERAGE    76

..........................................................


THE ST. JOSEPH MO CLIMATE NORMALS FOR TODAY
                         NORMAL    RECORD    YEAR
 MAXIMUM TEMPERATURE (F)   87       109      1918
 MINIMUM TEMPERATURE (F)   67        53      1975


SUNRISE AND SUNSET
AUGUST  3 2015........SUNRISE   620 AM CDT   SUNSET   831 PM CDT
AUGUST  4 2015........SUNRISE   621 AM CDT   SUNSET   830 PM CDT


-  INDICATES NEGATIVE NUMBERS.
R  INDICATES RECORD WAS SET OR TIED.
MM INDICATES DATA IS MISSING.
T  INDICATES TRACE AMOUNT.




$$
