000
CDUS43 KEAX 210633
CLISTJ


CLIMATE REPORT
NATIONAL WEATHER SERVICE KANSAS CITY/PLEASANT HILL MO
132 AM CDT FRI JUL 21 2017


...................................

...THE ST. JOSEPH MO CLIMATE SUMMARY FOR JULY 20 2017...

CLIMATE NORMAL PERIOD 1981 TO 2010
CLIMATE RECORD PERIOD 1892 TO 2017


WEATHER ITEM   OBSERVED TIME   RECORD YEAR NORMAL DEPARTURE LAST
                VALUE   (LST)  VALUE       VALUE  FROM      YEAR
                                                  NORMAL
..................................................................
TEMPERATURE (F)
 YESTERDAY
  MAXIMUM         95    314 PM 108    1934  87      8       95
  MINIMUM         76    604 AM  50    1971  67      9       76
  AVERAGE         86                        77      9       86

PRECIPITATION (IN)
  YESTERDAY        0.00          3.04 1960   0.17  -0.17     0.00
  MONTH TO DATE    1.55                      3.23  -1.68     8.31
  SINCE JUN 1      4.32                      7.41  -3.09     9.02
  SINCE JAN 1     16.40                     20.36  -3.96    23.15

DEGREE DAYS
 HEATING
  YESTERDAY        0                         0      0        0
  MONTH TO DATE    0                         0      0        2
  SINCE JUN 1      4                         8     -4        2
  SINCE JUL 1      0                         0      0        2

 COOLING
  YESTERDAY       21                        12      9       21
  MONTH TO DATE  280                       238     42      257
  SINCE JUN 1    595                       505     90      684
  SINCE JAN 1    714                       618     96      767
..................................................................


WIND (MPH)
  HIGHEST WIND SPEED    13   HIGHEST WIND DIRECTION     S (200)
  HIGHEST GUST SPEED    21   HIGHEST GUST DIRECTION     S (200)
  AVERAGE WIND SPEED     7.9


SKY COVER
  POSSIBLE SUNSHINE  MM
  AVERAGE SKY COVER 0.0


WEATHER CONDITIONS
 THE FOLLOWING WEATHER WAS RECORDED YESTERDAY.
  NO SIGNIFICANT WEATHER WAS OBSERVED.


RELATIVE HUMIDITY (PERCENT)
 HIGHEST    94           500 AM
 LOWEST     62           500 PM
 AVERAGE    78

..........................................................


THE ST. JOSEPH MO CLIMATE NORMALS FOR TODAY
                         NORMAL    RECORD    YEAR
 MAXIMUM TEMPERATURE (F)   87       106      1934
 MINIMUM TEMPERATURE (F)   67        50      1970


SUNRISE AND SUNSET
JULY 21 2017..........SUNRISE   609 AM CDT   SUNSET   843 PM CDT
JULY 22 2017..........SUNRISE   610 AM CDT   SUNSET   842 PM CDT


-  INDICATES NEGATIVE NUMBERS.
R  INDICATES RECORD WAS SET OR TIED.
MM INDICATES DATA IS MISSING.
T  INDICATES TRACE AMOUNT.




$$
