000
CDUS43 KEAX 240634
CLISTJ


CLIMATE REPORT
NATIONAL WEATHER SERVICE KANSAS CITY/PLEASANT HILL MO
134 AM CDT WED AUG 24 2016


...................................

...THE ST. JOSEPH MO CLIMATE SUMMARY FOR AUGUST 23 2016...

CLIMATE NORMAL PERIOD 1981 TO 2010
CLIMATE RECORD PERIOD 1892 TO 2016


WEATHER ITEM   OBSERVED TIME   RECORD YEAR NORMAL DEPARTURE LAST
                VALUE   (LST)  VALUE       VALUE  FROM      YEAR
                                                  NORMAL
..................................................................
TEMPERATURE (F)
 YESTERDAY
  MAXIMUM         86    455 PM 102    1936  86      0       76
  MINIMUM         65    332 AM  46    1966  63      2       51
  AVERAGE         76                        74      2       64

PRECIPITATION (IN)
  YESTERDAY        T             1.95 1906   0.14  -0.14      T
  MONTH TO DATE    2.19                      2.84  -0.65     0.18
  SINCE JUN 1     11.44                     12.21  -0.77    12.87
  SINCE JAN 1     25.57                     25.16   0.41    28.56

DEGREE DAYS
 HEATING
  YESTERDAY        0                         0      0        1
  MONTH TO DATE    0                         0      0        3
  SINCE JUN 1      2                         9     -7        4
  SINCE JUL 1      2                         1      1        3

 COOLING
  YESTERDAY       11                         9      2        0
  MONTH TO DATE  263                       256      7      218
  SINCE JUN 1   1105                       897    208      917
  SINCE JAN 1   1188                      1010    178      985
..................................................................


WIND (MPH)
  HIGHEST WIND SPEED    24   HIGHEST WIND DIRECTION     S (180)
  HIGHEST GUST SPEED    33   HIGHEST GUST DIRECTION     S (190)
  AVERAGE WIND SPEED    12.4


SKY COVER
  POSSIBLE SUNSHINE  MM
  AVERAGE SKY COVER 0.6


WEATHER CONDITIONS
 THE FOLLOWING WEATHER WAS RECORDED YESTERDAY.
  THUNDERSTORM
  LIGHT RAIN


RELATIVE HUMIDITY (PERCENT)
 HIGHEST    90           700 AM
 LOWEST     61           500 PM
 AVERAGE    76

..........................................................


THE ST. JOSEPH MO CLIMATE NORMALS FOR TODAY
                         NORMAL    RECORD    YEAR
 MAXIMUM TEMPERATURE (F)   86       106      1936
 MINIMUM TEMPERATURE (F)   63        46      2015


SUNRISE AND SUNSET
AUGUST 24 2016........SUNRISE   641 AM CDT   SUNSET   802 PM CDT
AUGUST 25 2016........SUNRISE   642 AM CDT   SUNSET   801 PM CDT


-  INDICATES NEGATIVE NUMBERS.
R  INDICATES RECORD WAS SET OR TIED.
MM INDICATES DATA IS MISSING.
T  INDICATES TRACE AMOUNT.




$$
