000
CDUS43 KLSX 260732
CLISTL


CLIMATE REPORT
NATIONAL WEATHER SERVICE ST LOUIS MO
231 AM CDT WED APR 26 2017


...................................

...THE ST. LOUIS CLIMATE SUMMARY FOR APRIL 25 2017...

CLIMATE NORMAL PERIOD 1981 TO 2010
CLIMATE RECORD PERIOD 1874 TO 2017


WEATHER ITEM   OBSERVED TIME   RECORD YEAR NORMAL DEPARTURE LAST
                VALUE   (LST)  VALUE       VALUE  FROM      YEAR
                                                  NORMAL
..................................................................
TEMPERATURE (F)
 YESTERDAY
  MAXIMUM         82    219 PM  92    1986  71     11       87
  MINIMUM         58    335 AM  32    1934  51      7       64
  AVERAGE         70                        61      9       76

PRECIPITATION (IN)
  YESTERDAY        0.00          1.71 1921   0.13  -0.13     0.00
  MONTH TO DATE    2.86                      3.05  -0.19     1.79
  SINCE MAR 1      7.10                      6.37   0.73     4.08
  SINCE JAN 1      9.39                     11.01  -1.62     5.68

SNOWFALL (IN)
  YESTERDAY        0.0           0.0  2015   0.0    0.0      0.0
  MONTH TO DATE    0.0                       0.4   -0.4      0.0
  SINCE MAR 1      1.8                       2.7   -0.9      0.3
  SINCE JUL 1      3.2                      17.7  -14.5     10.9
  SNOW DEPTH       0

DEGREE DAYS
 HEATING
  YESTERDAY        0                         6     -6        0
  MONTH TO DATE  115                       243   -128      193
  SINCE MAR 1    582                       831   -249      566
  SINCE JUL 1   3315                      4429  -1114     3396

 COOLING
  YESTERDAY        5                         2      3       11
  MONTH TO DATE   67                        32     35       37
  SINCE MAR 1     73                        39     34       45
  SINCE JAN 1     75                        39     36       45
..................................................................


WIND (MPH)
  HIGHEST WIND SPEED    29   HIGHEST WIND DIRECTION    SE (140)
  HIGHEST GUST SPEED    36   HIGHEST GUST DIRECTION    SE (130)
  AVERAGE WIND SPEED    13.5


SKY COVER
  AVERAGE SKY COVER 0.6


WEATHER CONDITIONS
 THE FOLLOWING WEATHER WAS RECORDED YESTERDAY.
  NO SIGNIFICANT WEATHER WAS OBSERVED.


RELATIVE HUMIDITY (PERCENT)
 HIGHEST    67           400 AM
 LOWEST     33           400 PM
 AVERAGE    50

..........................................................


THE ST. LOUIS CLIMATE NORMALS FOR TODAY
                         NORMAL    RECORD    YEAR
 MAXIMUM TEMPERATURE (F)   71        93      1989
 MINIMUM TEMPERATURE (F)   51        30      1976


SUNRISE AND SUNSET
APRIL 26 2017.........SUNRISE   610 AM CDT   SUNSET   749 PM CDT
APRIL 27 2017.........SUNRISE   609 AM CDT   SUNSET   750 PM CDT


-  INDICATES NEGATIVE NUMBERS.
R  INDICATES RECORD WAS SET OR TIED.
MM INDICATES DATA IS MISSING.
T  INDICATES TRACE AMOUNT.




$$
