000
CDUS43 KLSX 240735
CLISTL


CLIMATE REPORT
NATIONAL WEATHER SERVICE ST LOUIS MO
235 AM CDT THU APR 24 2014


...................................

...THE ST. LOUIS CLIMATE SUMMARY FOR APRIL 23 2014...

CLIMATE NORMAL PERIOD 1981 TO 2010
CLIMATE RECORD PERIOD 1874 TO 2014


WEATHER ITEM   OBSERVED TIME   RECORD YEAR NORMAL DEPARTURE LAST
                VALUE   (LST)  VALUE       VALUE  FROM      YEAR
                                                  NORMAL
..................................................................
TEMPERATURE (F)
 YESTERDAY
  MAXIMUM         66    141 PM  91    1960  70     -4       63
  MINIMUM         47    556 AM  28    1910  50     -3       41
  AVERAGE         57                        60     -3       52

PRECIPITATION (IN)
  YESTERDAY        0.00          3.88 1878   0.13  -0.13     0.72
  MONTH TO DATE    6.14                      2.79   3.35     5.24
  SINCE MAR 1      7.69                      6.11   1.58    10.19
  SINCE JAN 1     10.84                     10.75   0.09    16.58

SNOWFALL (IN)
  YESTERDAY        0.0           0.8  1910   0.0    0.0      0.0
  MONTH TO DATE    T                         0.4   -0.4       T
  SINCE MAR 1      1.6                       2.7   -1.1     14.3
  SINCE JUL 1     28.8                      17.7   11.1     27.9
  SNOW DEPTH       0

DEGREE DAYS
 HEATING
  YESTERDAY        8                         7      1       13
  MONTH TO DATE  204                       231    -27      248
  SINCE MAR 1    894                       819     75     1001
  SINCE JUL 1   4931                      4417    514     4318

 COOLING
  YESTERDAY        0                         2     -2        0
  MONTH TO DATE   20                        28     -8       24
  SINCE MAR 1     20                        35    -15       24
  SINCE JAN 1     20                        35    -15       24
..................................................................


WIND (MPH)
  HIGHEST WIND SPEED    18   HIGHEST WIND DIRECTION     E (110)
  HIGHEST GUST SPEED    24   HIGHEST GUST DIRECTION    SE (130)
  AVERAGE WIND SPEED    11.1


SKY COVER
  AVERAGE SKY COVER 0.5


WEATHER CONDITIONS
 THE FOLLOWING WEATHER WAS RECORDED YESTERDAY.
  NO SIGNIFICANT WEATHER WAS OBSERVED.


RELATIVE HUMIDITY (PERCENT)
 HIGHEST    61           500 AM
 LOWEST     31           400 PM
 AVERAGE    46

..........................................................


THE ST. LOUIS CLIMATE NORMALS FOR TODAY
                         NORMAL    RECORD    YEAR
 MAXIMUM TEMPERATURE (F)   70        90      2009
                                             1990
                                             1989
 MINIMUM TEMPERATURE (F)   50        25      1910


SUNRISE AND SUNSET
APRIL 24 2014.........SUNRISE   613 AM CDT   SUNSET   747 PM CDT
APRIL 25 2014.........SUNRISE   611 AM CDT   SUNSET   748 PM CDT


-  INDICATES NEGATIVE NUMBERS.
R  INDICATES RECORD WAS SET OR TIED.
MM INDICATES DATA IS MISSING.
T  INDICATES TRACE AMOUNT.




$$
