000
CDUS43 KLSX 012228
CLISTL


CLIMATE REPORT
NATIONAL WEATHER SERVICE ST LOUIS MO
526 PM CDT WED OCT 1 2014


...................................

...THE ST. LOUIS CLIMATE SUMMARY FOR OCTOBER 1 2014...
VALID TODAY AS OF 0500 PM LOCAL TIME.

CLIMATE NORMAL PERIOD 1981 TO 2010
CLIMATE RECORD PERIOD 1874 TO 2014


WEATHER ITEM   OBSERVED TIME   RECORD YEAR NORMAL DEPARTURE LAST
                VALUE   (LST)  VALUE       VALUE  FROM      YEAR
                                                  NORMAL
..................................................................
TEMPERATURE (F)
 TODAY
  MAXIMUM         88    325 PM  91    1952  74     14       82
  MINIMUM         62    545 AM  36    1985  54      8       65
                                      1939
  AVERAGE         75                        64     11       74

PRECIPITATION (IN)
  TODAY            0.00          2.18 1881   0.10  -0.10     0.00
  MONTH TO DATE    0.00                      0.10  -0.10     0.00
  SINCE SEP 1      4.20                      3.23   0.97     2.74
  SINCE JAN 1     33.17                     30.98   2.19    37.35

SNOWFALL (IN)
  TODAY            0.0           0.0  2013   0.0    0.0      0.0
  MONTH TO DATE    0.0                       0.0    0.0      0.0
  SINCE SEP 1      0.0                       0.0    0.0      0.0
  SINCE JUL 1      0.0                       0.0    0.0      0.0
  SNOW DEPTH       0

DEGREE DAYS
 HEATING
  TODAY            0                         4     -4        0
  MONTH TO DATE    0                         4     -4        0
  SINCE SEP 1     39                        44     -5        3
  SINCE JUL 1     39                        45     -6        3

 COOLING
  TODAY           10                         3      7        9
  MONTH TO DATE   10                         3      7        9
  SINCE SEP 1    203                       205     -2      288
  SINCE JAN 1   1708                      1604    104     1674
..................................................................


WIND (MPH)
  HIGHEST WIND SPEED    20   HIGHEST WIND DIRECTION    SE (130)
  HIGHEST GUST SPEED    24   HIGHEST GUST DIRECTION     S (160)
  AVERAGE WIND SPEED    10.0


SKY COVER
  AVERAGE SKY COVER 0.3



RELATIVE HUMIDITY (PERCENT)
 HIGHEST    90           400 AM
 LOWEST     43           200 PM
 AVERAGE    67

..........................................................


THE ST. LOUIS CLIMATE NORMALS FOR TOMORROW
                         NORMAL    RECORD    YEAR
 MAXIMUM TEMPERATURE (F)   73        94      1953
 MINIMUM TEMPERATURE (F)   54        32      1974


SUNRISE AND SUNSET
OCTOBER  1 2014.......SUNRISE   657 AM CDT   SUNSET   644 PM CDT
OCTOBER  2 2014.......SUNRISE   658 AM CDT   SUNSET   643 PM CDT


-  INDICATES NEGATIVE NUMBERS.
R  INDICATES RECORD WAS SET OR TIED.
MM INDICATES DATA IS MISSING.
T  INDICATES TRACE AMOUNT.




$$
