000
CDUS43 KLSX 310728
CLISTL


CLIMATE REPORT
NATIONAL WEATHER SERVICE ST LOUIS MO
227 AM CDT SUN AUG 31 2014


...................................

...THE ST. LOUIS CLIMATE SUMMARY FOR AUGUST 30 2014...

CLIMATE NORMAL PERIOD 1981 TO 2010
CLIMATE RECORD PERIOD 1874 TO 2014


WEATHER ITEM   OBSERVED TIME   RECORD YEAR NORMAL DEPARTURE LAST
                VALUE   (LST)  VALUE       VALUE  FROM      YEAR
                                                  NORMAL
..................................................................
TEMPERATURE (F)
 YESTERDAY
  MAXIMUM         88    305 PM 102    2013  86      2      102
  MINIMUM         76   1159 PM  50    1934  67      9       79
  AVERAGE         82                        77      5       91

PRECIPITATION (IN)
  YESTERDAY        0.16          1.04 1994   0.09   0.07     0.00
  MONTH TO DATE    5.06                      2.89   2.17     1.01
  SINCE JUN 1     11.91                     11.28   0.63    10.29
  SINCE JAN 1     28.97                     27.65   1.32    34.43

SNOWFALL (IN)
  YESTERDAY        0.0           0.0  2013   0.0    0.0      0.0
  MONTH TO DATE    0.0                       0.0    0.0      0.0
  SINCE JUN 1      0.0                       0.0    0.0      0.0
  SINCE JUL 1      0.0                       0.0    0.0      0.0
  SNOW DEPTH       0

DEGREE DAYS
 HEATING
  YESTERDAY        0                         0      0        0
  MONTH TO DATE    0                         0      0        0
  SINCE JUN 1      0                         5     -5        1
  SINCE JUL 1      0                         0      0        0

 COOLING
  YESTERDAY       17                        12      5       26
  MONTH TO DATE  465                       414     51      406
  SINCE JUN 1   1225                      1215     10     1149
  SINCE JAN 1   1487                      1389     98     1360
..................................................................


WIND (MPH)
  HIGHEST WIND SPEED    18   HIGHEST WIND DIRECTION     S (180)
  HIGHEST GUST SPEED    23   HIGHEST GUST DIRECTION     S (180)
  AVERAGE WIND SPEED     9.3


SKY COVER
  AVERAGE SKY COVER 0.8


WEATHER CONDITIONS
 THE FOLLOWING WEATHER WAS RECORDED YESTERDAY.
  LIGHT RAIN


RELATIVE HUMIDITY (PERCENT)
 HIGHEST    82          1100 PM
 LOWEST     59           200 PM
 AVERAGE    71

..........................................................


THE ST. LOUIS CLIMATE NORMALS FOR TODAY
                         NORMAL    RECORD    YEAR
 MAXIMUM TEMPERATURE (F)   86       103      2013
                                             2011
 MINIMUM TEMPERATURE (F)   67        49      1967


SUNRISE AND SUNSET
AUGUST 31 2014........SUNRISE   630 AM CDT   SUNSET   733 PM CDT
SEPTEMBER  1 2014.....SUNRISE   631 AM CDT   SUNSET   732 PM CDT


-  INDICATES NEGATIVE NUMBERS.
R  INDICATES RECORD WAS SET OR TIED.
MM INDICATES DATA IS MISSING.
T  INDICATES TRACE AMOUNT.




$$
