000
CDUS46 KMTR 210827
CLISTS


CLIMATE REPORT
NATIONAL WEATHER SERVICE SAN FRANCISCO BAY AREA
1226 AM PST FRI NOV 21 2014


...................................

...THE SANTA ROSA AIRPORT CLIMATE SUMMARY FOR NOVEMBER 20 2014...

CLIMATE NORMAL PERIOD 1981 TO 2010
CLIMATE RECORD PERIOD 1998 TO 2014


WEATHER ITEM   OBSERVED TIME   RECORD YEAR NORMAL DEPARTURE LAST
                VALUE   (LST)  VALUE       VALUE  FROM      YEAR
                                                  NORMAL
..................................................................
TEMPERATURE (F)
 YESTERDAY
  MAXIMUM         56    242 PM  74    2005  62     -6       61
  MINIMUM         47    923 PM  32    2000  40      7       51
  AVERAGE         52                        51      1       56

PRECIPITATION (IN)
  YESTERDAY        0.30          1.08 2012   0.17   0.13     0.32
  MONTH TO DATE    0.76                      2.95  -2.19     1.07
  SINCE JUL 1      2.10                      5.42  -3.32     1.60
  SINCE JAN 1     14.67                     27.51 -12.84     8.12

DEGREE DAYS
 HEATING
  YESTERDAY       13                                         9
  MONTH TO DATE  166                                       197
  SINCE SEP 1    248                                       403
  SINCE JUL 1    253                                       440

 COOLING
  YESTERDAY        0                                         0
  MONTH TO DATE    0                                         0
  SINCE SEP 1    150                                        72
  SINCE JAN 1    499                                       415
..................................................................


WIND (MPH)
  RESULTANT WIND SPEED   1   RESULTANT WIND DIRECTION   N (350)
  HIGHEST WIND SPEED    14   HIGHEST WIND DIRECTION    SE (150)
  HIGHEST GUST SPEED    17   HIGHEST GUST DIRECTION    SE (150)
  AVERAGE WIND SPEED     3.1


SKY COVER
  POSSIBLE SUNSHINE  MM
  AVERAGE SKY COVER 1.0


WEATHER CONDITIONS
 THE FOLLOWING WEATHER WAS RECORDED YESTERDAY.
  HEAVY RAIN
  RAIN
  LIGHT RAIN
  FOG
  FOG W/VISIBILITY <= 1/4 MILE


RELATIVE HUMIDITY (PERCENT)
 HIGHEST   100           300 AM
 LOWEST     93          1200 AM
 AVERAGE    97

..........................................................


THE SANTA ROSA AIRPORT CLIMATE NORMALS FOR TODAY
                         NORMAL    RECORD    YEAR
 MAXIMUM TEMPERATURE (F)   62        72      2005
 MINIMUM TEMPERATURE (F)   39        29      2009


SUNRISE AND SUNSET
NOVEMBER 21 2014......SUNRISE   700 AM PST   SUNSET   454 PM PST
NOVEMBER 22 2014......SUNRISE   701 AM PST   SUNSET   454 PM PST


-  INDICATES NEGATIVE NUMBERS.
R  INDICATES RECORD WAS SET OR TIED.
MM INDICATES DATA IS MISSING.
T  INDICATES TRACE AMOUNT.




$$
