000
CDUS46 KMTR 160836
CLISTS


CLIMATE REPORT
NATIONAL WEATHER SERVICE SAN FRANCISCO BAY AREA
135 AM PDT TUE SEP 16 2014


...................................

...THE SANTA ROSA AIRPORT CLIMATE SUMMARY FOR SEPTEMBER 15 2014...

CLIMATE NORMAL PERIOD 1981 TO 2010
CLIMATE RECORD PERIOD 1998 TO 2014


WEATHER ITEM   OBSERVED TIME   RECORD YEAR NORMAL DEPARTURE LAST
                VALUE   (LST)  VALUE       VALUE  FROM      YEAR
                                                  NORMAL
..................................................................
TEMPERATURE (F)
 YESTERDAY
  MAXIMUM         82    126 PM  97    2004  84     -2       81
  MINIMUM         51    303 AM  44    2006  50      1       49
  AVERAGE         67                        67      0       65

PRECIPITATION (IN)
  YESTERDAY        0.00          0.01 2010   0.00   0.00     0.00
  MONTH TO DATE    T                         0.10  -0.10     0.00
  SINCE JUL 1      T                         0.19  -0.19     0.03
  SINCE JAN 1     12.57                     22.28  -9.71     6.55

DEGREE DAYS
 HEATING
  YESTERDAY        0                                         0
  MONTH TO DATE    5                                         1
  SINCE SEP 1      5                                         1
  SINCE JUL 1     10                                        38

 COOLING
  YESTERDAY        2                                         0
  MONTH TO DATE   57                                        53
  SINCE SEP 1     57                                        53
  SINCE JAN 1    406                                       396
..................................................................


WIND (MPH)
  RESULTANT WIND SPEED   3   RESULTANT WIND DIRECTION   S (200)
  HIGHEST WIND SPEED    14   HIGHEST WIND DIRECTION    SW (220)
  HIGHEST GUST SPEED    17   HIGHEST GUST DIRECTION    SW (230)
  AVERAGE WIND SPEED     3.8


SKY COVER
  POSSIBLE SUNSHINE  MM
  AVERAGE SKY COVER 0.3


WEATHER CONDITIONS
 THE FOLLOWING WEATHER WAS RECORDED YESTERDAY.
  FOG
  FOG W/VISIBILITY <= 1/4 MILE


RELATIVE HUMIDITY (PERCENT)
 HIGHEST   100           200 AM
 LOWEST     33           300 PM
 AVERAGE    67

..........................................................


THE SANTA ROSA AIRPORT CLIMATE NORMALS FOR TODAY
                         NORMAL    RECORD    YEAR
 MAXIMUM TEMPERATURE (F)   84        91      2004
 MINIMUM TEMPERATURE (F)   49        41      2006


SUNRISE AND SUNSET
SEPTEMBER 16 2014.....SUNRISE   654 AM PDT   SUNSET   718 PM PDT
SEPTEMBER 17 2014.....SUNRISE   655 AM PDT   SUNSET   716 PM PDT


-  INDICATES NEGATIVE NUMBERS.
R  INDICATES RECORD WAS SET OR TIED.
MM INDICATES DATA IS MISSING.
T  INDICATES TRACE AMOUNT.




$$
