233
CDUS46 KMTR 080840
CLISTS


CLIMATE REPORT
NATIONAL WEATHER SERVICE SAN FRANCISCO BAY AREA
1239 AM PST MON FEB 8 2016


...................................

...THE SANTA ROSA AIRPORT CLIMATE SUMMARY FOR FEBRUARY 7 2016...

CLIMATE NORMAL PERIOD 1981 TO 2010
CLIMATE RECORD PERIOD 1998 TO 2016


WEATHER ITEM   OBSERVED TIME   RECORD YEAR NORMAL DEPARTURE LAST
                VALUE   (LST)  VALUE       VALUE  FROM      YEAR
                                                  NORMAL
..................................................................
TEMPERATURE (F)
 YESTERDAY
  MAXIMUM         73    322 PM  77    2011  59     14       67
  MINIMUM         39    656 AM  33    2008  38      1       54
  AVERAGE         56                        49      7       61

PRECIPITATION (IN)
  YESTERDAY        0.00          1.42 2014   0.20  -0.20     0.04
  MONTH TO DATE    0.03                      1.44  -1.41     2.66
  SINCE OCT 1     19.48                     22.24  -2.76    21.33
  SINCE JAN 1     10.90                      8.49   2.41     2.78

DEGREE DAYS
 HEATING
  YESTERDAY        9                                         4
  MONTH TO DATE  102                                        61
  SINCE DEC 1   1098                                       881
  SINCE JUL 1   1543                                      1239

 COOLING
  YESTERDAY        0                                         0
  MONTH TO DATE    0                                         0
  SINCE DEC 1      0                                         0
  SINCE JAN 1      0                                         0
..................................................................


WIND (MPH)
  RESULTANT WIND SPEED   3   RESULTANT WIND DIRECTION   S (160)
  HIGHEST WIND SPEED    12   HIGHEST WIND DIRECTION     S (160)
  HIGHEST GUST SPEED    14   HIGHEST GUST DIRECTION     E (70)
  AVERAGE WIND SPEED     3.8


SKY COVER
  POSSIBLE SUNSHINE  MM
  AVERAGE SKY COVER 0.1


WEATHER CONDITIONS
 THE FOLLOWING WEATHER WAS RECORDED YESTERDAY.
  FOG


RELATIVE HUMIDITY (PERCENT)
 HIGHEST   100           100 AM
 LOWEST     49           200 PM
 AVERAGE    75

..........................................................


THE SANTA ROSA AIRPORT CLIMATE NORMALS FOR TODAY
                         NORMAL    RECORD    YEAR
 MAXIMUM TEMPERATURE (F)   60        72      2006
 MINIMUM TEMPERATURE (F)   38        28      2003


SUNRISE AND SUNSET
FEBRUARY  8 2016......SUNRISE   710 AM PST   SUNSET   541 PM PST
FEBRUARY  9 2016......SUNRISE   709 AM PST   SUNSET   542 PM PST


-  INDICATES NEGATIVE NUMBERS.
R  INDICATES RECORD WAS SET OR TIED.
MM INDICATES DATA IS MISSING.
T  INDICATES TRACE AMOUNT.




$$
