000
CDUS46 KMTR 230832
CLISTS


CLIMATE REPORT
NATIONAL WEATHER SERVICE SAN FRANCISCO BAY AREA
132 AM PDT SAT JUL 23 2016


...................................

...THE SANTA ROSA AIRPORT CLIMATE SUMMARY FOR JULY 22 2016...

CLIMATE NORMAL PERIOD 1981 TO 2010
CLIMATE RECORD PERIOD 1998 TO 2016


WEATHER ITEM   OBSERVED TIME   RECORD YEAR NORMAL DEPARTURE LAST
                VALUE   (LST)  VALUE       VALUE  FROM      YEAR
                                                  NORMAL
..................................................................
TEMPERATURE (F)
 YESTERDAY
  MAXIMUM         93    453 PM 108    2006  83     10       79
  MINIMUM         47R   432 AM  49    2013  52     -5       56
                                      1999
  AVERAGE         70                        67      3       68

PRECIPITATION (IN)
  YESTERDAY        0.00          0.00 2000   0.00   0.00     0.00
  MONTH TO DATE    0.00                      0.01  -0.01     0.05
  SINCE OCT 1     32.14                     35.85  -3.71    24.56
  SINCE JAN 1     23.56                     22.10   1.46     6.01

DEGREE DAYS
 HEATING
  YESTERDAY        0                                         0
  MONTH TO DATE    7                                         4
  SINCE JUN 1     28                                        23
  SINCE JUL 1      7                                         4

 COOLING
  YESTERDAY        5                                         3
  MONTH TO DATE   52                                        84
  SINCE JUN 1    138                                       170
  SINCE JAN 1    167                                       182
..................................................................


WIND (MPH)
  RESULTANT WIND SPEED   3   RESULTANT WIND DIRECTION   S (160)
  HIGHEST WIND SPEED    13   HIGHEST WIND DIRECTION     S (170)
  HIGHEST GUST SPEED    19   HIGHEST GUST DIRECTION     S (180)
  AVERAGE WIND SPEED     4.2


SKY COVER
  POSSIBLE SUNSHINE  MM
  AVERAGE SKY COVER 0.0


WEATHER CONDITIONS
 THE FOLLOWING WEATHER WAS RECORDED YESTERDAY.
  FOG


RELATIVE HUMIDITY (PERCENT)
 HIGHEST    93           300 AM
 LOWEST     15           500 PM
 AVERAGE    54

..........................................................


THE SANTA ROSA AIRPORT CLIMATE NORMALS FOR TODAY
                         NORMAL    RECORD    YEAR
 MAXIMUM TEMPERATURE (F)   83       107      2006
 MINIMUM TEMPERATURE (F)   52        47      2000


SUNRISE AND SUNSET
JULY 23 2016..........SUNRISE   606 AM PDT   SUNSET   829 PM PDT
JULY 24 2016..........SUNRISE   607 AM PDT   SUNSET   828 PM PDT


-  INDICATES NEGATIVE NUMBERS.
R  INDICATES RECORD WAS SET OR TIED.
MM INDICATES DATA IS MISSING.
T  INDICATES TRACE AMOUNT.




$$
