000
CDUS46 KMTR 030831
CLISTS


CLIMATE REPORT
NATIONAL WEATHER SERVICE SAN FRANCISCO BAY AREA
131 AM PDT TUE MAY 3 2016


...................................

...THE SANTA ROSA AIRPORT CLIMATE SUMMARY FOR MAY 2 2016...

CLIMATE NORMAL PERIOD 1981 TO 2010
CLIMATE RECORD PERIOD 1998 TO 2016


WEATHER ITEM   OBSERVED TIME   RECORD YEAR NORMAL DEPARTURE LAST
                VALUE   (LST)  VALUE       VALUE  FROM      YEAR
                                                  NORMAL
..................................................................
TEMPERATURE (F)
 YESTERDAY
  MAXIMUM         72    111 PM  91    2013  72      0       71
  MINIMUM         49    321 AM  40    2012  44      5       50
                                      2011
                                      2008
  AVERAGE         61                        58      3       61

PRECIPITATION (IN)
  YESTERDAY        0.00          0.39 2003   0.07  -0.07     0.00
  MONTH TO DATE    0.00                      0.13  -0.13     0.00
  SINCE OCT 1     31.65                     34.40  -2.75    24.49
  SINCE JAN 1     23.07                     20.65   2.42     5.94

DEGREE DAYS
 HEATING
  YESTERDAY        4                                         4
  MONTH TO DATE    4                                         4
  SINCE MAR 1    473                                       427
  SINCE JUL 1   2203                                      1883

 COOLING
  YESTERDAY        0                                         0
  MONTH TO DATE    2                                         1
  SINCE MAR 1      4                                        12
  SINCE JAN 1      7                                        12
..................................................................


WIND (MPH)
  RESULTANT WIND SPEED   5   RESULTANT WIND DIRECTION   S (160)
  HIGHEST WIND SPEED    13   HIGHEST WIND DIRECTION     S (190)
  HIGHEST GUST SPEED    16   HIGHEST GUST DIRECTION     S (180)
  AVERAGE WIND SPEED     5.7


SKY COVER
  POSSIBLE SUNSHINE  MM
  AVERAGE SKY COVER 0.4


WEATHER CONDITIONS
 THE FOLLOWING WEATHER WAS RECORDED YESTERDAY.
  HAZE


RELATIVE HUMIDITY (PERCENT)
 HIGHEST    96          1000 PM
 LOWEST     53          1200 PM
 AVERAGE    75

..........................................................


THE SANTA ROSA AIRPORT CLIMATE NORMALS FOR TODAY
                         NORMAL    RECORD    YEAR
 MAXIMUM TEMPERATURE (F)   72        91      2013
 MINIMUM TEMPERATURE (F)   45        37      2008


SUNRISE AND SUNSET
MAY  3 2016...........SUNRISE   611 AM PDT   SUNSET   806 PM PDT
MAY  4 2016...........SUNRISE   610 AM PDT   SUNSET   806 PM PDT


-  INDICATES NEGATIVE NUMBERS.
R  INDICATES RECORD WAS SET OR TIED.
MM INDICATES DATA IS MISSING.
T  INDICATES TRACE AMOUNT.




$$
