000
CDUS41 KBGM 250318
CLISYR


CLIMATE REPORT
NATIONAL WEATHER SERVICE BINGHAMTON NY
1118 PM EDT SUN SEP 24 2017


...................................

...THE SYRACUSE NY CLIMATE SUMMARY FOR SEPTEMBER 24 2017...
VALID AS OF 1000 PM LOCAL TIME.

CLIMATE NORMAL PERIOD 1981 TO 2010
CLIMATE RECORD PERIOD 1902 TO 2017


WEATHER ITEM   OBSERVED TIME   RECORD YEAR NORMAL DEPARTURE LAST
                VALUE   (LST)  VALUE       VALUE  FROM      YEAR
                                                  NORMAL
..................................................................
TEMPERATURE (F)
 TODAY
  MAXIMUM         89    243 PM  90    2010  69     20       64
  MINIMUM         59    625 AM  29    1963  49     10       44
  AVERAGE         74                        59     15       54

PRECIPITATION (IN)
  TODAY            0.00          2.59 2001   0.13  -0.13     0.00
  MONTH TO DATE    1.22                      2.94  -1.72     3.67
  SINCE SEP 1      1.22                      2.94  -1.72     3.67
  SINCE JAN 1     33.74                     27.53   6.21    26.88

SNOWFALL (IN)
  TODAY            0.0           0.0  2002   0.0    0.0      0.0
                                      2000
                                      2001
  MONTH TO DATE    0.0                       0.0    0.0      0.0
  SINCE SEP 1      0.0                       0.0    0.0      0.0
  SINCE JUL 1      0.0                       0.0    0.0      0.0
  SNOW DEPTH       0

DEGREE DAYS
 HEATING
  TODAY            0                         7     -7       11
  MONTH TO DATE   72                        91    -19       38
  SINCE SEP 1     72                        91    -19       38
  SINCE JUL 1    108                       117     -9       39

 COOLING
  TODAY            9                         1      8        0
  MONTH TO DATE   60                        49     11       90
  SINCE SEP 1     60                        49     11       90
  SINCE JAN 1    510                       562    -52      802
..................................................................


WIND (MPH)
  HIGHEST WIND SPEED    12   HIGHEST WIND DIRECTION    NW (320)
  HIGHEST GUST SPEED    15   HIGHEST GUST DIRECTION     W (280)
  AVERAGE WIND SPEED     3.1


SKY COVER
  POSSIBLE SUNSHINE  MM
  AVERAGE SKY COVER 0.1


WEATHER CONDITIONS
 THE FOLLOWING WEATHER WAS RECORDED TODAY.
  FOG


RELATIVE HUMIDITY (PERCENT)
 HIGHEST   100           400 AM
 LOWEST     50           300 PM
 AVERAGE    75

..........................................................


THE SYRACUSE NY CLIMATE NORMALS FOR TOMORROW
                         NORMAL    RECORD    YEAR
 MAXIMUM TEMPERATURE (F)   68        91      2007
 MINIMUM TEMPERATURE (F)   48        32      1963


SUNRISE AND SUNSET
SEPTEMBER 24 2017.....SUNRISE   654 AM EDT   SUNSET   658 PM EDT
SEPTEMBER 25 2017.....SUNRISE   655 AM EDT   SUNSET   656 PM EDT


-  INDICATES NEGATIVE NUMBERS.
R  INDICATES RECORD WAS SET OR TIED.
MM INDICATES DATA IS MISSING.
T  INDICATES TRACE AMOUNT.




$$
