000
CDUS41 KBGM 220540
CLISYR


CLIMATE REPORT
NATIONAL WEATHER SERVICE BINGHAMTON NY
1239 AM EST THU FEB 22 2018


...................................

...THE SYRACUSE NY CLIMATE SUMMARY FOR FEBRUARY 21 2018...

CLIMATE NORMAL PERIOD 1981 TO 2010
CLIMATE RECORD PERIOD 1902 TO 2018


WEATHER ITEM   OBSERVED TIME   RECORD YEAR NORMAL DEPARTURE LAST
                VALUE   (LST)  VALUE       VALUE  FROM      YEAR
                                                  NORMAL
..................................................................
TEMPERATURE (F)
 YESTERDAY
  MAXIMUM         75R  1100 AM  65    1997  35     40       47
                                      1953
  MINIMUM         33   1153 PM -16    2015  19     14       21
  AVERAGE         54                        27     27       34

PRECIPITATION (IN)
  YESTERDAY        0.03          1.49 1951   0.08  -0.05     0.03
  MONTH TO DATE    2.24                      1.51   0.73     2.33
  SINCE DEC 1      7.71                      7.23   0.48     8.60
  SINCE JAN 1      5.37                      4.01   1.36     5.36

SNOWFALL (IN)
  YESTERDAY        0.0           9.7  1993   0.9   -0.9      0.0
  MONTH TO DATE   22.9                      19.4    3.5     32.4
  SINCE DEC 1    101.6                      86.1   15.5     78.0
  SINCE JUL 1    106.8                      96.0   10.8    103.4
  SNOW DEPTH       0

DEGREE DAYS
 HEATING
  YESTERDAY       11                        38    -27       31
  MONTH TO DATE  738                       835    -97      754
  SINCE DEC 1   3297                      3222     75     2947
  SINCE JUL 1   4494                      4571    -77     4141

 COOLING
  YESTERDAY        0                         0      0        0
  MONTH TO DATE    0                         0      0        0
  SINCE DEC 1      0                         0      0        0
  SINCE JAN 1      0                         0      0        0
..................................................................


WIND (MPH)
  HIGHEST WIND SPEED    28   HIGHEST WIND DIRECTION    SW (240)
  HIGHEST GUST SPEED    37   HIGHEST GUST DIRECTION     W (250)
  AVERAGE WIND SPEED    12.4


SKY COVER
  POSSIBLE SUNSHINE  MM
  AVERAGE SKY COVER 0.8


WEATHER CONDITIONS
 THE FOLLOWING WEATHER WAS RECORDED YESTERDAY.
  LIGHT RAIN
  FOG


RELATIVE HUMIDITY (PERCENT)
 HIGHEST   100           100 PM
 LOWEST     53          1100 AM
 AVERAGE    77

..........................................................


THE SYRACUSE NY CLIMATE NORMALS FOR TODAY
                         NORMAL    RECORD    YEAR
 MAXIMUM TEMPERATURE (F)   36        66      1981
 MINIMUM TEMPERATURE (F)   19        -4      1918


SUNRISE AND SUNSET
FEBRUARY 22 2018......SUNRISE   652 AM EST   SUNSET   545 PM EST
FEBRUARY 23 2018......SUNRISE   650 AM EST   SUNSET   546 PM EST


-  INDICATES NEGATIVE NUMBERS.
R  INDICATES RECORD WAS SET OR TIED.
MM INDICATES DATA IS MISSING.
T  INDICATES TRACE AMOUNT.




$$
