000
CDUS41 KBGM 240609
CLISYR


CLIMATE REPORT
NATIONAL WEATHER SERVICE BINGHAMTON NY
208 AM EDT MON APR 24 2017


...................................

...THE SYRACUSE NY CLIMATE SUMMARY FOR APRIL 23 2017...

CLIMATE NORMAL PERIOD 1981 TO 2010
CLIMATE RECORD PERIOD 1902 TO 2017


WEATHER ITEM   OBSERVED TIME   RECORD YEAR NORMAL DEPARTURE LAST
                VALUE   (LST)  VALUE       VALUE  FROM      YEAR
                                                  NORMAL
..................................................................
TEMPERATURE (F)
 YESTERDAY
  MAXIMUM         66    443 PM  88    2001  61      5       54
  MINIMUM         32    529 AM  20    1930  39     -7       34
  AVERAGE         49                        50     -1       44

PRECIPITATION (IN)
  YESTERDAY        0.00          1.32 1907   0.09  -0.09     0.00
  MONTH TO DATE    4.61                      2.48   2.13     1.49
  SINCE MAR 1      8.46                      5.43   3.03     3.94
  SINCE JAN 1     15.04                     10.00   5.04    10.46

SNOWFALL (IN)
  YESTERDAY        0.0           1.5  1993   0.1   -0.1      0.0
  MONTH TO DATE    0.3                       3.5   -3.2      8.1
  SINCE MAR 1     31.2                      21.5    9.7     13.5
  SINCE JUL 1    134.9                     123.4   11.5     80.3
  SNOW DEPTH       0

DEGREE DAYS
 HEATING
  YESTERDAY       16                        15      1       21
  MONTH TO DATE  374                       451    -77      520
  SINCE MAR 1   1446                      1408     38     1295
  SINCE JUL 1   5715                      6239   -524     5394

 COOLING
  YESTERDAY        0                         0      0        0
  MONTH TO DATE    8                         0      8        0
  SINCE MAR 1      8                         0      8        0
  SINCE JAN 1      8                         0      8        0
..................................................................


WIND (MPH)
  HIGHEST WIND SPEED    12   HIGHEST WIND DIRECTION     W (270)
  HIGHEST GUST SPEED    17   HIGHEST GUST DIRECTION     W (260)
  AVERAGE WIND SPEED     3.1


SKY COVER
  POSSIBLE SUNSHINE  MM
  AVERAGE SKY COVER 0.2


WEATHER CONDITIONS
 THE FOLLOWING WEATHER WAS RECORDED YESTERDAY.
  NO SIGNIFICANT WEATHER WAS OBSERVED.


RELATIVE HUMIDITY (PERCENT)
 HIGHEST   100           600 AM
 LOWEST     28           500 PM
 AVERAGE    64

..........................................................


THE SYRACUSE NY CLIMATE NORMALS FOR TODAY
                         NORMAL    RECORD    YEAR
 MAXIMUM TEMPERATURE (F)   61        81      1960
 MINIMUM TEMPERATURE (F)   40        23      1919


SUNRISE AND SUNSET
APRIL 24 2017.........SUNRISE   608 AM EDT   SUNSET   758 PM EDT
APRIL 25 2017.........SUNRISE   606 AM EDT   SUNSET   759 PM EDT


-  INDICATES NEGATIVE NUMBERS.
R  INDICATES RECORD WAS SET OR TIED.
MM INDICATES DATA IS MISSING.
T  INDICATES TRACE AMOUNT.




$$
