000
CDUS41 KBGM 240731
CLISYR


CLIMATE REPORT
NATIONAL WEATHER SERVICE BINGHAMTON NY
331 AM EDT FRI MAR 24 2017


...................................

...THE SYRACUSE NY CLIMATE SUMMARY FOR MARCH 23 2017...

CLIMATE NORMAL PERIOD 1981 TO 2010
CLIMATE RECORD PERIOD 1902 TO 2017


WEATHER ITEM   OBSERVED TIME   RECORD YEAR NORMAL DEPARTURE LAST
                VALUE   (LST)  VALUE       VALUE  FROM      YEAR
                                                  NORMAL
..................................................................
TEMPERATURE (F)
 YESTERDAY
  MAXIMUM         34    451 PM  81    1938  46    -12       49
  MINIMUM         10    619 AM   4    1934  28    -18       34
  AVERAGE         22                        37    -15       42

PRECIPITATION (IN)
  YESTERDAY        0.00          1.42 1903   0.10  -0.10     0.09
  MONTH TO DATE    2.04                      2.13  -0.09     1.97
  SINCE MAR 1      2.04                      2.13  -0.09     1.97
  SINCE JAN 1      8.62                      6.70   1.92     8.49

SNOWFALL (IN)
  YESTERDAY        0.0           7.8  1950   0.5   -0.5      0.0
  MONTH TO DATE   30.7                      15.3   15.4      5.4
  SINCE MAR 1     30.7                      15.3   15.4      5.4
  SINCE JUL 1    134.4                     117.2   17.2     72.2
  SNOW DEPTH       3

DEGREE DAYS
 HEATING
  YESTERDAY       43                        28     15       23
  MONTH TO DATE  866                       746    120      621
  SINCE MAR 1    866                       746    120      621
  SINCE JUL 1   5135                      5577   -442     4720

 COOLING
  YESTERDAY        0                         0      0        0
  MONTH TO DATE    0                         0      0        0
  SINCE MAR 1      0                         0      0        0
  SINCE JAN 1      0                         0      0        0
..................................................................


WIND (MPH)
  HIGHEST WIND SPEED    15   HIGHEST WIND DIRECTION    SW (240)
  HIGHEST GUST SPEED    17   HIGHEST GUST DIRECTION    SW (240)
  AVERAGE WIND SPEED     4.2


SKY COVER
  POSSIBLE SUNSHINE  MM
  AVERAGE SKY COVER 0.3


WEATHER CONDITIONS
 THE FOLLOWING WEATHER WAS RECORDED YESTERDAY.
  NO SIGNIFICANT WEATHER WAS OBSERVED.


RELATIVE HUMIDITY (PERCENT)
 HIGHEST    76           300 AM
 LOWEST     30           600 PM
 AVERAGE    53

..........................................................


THE SYRACUSE NY CLIMATE NORMALS FOR TODAY
                         NORMAL    RECORD    YEAR
 MAXIMUM TEMPERATURE (F)   46        78      1910
 MINIMUM TEMPERATURE (F)   28         6      1906


SUNRISE AND SUNSET
MARCH 24 2017.........SUNRISE   700 AM EDT   SUNSET   722 PM EDT
MARCH 25 2017.........SUNRISE   658 AM EDT   SUNSET   723 PM EDT


-  INDICATES NEGATIVE NUMBERS.
R  INDICATES RECORD WAS SET OR TIED.
MM INDICATES DATA IS MISSING.
T  INDICATES TRACE AMOUNT.




$$
