000
CDUS41 KBGM 280554
CLISYR


CLIMATE REPORT
NATIONAL WEATHER SERVICE BINGHAMTON NY
153 AM EDT THU MAY 28 2015


...................................

...THE SYRACUSE NY CLIMATE SUMMARY FOR MAY 27 2015...

CLIMATE NORMAL PERIOD 1981 TO 2010
CLIMATE RECORD PERIOD 1902 TO 2015


WEATHER ITEM   OBSERVED TIME   RECORD YEAR NORMAL DEPARTURE LAST
                VALUE   (LST)  VALUE       VALUE  FROM      YEAR
                                                  NORMAL
..................................................................
TEMPERATURE (F)
 YESTERDAY
  MAXIMUM         85    343 PM  91    1939  72     13       86
  MINIMUM         71   1156 PM  33    1969  50     21       68
  AVERAGE         78                        61     17       77

PRECIPITATION (IN)
  YESTERDAY        0.00          1.05 1913   0.10  -0.10      T
  MONTH TO DATE    1.92                      2.79  -0.87     3.71
  SINCE MAR 1      6.23                      8.93  -2.70    11.83
  SINCE JAN 1     10.11                     13.50  -3.39    17.38

SNOWFALL (IN)
  YESTERDAY        0.0           0.0  2002   0.0    0.0      0.0
                                      2001
  MONTH TO DATE    0.0                       0.1   -0.1       T
  SINCE MAR 1     12.9                      21.9   -9.0     22.1
  SINCE JUL 1    119.7                     123.8   -4.1    132.0
  SNOW DEPTH       0

DEGREE DAYS
 HEATING
  YESTERDAY        0                         5     -5        0
  MONTH TO DATE  121                       235   -114      177
  SINCE MAR 1   1839                      1739    100     1950
  SINCE JUL 1   7063                      6570    493     7042

 COOLING
  YESTERDAY       13                         1     12       12
  MONTH TO DATE   90                        17     73       55
  SINCE MAR 1     90                        21     69       56
  SINCE JAN 1     90                        21     69       56
..................................................................


WIND (MPH)
  HIGHEST WIND SPEED    23   HIGHEST WIND DIRECTION    SW (230)
  HIGHEST GUST SPEED    30   HIGHEST GUST DIRECTION    SW (230)
  AVERAGE WIND SPEED    12.2


SKY COVER
  POSSIBLE SUNSHINE  MM
  AVERAGE SKY COVER 0.8


WEATHER CONDITIONS
 THE FOLLOWING WEATHER WAS RECORDED YESTERDAY.
  LIGHT RAIN


RELATIVE HUMIDITY (PERCENT)
 HIGHEST    79          1200 AM
 LOWEST     47           300 PM
 AVERAGE    63

..........................................................


THE SYRACUSE NY CLIMATE NORMALS FOR TODAY
                         NORMAL    RECORD    YEAR
 MAXIMUM TEMPERATURE (F)   72        91      2012
                                             1911
 MINIMUM TEMPERATURE (F)   50        35      1983


SUNRISE AND SUNSET
MAY 28 2015...........SUNRISE   530 AM EDT   SUNSET   834 PM EDT
MAY 29 2015...........SUNRISE   530 AM EDT   SUNSET   835 PM EDT


-  INDICATES NEGATIVE NUMBERS.
R  INDICATES RECORD WAS SET OR TIED.
MM INDICATES DATA IS MISSING.
T  INDICATES TRACE AMOUNT.




$$
