000
CDUS41 KBGM 020838
CLISYR


CLIMATE REPORT
NATIONAL WEATHER SERVICE BINGHAMTON NY
338 AM EST MON MAR 2 2015


...................................

...THE SYRACUSE NY CLIMATE SUMMARY FOR MARCH 1 2015...

CLIMATE NORMAL PERIOD 1981 TO 2010
CLIMATE RECORD PERIOD 1902 TO 2015


WEATHER ITEM   OBSERVED TIME   RECORD YEAR NORMAL DEPARTURE LAST
                VALUE   (LST)  VALUE       VALUE  FROM      YEAR
                                                  NORMAL
..................................................................
TEMPERATURE (F)
 YESTERDAY
  MAXIMUM         23    359 PM  63    1954  38    -15       35
  MINIMUM         -7   1247 AM  -8    1980  20    -27        5
  AVERAGE          8                        29    -21       20

PRECIPITATION (IN)
  YESTERDAY        0.10          1.29 1955   0.08   0.02      T
  MONTH TO DATE    0.10                      0.08   0.02      T
  SINCE MAR 1      0.10                      0.08   0.02      T
  SINCE JAN 1      4.20                      4.65  -0.45     5.55

SNOWFALL (IN)
  YESTERDAY        1.8           9.3  1984   0.8    0.0       T
  MONTH TO DATE    1.8                       0.8    0.0       T
  SINCE MAR 1      1.8                       0.8    0.0       T
  SINCE JUL 1    108.5                     102.7    5.8    109.9
  SNOW DEPTH      26

DEGREE DAYS
 HEATING
  YESTERDAY       57                        36     21       45
  MONTH TO DATE   57                        36     21       45
  SINCE MAR 1     57                        36     21       45
  SINCE JUL 1   5281                      4867    414     5137

 COOLING
  YESTERDAY        0                         0      0        0
  MONTH TO DATE    0                         0      0        0
  SINCE MAR 1      0                         0      0        0
  SINCE JAN 1      0                         0      0        0
..................................................................


WIND (MPH)
  HIGHEST WIND SPEED    14   HIGHEST WIND DIRECTION     S (190)
  HIGHEST GUST SPEED    17   HIGHEST GUST DIRECTION     S (190)
  AVERAGE WIND SPEED     5.2


SKY COVER
  POSSIBLE SUNSHINE  MM
  AVERAGE SKY COVER 0.9


WEATHER CONDITIONS
 THE FOLLOWING WEATHER WAS RECORDED YESTERDAY.
  SNOW
  LIGHT SNOW
  FOG


RELATIVE HUMIDITY (PERCENT)
 HIGHEST   100           500 PM
 LOWEST     84          1100 AM
 AVERAGE    92

..........................................................


THE SYRACUSE NY CLIMATE NORMALS FOR TODAY
                         NORMAL    RECORD    YEAR
 MAXIMUM TEMPERATURE (F)   38        69      1991
 MINIMUM TEMPERATURE (F)   21       -15      1980


SUNRISE AND SUNSET
MARCH  2 2015.........SUNRISE   639 AM EST   SUNSET   555 PM EST
MARCH  3 2015.........SUNRISE   638 AM EST   SUNSET   556 PM EST


-  INDICATES NEGATIVE NUMBERS.
R  INDICATES RECORD WAS SET OR TIED.
MM INDICATES DATA IS MISSING.
T  INDICATES TRACE AMOUNT.




$$

HEDEN
