000
CDUS41 KBGM 250717
CLISYR


CLIMATE REPORT
NATIONAL WEATHER SERVICE BINGHAMTON NY
217 AM EST SAT NOV 25 2017


...................................

...THE SYRACUSE NY CLIMATE SUMMARY FOR NOVEMBER 24 2017...

CLIMATE NORMAL PERIOD 1981 TO 2010
CLIMATE RECORD PERIOD 1902 TO 2017


WEATHER ITEM   OBSERVED TIME   RECORD YEAR NORMAL DEPARTURE LAST
                VALUE   (LST)  VALUE       VALUE  FROM      YEAR
                                                  NORMAL
..................................................................
TEMPERATURE (F)
 YESTERDAY
  MAXIMUM         52    336 PM  72    2014  45      7       35
  MINIMUM         36    744 AM   5    1956  30      6       30
  AVERAGE         44                        38      6       33

PRECIPITATION (IN)
  YESTERDAY        0.00          1.14 1912   0.12  -0.12     0.06
  MONTH TO DATE    3.46                      2.83   0.63     2.24
  SINCE SEP 1     10.93                      9.96   0.97    13.63
  SINCE JAN 1     43.45                     34.55   8.90    36.84

SNOWFALL (IN)
  YESTERDAY        0.0           5.1  1970   0.5   -0.5       T
  MONTH TO DATE    5.2                       6.1   -0.9     25.1
  SINCE SEP 1      5.2                       6.5   -1.3     25.3
  SINCE JUL 1      5.2                       6.5   -1.3     25.3
  SNOW DEPTH       0

DEGREE DAYS
 HEATING
  YESTERDAY       21                        27     -6       32
  MONTH TO DATE  643                       559     84      541
  SINCE SEP 1   1001                      1150   -149     1044
  SINCE JUL 1   1037                      1176   -139     1045

 COOLING
  YESTERDAY        0                         0      0        0
  MONTH TO DATE    0                         0      0        0
  SINCE SEP 1    112                        56     56       97
  SINCE JAN 1    562                       569     -7      809
..................................................................


WIND (MPH)
  HIGHEST WIND SPEED    16   HIGHEST WIND DIRECTION     S (180)
  HIGHEST GUST SPEED    20   HIGHEST GUST DIRECTION    SW (210)
  AVERAGE WIND SPEED     8.7


SKY COVER
  POSSIBLE SUNSHINE  MM
  AVERAGE SKY COVER 0.5


WEATHER CONDITIONS
 THE FOLLOWING WEATHER WAS RECORDED YESTERDAY.
  NO SIGNIFICANT WEATHER WAS OBSERVED.


RELATIVE HUMIDITY (PERCENT)
 HIGHEST    59           400 AM
 LOWEST     32           100 PM
 AVERAGE    46

..........................................................


THE SYRACUSE NY CLIMATE NORMALS FOR TODAY
                         NORMAL    RECORD    YEAR
 MAXIMUM TEMPERATURE (F)   44        67      2001
 MINIMUM TEMPERATURE (F)   30         8      1938


SUNRISE AND SUNSET
NOVEMBER 25 2017......SUNRISE   710 AM EST   SUNSET   433 PM EST
NOVEMBER 26 2017......SUNRISE   711 AM EST   SUNSET   432 PM EST


-  INDICATES NEGATIVE NUMBERS.
R  INDICATES RECORD WAS SET OR TIED.
MM INDICATES DATA IS MISSING.
T  INDICATES TRACE AMOUNT.




$$
