000
CDUS41 KBGM 210530
CLISYR


CLIMATE REPORT
NATIONAL WEATHER SERVICE BINGHAMTON NY
130 AM EDT TUE OCT 21 2014


...................................

...THE SYRACUSE NY CLIMATE SUMMARY FOR OCTOBER 20 2014...

CLIMATE NORMAL PERIOD 1981 TO 2010
CLIMATE RECORD PERIOD 1902 TO 2014


WEATHER ITEM   OBSERVED TIME   RECORD YEAR NORMAL DEPARTURE LAST
                VALUE   (LST)  VALUE       VALUE  FROM      YEAR
                                                  NORMAL
..................................................................
TEMPERATURE (F)
 YESTERDAY
  MAXIMUM         56    837 PM  81    1963  58     -2       57
  MINIMUM         37    225 AM  20    1940  40     -3       44
  AVERAGE         47                        49     -2       51

PRECIPITATION (IN)
  YESTERDAY        0.08          1.22 1976   0.11  -0.03      T
  MONTH TO DATE    3.29                      2.23   1.06     2.96
  SINCE SEP 1      4.89                      5.92  -1.03     6.16
  SINCE JAN 1     33.93                     30.51   3.42    32.74

SNOWFALL (IN)
  YESTERDAY        0.0           2.0  1952   0.0    0.0      0.0
  MONTH TO DATE    0.0                       0.1   -0.1      0.0
  SINCE SEP 1      0.0                       0.1   -0.1      0.0
  SINCE JUL 1      0.0                       0.1   -0.1      0.0
  SNOW DEPTH       0

DEGREE DAYS
 HEATING
  YESTERDAY       18                        16      2       14
  MONTH TO DATE  168                       257    -89      129
  SINCE SEP 1    271                       398   -127      301
  SINCE JUL 1    282                       424   -142      307

 COOLING
  YESTERDAY        0                         0      0        0
  MONTH TO DATE   13                         0     13        1
  SINCE SEP 1     88                        52     36       69
  SINCE JAN 1    647                       565     82      712
..................................................................


WIND (MPH)
  HIGHEST WIND SPEED    18   HIGHEST WIND DIRECTION     S (180)
  HIGHEST GUST SPEED    23   HIGHEST GUST DIRECTION     S (180)
  AVERAGE WIND SPEED     6.4


SKY COVER
  POSSIBLE SUNSHINE  MM
  AVERAGE SKY COVER 0.8


WEATHER CONDITIONS
 THE FOLLOWING WEATHER WAS RECORDED YESTERDAY.
  LIGHT RAIN


RELATIVE HUMIDITY (PERCENT)
 HIGHEST    MM           400 AM
 LOWEST     MM          1200 PM
 AVERAGE    MM

..........................................................


THE SYRACUSE NY CLIMATE NORMALS FOR TODAY
                         NORMAL    RECORD    YEAR
 MAXIMUM TEMPERATURE (F)   58        81      1979
 MINIMUM TEMPERATURE (F)   40        24      1983


SUNRISE AND SUNSET
OCTOBER 21 2014.......SUNRISE   725 AM EDT   SUNSET   612 PM EDT
OCTOBER 22 2014.......SUNRISE   727 AM EDT   SUNSET   611 PM EDT


-  INDICATES NEGATIVE NUMBERS.
R  INDICATES RECORD WAS SET OR TIED.
MM INDICATES DATA IS MISSING.
T  INDICATES TRACE AMOUNT.




$$
