000
CDUS45 KPUB 241048
CLITAD


CLIMATE REPORT
NATIONAL WEATHER SERVICE PUEBLO
446 AM MDT SUN SEP 24 2017


...................................

...THE TRINIDAD CO CLIMATE SUMMARY FOR SEPTEMBER 23 2017...

CLIMATE NORMAL PERIOD 1981 TO 2010
CLIMATE RECORD PERIOD 9999 TO 9999


WEATHER ITEM   OBSERVED TIME   NORMAL DEPARTURE LAST
                VALUE   (LST)  VALUE  FROM      YEAR
                                      NORMAL
......................................................
TEMPERATURE (F)
 YESTERDAY
  MAXIMUM         70   1224 AM  77     -7       83
  MINIMUM         53   1159 PM  46      7       50
  AVERAGE         62            61      1       67

PRECIPITATION (IN)
  YESTERDAY        0.78          0.03   0.75      T
  MONTH TO DATE    1.75          1.02   0.73     1.13
  SINCE SEP 1      1.75          1.02   0.73     1.13
  SINCE JAN 1     17.95         11.48   6.47     7.36

DEGREE DAYS
 HEATING
  YESTERDAY        3             5     -2        0
  MONTH TO DATE   15            57    -42       16
  SINCE SEP 1     15            57    -42       16
  SINCE JUL 1     18            67    -49       23

 COOLING
  YESTERDAY        0             1     -1        2
  MONTH TO DATE  111            69     42      127
  SINCE SEP 1    111            69     42      127
  SINCE JAN 1    796           711     85      542
......................................................


WIND (MPH)
  HIGHEST WIND SPEED    30   HIGHEST WIND DIRECTION     S (180)
  HIGHEST GUST SPEED    37   HIGHEST GUST DIRECTION     S (180)
  AVERAGE WIND SPEED    14.4


SKY COVER
  POSSIBLE SUNSHINE  MM
  AVERAGE SKY COVER 0.6


WEATHER CONDITIONS
 THE FOLLOWING WEATHER WAS RECORDED YESTERDAY.
  THUNDERSTORM
  HEAVY RAIN
  RAIN
  LIGHT RAIN
  FOG


RELATIVE HUMIDITY (PERCENT)
 HIGHEST    87           700 AM
 LOWEST     59           300 AM
 AVERAGE    73

..........................................................




SUNRISE AND SUNSET
SEPTEMBER 24 2017.....SUNRISE   647 AM MDT   SUNSET   651 PM MDT
SEPTEMBER 25 2017.....SUNRISE   648 AM MDT   SUNSET   649 PM MDT


-  INDICATES NEGATIVE NUMBERS.
R  INDICATES RECORD WAS SET OR TIED.
MM INDICATES DATA IS MISSING.
T  INDICATES TRACE AMOUNT.




$$
