051
CDUS45 KPUB 291047
CLITAD


CLIMATE REPORT
NATIONAL WEATHER SERVICE PUEBLO
446 AM MDT MON MAY 29 2017


...................................

...THE TRINIDAD CO CLIMATE SUMMARY FOR MAY 28 2017...

CLIMATE NORMAL PERIOD 1981 TO 2010
CLIMATE RECORD PERIOD 9999 TO 9999


WEATHER ITEM   OBSERVED TIME   NORMAL DEPARTURE LAST
                VALUE   (LST)  VALUE  FROM      YEAR
                                      NORMAL
......................................................
TEMPERATURE (F)
 YESTERDAY
  MAXIMUM         69    426 PM  78     -9       72
  MINIMUM         40    443 AM  47     -7       39
  AVERAGE         55            63     -8       56

PRECIPITATION (IN)
  YESTERDAY        0.00          0.06  -0.06     0.05
  MONTH TO DATE    2.33          1.43   0.90     0.55
  SINCE MAR 1      6.65          3.45   3.20     3.82
  SINCE JAN 1      8.21          4.34   3.87     4.23

DEGREE DAYS
 HEATING
  YESTERDAY       10             4      6        9
  MONTH TO DATE  247           194     53      245
  SINCE MAR 1   1133          1362   -229     1369
  SINCE JUL 1   4589          5484   -895     4867

 COOLING
  YESTERDAY        0             2     -2        0
  MONTH TO DATE   12            18     -6       10
  SINCE MAR 1     15            20     -5       11
  SINCE JAN 1     15            20     -5       11
......................................................


WIND (MPH)
  HIGHEST WIND SPEED    13   HIGHEST WIND DIRECTION     N (10)
  HIGHEST GUST SPEED    19   HIGHEST GUST DIRECTION    SW (240)
  AVERAGE WIND SPEED     7.0


SKY COVER
  POSSIBLE SUNSHINE  MM
  AVERAGE SKY COVER 0.0


WEATHER CONDITIONS
 THE FOLLOWING WEATHER WAS RECORDED YESTERDAY.
  NO SIGNIFICANT WEATHER WAS OBSERVED.


RELATIVE HUMIDITY (PERCENT)
 HIGHEST    89          1200 AM
 LOWEST     21           400 PM
 AVERAGE    55

..........................................................




SUNRISE AND SUNSET
MAY 29 2017...........SUNRISE   540 AM MDT   SUNSET   810 PM MDT
MAY 30 2017...........SUNRISE   539 AM MDT   SUNSET   811 PM MDT


-  INDICATES NEGATIVE NUMBERS.
R  INDICATES RECORD WAS SET OR TIED.
MM INDICATES DATA IS MISSING.
T  INDICATES TRACE AMOUNT.




$$
