000
CDUS45 KPUB 211136
CLITAD


CLIMATE REPORT
NATIONAL WEATHER SERVICE PUEBLO
435 AM MST WED FEB 21 2018


...................................

...THE TRINIDAD CO CLIMATE SUMMARY FOR FEBRUARY 20 2018...

CLIMATE NORMAL PERIOD 1981 TO 2010
CLIMATE RECORD PERIOD 9999 TO 9999


WEATHER ITEM   OBSERVED TIME   NORMAL DEPARTURE LAST
                VALUE   (LST)  VALUE  FROM      YEAR
                                      NORMAL
......................................................
TEMPERATURE (F)
 YESTERDAY
  MAXIMUM         31    405 PM  51    -20       63
  MINIMUM          8    618 AM  21    -13       31
  AVERAGE         20            36    -16       47

PRECIPITATION (IN)
  YESTERDAY        T             0.01  -0.01     0.00
  MONTH TO DATE    0.29          0.32  -0.03     0.06
  SINCE DEC 1      0.43          1.26  -0.83     1.86
  SINCE JAN 1      0.42          0.72  -0.30     1.56

DEGREE DAYS
 HEATING
  YESTERDAY       45            29     16       18
  MONTH TO DATE  534           618    -84      389
  SINCE DEC 1   2304          2667   -363     2483
  SINCE JUL 1   3271          3900   -629     3249

 COOLING
  YESTERDAY        0             0      0        0
  MONTH TO DATE    0             0      0        0
  SINCE DEC 1      0             0      0        0
  SINCE JAN 1      0             0      0        0
......................................................


WIND (MPH)
  HIGHEST WIND SPEED    15   HIGHEST WIND DIRECTION    NE (50)
  HIGHEST GUST SPEED    19   HIGHEST GUST DIRECTION    NE (50)
  AVERAGE WIND SPEED     6.9


SKY COVER
  POSSIBLE SUNSHINE  MM
  AVERAGE SKY COVER 0.6


WEATHER CONDITIONS
 THE FOLLOWING WEATHER WAS RECORDED YESTERDAY.
  LIGHT SNOW
  FOG


RELATIVE HUMIDITY (PERCENT)
 HIGHEST    92           400 AM
 LOWEST     49           400 PM
 AVERAGE    71

..........................................................




SUNRISE AND SUNSET
FEBRUARY 21 2018......SUNRISE   639 AM MST   SUNSET   543 PM MST
FEBRUARY 22 2018......SUNRISE   638 AM MST   SUNSET   544 PM MST


-  INDICATES NEGATIVE NUMBERS.
R  INDICATES RECORD WAS SET OR TIED.
MM INDICATES DATA IS MISSING.
T  INDICATES TRACE AMOUNT.




$$
